{"text_format":"2","workbook":"xlsx","n_sheets":8,"sheets":["READ ME","Input","Output","Translation Sheet","Cashflow Calculation","Loan Repayment Solar","Loan Repayment Grid","Loan Repayment Diesel"],"not_rendered":{"charts":8,"images":6,"macros":0,"external_links":0,"defined_names":200,"comments":0,"pivot_tables":0},"unopened":[],"bounds":{"document_bytes":16777216,"sheet_cells":100000,"run_cost":"one","rows_first":2000,"rows_last":500,"rows_between":2000,"halvings":0,"cell_chars":16384,"cell_head_chars":4096},"cells_cut":0,"cells_raw":0,"read":"whole","date_system":"1900"}

{"sheet":"READ ME","index":0,"n_rows":94,"n_cols":7,"rows_kept":94,"cut":false,"hidden":false,"merged":[[10,3,10,9],[15,3,15,9],[17,3,17,9],[85,3,91,9],[93,3,93,5],[18,3,22,9],[39,6,41,9],[39,3,41,5],[51,3,51,4],[51,5,51,9],[52,3,54,4],[52,5,53,9],[54,5,54,7],[55,3,55,4],[55,5,55,7],[42,3,43,5],[23,3,23,9],[70,3,83,9],[50,3,50,4],[50,5,50,7],[57,3,68,9],[46,3,46,9],[47,3,47,4],[47,5,47,6],[42,6,43,9],[48,3,49,4],[48,5,49,9],[36,3,36,9],[25,3,25,9]]}
{"$rows_empty":10}
[null,null,null,"Lisez-moi"]
[]
[]
[]
[]
[null,null,null,"INVESTIR– Outil de calcul de reboursement"]
[]
[null,null,null,"Introduction"]
[null,null,null,"Cet outil permet de réaliser une analyse concurrentielle entre les recettes et trois options de pompage différentes pour l’irrigation. Les informations à obtenir pour utiliser cet outil comprennent les coûts d’investissement et d’exploitation des différents systèmes de pompage, les prévisions de recettes de la production agricole et les conditions économiques de base (taux d’inflation, etc.). Il existe un autre outil similaire à l’adresse suivante :"]
[]
[]
[]
[]
[null,null,null,"http://www.fao.org/energy/agrifood-chains/power-irrigation-tool/en/ "]
[]
[null,null,null,"Conseils et astuces"]
{"$rows_empty":10}
[null,null,null,"Aperçu"]
[null,null,null,"Cet outil est composé des feuilles suivantes :"]
[]
[null,null,null,"1. Input",null,null,"pour saisir les recettes et dépenses prévues pour les technologies d’irrigation et de pompage"]
[]
[]
[null,null,null,"2. Output",null,null,"pour analyser les résultats automatiquement générés à partir de la feuille de saisie"]
[]
[]
[]
[null,null,null,"En savoir plus"]
[null,null,null,"Publié par : ",null,"GIZ et FAO"]
[null,null,null,"Responsables :",null,"Projet de la GIZ ‘Énergie durable pour l’alimentation – Propulser l’agriculture’ (Sustainable Energy for Food – Powering Agriculture)"]
[]
[null,null,null,"Contact : ",null,"Powering.Agriculture@giz.de"]
[null,null,null,"Lien de téléchargement : ",null,"https://energypedia.info/wiki/Toolbox_on_SPIS"]
[null,null,null,"À propos de : ",null,"Propulser l’agriculture : un grand défi énergétique pour le développement. Disponible à l’adresse :  "]
[]
[{"$nulls":5},"https://poweringag.org"]
[null,null,null,"Version:",null," 1.5 (Novembre 2018)"]
[]
[null,null,null,"La boîte à outils pour les systèmes d’irrigation à énergie solaire (Solar Powered Irrigation Systems, SPIS)  est rendue possible grâce à l’initiative mondiale « Propulser l’agriculture : un grand défi énergétique pour le développement » (Powering Agriculture: An Energy Grand Challenge for Development – PAEGC). En 2012, l’Agence des États-Unis pour le développement international (USAID), l’Agence suédoise de coopération internationale au développement (SIDA), le ministère fédéral allemand de la Coopération économique et du Développement (BMZ), Duke Energy et l’Overseas Private Investment Cooperation (OPIC) ont mis leurs ressources en commun pour créer l’initiative PAEGC. Cette initiative a pour objectif d’appuyer de nouvelles approches durables afin d’accélérer le développement et le déploiement de solutions énergétiques propres visant à accroître la productivité et/ou la valeur agricole pour les agriculteurs et les agroindustries dans les pays en développement et dans les régions émergentes qui n’ont pas accès à une énergie propre, fiable et abordable."]
{"$rows_empty":12}
[null,null,null,"Les appellations employées dans ce produit d’information et la présentation des documents qui y figurent n’impliquent de la part de la Deutsche Gesellschaft für Internationale Zusammenarbeit (GIZ) GmbH, de l’Organisation des Nations unies pour l’alimentation et l’agriculture (FAO) ou de l’un des partenaires fondateurs de l’initiative PAEGC aucune prise de position quant au statut juridique ou au stade de développement des pays, territoires, villes ou zones ou de leurs autorités, ni quant au tracé de leurs frontières ou limites. La mention de sociétés déterminées ou de produits de fabricants, qu’ils soient ou non brevetés, n’entraîne de la part de la GIZ, de la FAO ou de l’un des partenaires fondateurs du PAEGC aucune approbation ou recommandation desdits produits de préférence à d’autres de nature analogue qui ne sont pas cités. Les opinions exprimées dans ce produit d’information sont celles de l’auteur et ne reflètent pas nécessairement celles de la GIZ, de la FAO, ou de l’un des partenaires fondateurs du PAEGC."]
{"$rows_empty":14}
[null,null,null,"La GIZ, la FAO et les partenaires fondateurs du PAEGC encouragent l’utilisation, la reproduction et la diffusion des informations contenues dans ce document. Sauf indication contraire, ces dernières peuvent être copiées, téléchargées et imprimées à des fins privées d’étude, de recherche et d’enseignement, ou pour être utilisées dans des produits ou services non commerciaux, à condition que la GIZ et la FAO soient clairement indiquées en tant que sources des informations et détentrices du droit d’auteur."]
{"$rows_empty":7}
[null,null,null,"© GIZ and FAO, 2017"]

{"sheet":"Input","index":1,"n_rows":119,"n_cols":11,"rows_kept":119,"cut":false,"hidden":false,"merged":[[99,9,101,10],[91,3,91,7],[59,3,59,7],[29,3,29,7],[118,4,118,5],[87,4,87,5],[19,6,20,10],[0,1,0,8],[96,1,97,1],[95,8,95,10],[17,5,18,10],[15,5,16,10],[11,5,12,10],[9,5,10,10],[23,6,24,10],[21,6,22,10],[5,1,5,10],[36,1,37,1],[65,1,66,1],[55,4,55,5],[63,8,63,10],[67,8,68,10]]}
[null,"INVESTIR– Outil de calcul de reboursement"]
[]
[null,"La feuille INPUT est destinée à la saisie des valeurs qui serviront ensuite à calculer les résultats présentés sur la feuille RÉSULTATS."]
[null,null," "]
[]
[null,"Hypothèses de base"]
[]
[null,"Monnaie utilisée pour les calculs :",null,null,"€","Entrer n’importe quelle monnaie"]
[]
[null,"Inflation",null,null,null,"taux national annuel de dévaluation de l’argent (extrait des statistiques nationales)"]
[]
[null,"Taux d’actualisation",null,null,null,"taux annuel utilisé pour déterminer la valeur actuelle de flux de trésorerie futurs (Conseil: le taux d'actualisation simplifié est souvent égal au taux d'intérêt acquis sur l'épargne bancaire ou les bons du Trésor)"]
[]
[null,"Hausse annuelle de la marge d’exploitation",null,null,null,"taux utilisé par l’agriculteur pour augmenter ses prix chaque année (calculé selon sa propre comptabilité)"]
[]
[null,"Hausse annuelle du prix du carburant",null,null,null,"taux auquel le carburant (diésel, essence ou GPL) augmentera chaque année (fourni par le régulateur national ou les statistiques énergétiques nationales)"]
[]
[null,"Hausse annuelle du prix de l’électricité",null,null,null,"taux auquel le prix de l’électricité fournie par le réseau augmentera chaque année (fourni par l'organe national de règlement de l'électricité ou le service public d'électricité)"]
[]
[null,"Redevance sur l'eau (supplément pour les droits d'utilisation de l'eau)",null,null,null,{"$f":"E8 & \" per m³\"","v":"€ per m³"},"le prix de l'eau par m3 déterminé par le gouvernement et les autorités locales pour l'utilisation des ressources en eau partagées avec leurs propres systèmes de pompage"]
[]
[null,"Quantité totale maximum d'eau pompée par jour",null,null,null,"m³ par jour","(calculé dans PRÉSERVER L'EAU - Outil de gestion des besoins en eau ou communiqué par le fournisseur de la pompe)"]
[]
[null,"Revenu : Bénéfice brut par an",null,null,null,{"$f":"E8 &\" per year\"","v":"€ per year"},"(calculé dans FINANCER - Outil d'analyse de l'exploitation agricole ou à partir de sa propre comptabilité)"]
[]
[null,"Proportion du bénéfice à investir",null,null,null,"du bénéfice mis à disposition pour l'investissement dans le système de pompage de l'eau"]
[]
[]
[]
[null,"Hypotheses de couts pour: ",null,"\nSystème d'irrigation à énergie solaire"]
[]
[]
[{"$nulls":4},{"$f":"\"Prix en \"& E8","v":"Prix en €"},null,"Durée de vie des composants"]
[null,null,"Panneaux solaires",{"$nulls":4},"années"]
[null,null,"structure portante",{"$nulls":4},"années"]
[null,null,"Unité de contrôle",{"$nulls":4},"années"]
[null,"Coûts d’investissement initiaux","Pompe",{"$nulls":4},"années"]
[null,null,"Câbles/canalisations",{"$nulls":4},"années"]
[null,null,"Réservoir d'eau",null,null,{"$f":"IF($E$8=\"\",\"\",$E$8)","v":"€"},null,"années"]
[null,null,"Système d'irrigation",null,null,"€",null,"années"]
[null,null,"Forage",null,null,"€","Dépendance de haute qualité!"]
[null,null,"Installation",null,null,"€"]
[null,null,"D'autres coûts",null,null,"€","Subvention"]
[null,null,"Total des coûts",null,{"$f":"SUM(E34:E43)-J44","v":0},"€","Montant de la subvention sur  capital",null,null,null,{"$f":"E8","v":"€"}]
[]
[]
[null,"Les coûts de fonctionnement","Frais de maintenance par an:"]
[null,null,"Coûts d’exploitation par an :",null,null,{"$f":"IF($E$8=\"\",\"\",$E$8)","v":"€"}]
[]
[null,null,"Total des coûts par an :",null,{"$f":"SUM(E46:E48)","v":0},{"$f":"IF($E$8=\"\",\"\",$E$8)","v":"€"}]
[]
[]
[null,null,"Montant du prêt",null,null,{"$f":"IF($E$8=\"\",\"\",$E$8)","v":"€"}]
[null,"Prêt","Taux d'intérêt"]
[null,null,"Durée d'investissement",null,null,"ans"]
[null,null,"Nom de la banque"]
[]
[]
[]
[null,"Hypotheses de couts pour: ",null,"Système d'irrigation alimenté par le réseau électrique"]
[]
[{"$nulls":9},"CO2 - Emissions par an:"]
[{"$nulls":4},{"$f":"\"Prix en \"& E8","v":"Prix en €"},null,"Durée de vie des composants",null,null,{"$f":"J66*J83","v":0},"kg/an"]
[null,null,"Onduleur (si pompe CC)",{"$nulls":4},"années","facteur d'émission:"]
[null,null,"Unité de commande",{"$nulls":4},"années","Ajouter le facteur d'émissions du réseau électrique"]
[null,"Coûts d’investissement initiaux","Pompe",{"$nulls":4},"années",null,null,"kgCO2/kWh"]
[null,null,"Câbles/canalisations",{"$nulls":4},"années","Facteur d'émissions du réseau électrique pour les pays:"]
[null,null,"reservoir  d’eau",null,null,{"$f":"IF($E$8=\"\",\"\",$E$8)","v":"€"},null,"années","https://ecometrica.com/assets/Electricity-specific-emission-factors-for-grid-electricity.pdf"]
[null,null,"Système d’irrigation",null,null,"€",null,"années"]
[null,null,"Forage",null,null,"€","Dépendance de haute qualité!"]
[null,null,"Installation",null,null,"€"]
[null,null,"Autres coûts",null,null,"€","Subvention"]
[null,null,"Total des coûts",null,{"$f":"SUM(E64:E72)-J73","v":0},"€","Montant de la subvention sur  capital",null,null,null,{"$f":"E8","v":"€"}]
[]
[]
[{"$nulls":6},"Hypothèses coûts de raccordement de l'électricité"]
[null,null,"Couts de l'électricité par an:",null,{"$f":"J86","v":0},{"$f":"IF($E$8=\"\",\"\",$E$8)","v":"€"}]
[null,"Les coûts de fonctionnement","Frais de maintenance par an:",null,null,{"$f":"IF($E$8=\"\",\"\",$E$8)","v":"€"}," puissance appelée par la pompe:",null,null,0.75,"kW"]
[null,null,"Coûts d’exploitation par an :",null,null,{"$f":"IF($E$8=\"\",\"\",$E$8)","v":"€"},"Besoins quotidiens en eau:",null,null,{"$f":"E22","v":0},"m³/jour"]
[{"$nulls":6},"Débit volumique m³ / heure:",null,null,6,"m³/heure"]
[null,null,"Cout total par an:",null,{"$f":"SUM(E77:E79)","v":0},{"$f":"IF($E$8=\"\",\"\",$E$8)","v":"€"},"kWh nécessaires par jour:",null,null,{"$f":"(J79/J80)*J78","v":0},"kWh"]
[{"$nulls":6},"Jours d'irrigation annuels:",null,null,200,"days/ans"]
[{"$nulls":6},"kWh nécessaires par an:",null,null,{"$f":"J82*J81","v":0},"kWh"]
[{"$nulls":6},"Coût kWh:",null,null,20.73,{"$f":"IF($E$8=\"\",\"\",$E$8) & \"/kWh\"","v":"€/kWh"}]
[null,null,"Montant du prêt",null,null,{"$f":"IF($E$8=\"\",\"\",$E$8)","v":"€"},"Frais d'abonnement mensuels ",null,null,null,{"$f":"IF($E$8=\"\",\"\",$E$8) & \"/month\"","v":"€/month"}]
[null,"Prêt","Taux d'intérêt",null,null,null,"Coût de l'électricité par an:",null,null,{"$f":"(J84*J83)+(J85*12)","v":0},{"$f":"E8","v":"€"}]
[null,null,"Durée d'investissement",null,null,"ans"]
[null,null,"Nom de la banque"]
[]
[]
[]
[null,"Hypotheses de couts pour: ",null,"Système d'irrigation à generateur diesel"]
[]
[{"$nulls":9},"CO2 - Emissions par an:"]
[{"$nulls":4},{"$f":"\"Prix en \"& E8","v":"Prix en €"},null,"Durée de vie des composants",null,"Diesel",{"$f":"VLOOKUP(I95,I97:J99,2,FALSE)*J115","v":0},"kg/year"]
[null,null,"Génératrice",null,null,{"$f":"IF($E$8=\"\",\"\",$E$8)","v":"€"},null,"années","Facteur d'émission"]
[null,"Coûts d’investissement initiaux","Pompe",null,null,"€",null,"années","Diesel",2.6869999999999998,"kg de CO2/litre"]
[null,null,"Câbles/canalisations",null,null,"€",null,"années","Essence",2.31,"kg de CO2/litre"]
[null,null,"Reservoir d’eau",null,null,"€",null,"années","GPL",1.52,"kg de CO2/litre"]
[null,null,"Système d’irrigation",null,null,"€",null,"années","Source:","https://www.gov.uk/government/publications/greenhouse-gas-reporting-conversion-factors-2018"]
[null,null,"Forage",null,null,"€","Dépendance de haute qualité!"]
[null,null,"Installation",null,null,"€"]
[null,null,"Autres coûts",null,null,"€"]
[null,null,"Total des coûts",null,{"$f":"SUM(E94:E103)","v":0},"€","Subvention"]
[{"$nulls":6},"Montant de la subvention sur  capital",null,null,null,{"$f":"E8","v":"€"}]
[]
[]
[null,null,"Cout du carburant par an:",null,{"$f":"J117","v":0},{"$f":"IF($E$8=\"\",\"\",$E$8)","v":"€"},"Hypothèses coûts du carburant"]
[null,"Les coûts de fonctionnement","Frais de maintenance par an:",null,null,{"$f":"IF($E$8=\"\",\"\",$E$8)","v":"€"}]
[null,null,"Coûts d’exploitation par an :",null,null,{"$f":"IF($E$8=\"\",\"\",$E$8)","v":"€"},"Besoin en carburant du génerateur:",null,null,1,"l/heure"]
[{"$nulls":6},"Besoins quotidiens en eau:",null,null,{"$f":"E22","v":0},"m³/jour"]
[null,null,"Cout total par an:",null,{"$f":"SUM(E108:E110)","v":0},{"$f":"IF($E$8=\"\",\"\",$E$8)","v":"€"},"Débit volumique m³ / heure:",null,null,6,"m³/heure"]
[{"$nulls":6},"Carburant nécessaire par jour:",null,null,{"$f":"(J111/J112)*J110","v":0},"l/jour"]
[{"$nulls":6},"Jours d'irrigation annuels:",null,null,200,"jours/an"]
[{"$nulls":6},"Carburant nécessaire par an:",null,null,{"$f":"J114*J113","v":0},"l/an"]
[null,null,"Montant du prêt",null,null,{"$f":"IF($E$8=\"\",\"\",$E$8)","v":"€"},"Coût Carburant",null,null,79,{"$f":"IF($E$8=\"\",\"\",$E$8) & \"/l\"","v":"€/l"}]
[null,"Prêt","Taux d'intérêt",null,null,null,"Coût du carburant par an:",null,null,{"$f":"J116*J115","v":0},{"$f":"IF($E$8=\"\",\"\",$E$8)","v":"€"}]
[null,null,"Durée d'investissement",null,null,"ans"]
[null,null,"Nom de la banque"]

{"sheet":"Output","index":2,"n_rows":35,"n_cols":18,"rows_kept":35,"cut":false,"hidden":false,"merged":[[0,6,0,13],[12,7,14,14],[5,7,5,14],[4,1,4,5],[19,7,19,11],[19,13,19,17],[19,1,19,5],[6,7,8,14],[9,7,11,14]]}
[{"$nulls":6},"INVESTIR– Outil de calcul de reboursement"]
[]
[{"$nulls":6},"This OUTPUT sheet summarises the results as per the entries in the afore completed INPUT sheet.","La feuille RÉSULTATS résume les résultats tirés des valeurs saiSPIS dans la feuille précédente."]
[]
[null,"Hypothèses de base"]
[null,"Total des besoins en eau par jour",null,null,{"$f":"Input!E22 & \" m³ per day\"","v":" m³ per day"},null,null,"Note:"]
[{"$nulls":7},"Si \"non réalisable\" est affiché pour le taux de rendement interne (IRR), sa valeur est inférieure à 0%."]
[null,"Total des recettes par an",null,null,{"$f":"TEXT(Input!E24,\"#.##0\") &\" \" & Input!E8","v":"0 €"}]
[]
[null,"Montant total de l’investissement par année",null,null,{"$f":"TEXT(Input!E24,\"#.##0\")*Input!E26 &\" \" & Input!E8","v":"0 €"},null,null,"Si une valeur actuelle nette (VAN) négative (-) est affichée, alors l'investissement n'est pas réalisable."]
[]
[null,"Inflation",null,null,{"$f":"Input!E10","v":0}]
[{"$nulls":7},"Si \"pas de retour\" est affiché pour les années de restitution, les dépenses en capital et / ou d'exploitation du système dépassent les revenus sur les 25 ans"]
[null,"Taux d’actualisation",null,null,{"$f":"Input!E12","v":0}]
[]
[null,"Hausse annuelle de la marge de benefice",null,null,{"$f":"Input!E14","v":0}]
[]
[null,"Hausse annuelle du prix du carburant",null,null,{"$f":"Input!E16","v":0}]
[]
[null,{"$f":"\"Analysis for \" &Input!D30","v":"Analysis for \nSystème d'irrigation à énergie solaire"},{"$nulls":5},{"$f":"\"Analysis for \" &Input!D60","v":"Analysis for Système d'irrigation alimenté par le réseau électrique"},{"$nulls":5},{"$f":"\"Analysis for \" &Input!D92","v":"Analysis for Système d'irrigation à generateur diesel"}]
[null,"Taux de rendement interne (IRR sur 25 ans)",null,null,{"$f":"IFERROR('Cashflow Calculation'!C52,\"not feasible\")","v":"not feasible"},null,null,"Taux de rendement interne (IRR 25 ans)",null,null,{"$f":"IFERROR('Cashflow Calculation'!C90,\"not feasible\")","v":"not feasible"},null,null,"Taux de rendement interne (IRR 25ans)",null,null,{"$f":"IFERROR('Cashflow Calculation'!C156,\"not feasible\")","v":"not feasible"}]
[]
[null,"Valeur actuelle nette (VAN) sur 25ans",null,null,{"$f":"TEXT('Cashflow Calculation'!C51,\"#.##0\") & \" \" &Input!E8","v":"0 €"},null,null,"Valeur actuelle nette (VAN)",null,null,{"$f":"TEXT('Cashflow Calculation'!C89,\"#.##0\") &\" \" &Input!E8","v":"0 €"},null,null,"Valeur actuelle nette (VAN)",null,null,{"$f":"TEXT('Cashflow Calculation'!C155,\"#.##0\") &\" \" &Input!E8","v":"0 €"}]
[]
[null,"Flux de trésorerie cumulés après 25 ans",null,null,{"$f":"TEXT('Cashflow Calculation'!S187,\"#.##0\") &\" \" &Input!E8","v":"0 €"},null,null,"Flux de trésorerie cumulés après 25 ans",null,null,{"$f":"TEXT('Cashflow Calculation'!S188,\"#.##0\") &\" \" &Input!E8","v":"0 €"},null,null,"Flux de trésorerie cumulés après 25 ans",null,null,{"$f":"TEXT('Cashflow Calculation'!S189,\"#.##0\") &\" \" &Input!E8","v":"0 €"}]
[]
[null,"Coûts du cycle de vie du système (25 ans)",null,null,{"$f":"TEXT('Cashflow Calculation'!B46,\"#.##0\") &\" \" &Input!E8","v":"0 €"},null,null,"Coûts du cycle de vie du système (25 ans)",null,null,{"$f":"TEXT('Cashflow Calculation'!B84,\"#.##0\") &\" \" &Input!E8","v":"0 €"},null,null,"Coûts du cycle de vie du système (25 ans)",null,null,{"$f":"TEXT('Cashflow Calculation'!B150,\"#.##0\") &\" \" &Input!E8","v":"0 €"}]
[]
[null,"Années de remboursement",null,null,{"$f":"'Cashflow Calculation'!B44","v":0},null,null,"Années de remboursement",null,null,{"$f":"'Cashflow Calculation'!B82","v":0},null,null,"Années de remboursement",null,null,{"$f":"'Cashflow Calculation'!B148","v":0}]
[]
[null,"Banque de crédit :",null,null,{"$f":"IF(Input!E56=0,\"\",Input!E56)","v":""},null,null,"Banque de crédit :",null,null,{"$f":"IF(Input!E88=0,\"\",Input!E88)","v":""},null,null,"Banque de crédit :",null,null,{"$f":"IF(Input!E119=0,\"\",Input!E119)","v":""}]
[]
[null,"Remboursement annuel du prêt :",null,null,{"$f":"TEXT('Loan Repayment Solar'!Scheduled_Monthly_Payment,\"#.##0\") &\" \" &Input!E8","v":"0 €"},null,null,"Remboursement annuel du prêt :",null,null,{"$f":"TEXT('Loan Repayment Grid'!Scheduled_Monthly_Payment,\"#.##0\") &\" \" &Input!E8","v":"0 €"},null,null,"Remboursement annuel du prêt :",null,null,{"$f":"TEXT('Loan Repayment Diesel'!Scheduled_Monthly_Payment,\"#.##0\") &\" \" &Input!E8","v":"0 €"}]
[]
[{"$nulls":7},"CO2 Emissions par an",null,null,{"$f":"Input!J63","v":0},{"$f":"Input!K63","v":"kg/an"},null,"CO2 Emissions par an:",null,null,{"$f":"Input!J95","v":0},{"$f":"Input!K95","v":"kg/year"}]

{"sheet":"Translation Sheet","index":3,"n_rows":22,"n_cols":3,"rows_kept":22,"cut":false,"hidden":false,"merged":[[1,0,1,2],[4,0,4,4]]}
[]
["TRANSLATION SHEET"]
[]
["Introduction"]
["Certains textes utilisés dans cet outil sont utilisés dans des formules qui utilisent la reconnaissance de texte. Afin de préserver l'intégrité et la fonctionnalité de la formule, ces textes resteront en anglais. Une liste de ces textes et leur traduction correspondante est compilée ci-dessous : "]
["Texte en Anglais","Feuille","Texte en Francais"]
["Accumulated Income","Output","Revenu accumulé"]
["Average annual water cost in","Output","Coût annuel moyen de l'eau en"]
["Comparative accumulated cash flow over first 10 years in","Output","Flux de trésorerie cumulés comparatifs sur les 10 premières années en"]
["Comparative accumulated income and system costs over first 10 years in ","Output","Comparaison du revenu accumulé et des coûts des systèmes sur les 10 premières années en "]
["Comparative accumulated income and system costs over first 25 years in ","Output","Comparaison du revenu accumulé et des coûts des systèmes au cours des 25 premières années en "]
["not feasible","Output","irréalisable"]
["per m³","Input","par m³"]
["per year","Input","par an"]
["years","Output","ans"]
["5 years","Output","5 ans"]
["10 years","Output","10 ans"]
["25 years","Output","25 ans"]
[{"$f":"IF($E$8=\"\",\"\",$E$8) & \"/month\"","v":"/month"},"Input","/mois"]
[{"$f":"Input!A36 & \" m³ per day\"","v":" m³ per day"},"Output"," m³ par jour"]
["Analysis for","Output","Analyse pour"]
["kg/year","Output","kg/an"]

{"sheet":"Cashflow Calculation","index":4,"n_rows":197,"n_cols":29,"rows_kept":197,"cut":false,"hidden":true,"merged":[[96,15,96,16],[97,13,97,14],[97,15,97,16],[154,1,155,1],[180,5,180,7],[50,1,51,1],[88,1,89,1],[96,13,96,14]]}
["Annual profit margin increase:",{"$f":"Input!E14","v":0}]
["Inflation rate:",{"$f":"Input!E10","v":0}]
["Income-Gross farm profit/year:",{"$f":"Input!E24","v":0},{"$f":"IF(Input!$E$8=\"\",\"\",Input!$E$8)","v":"€"}]
["Percentage profit to invest",{"$f":"Input!E26","v":0}]
["Fuel price increase/year: ",{"$f":"Input!E16","v":0}]
["Electricity price increase/year: ",{"$f":"Input!E18","v":0}]
["Discount rate",{"$f":"Input!E12","v":0}]
["Water levy",{"$f":"Input!E20","v":0},{"$f":"IF(Input!$E$8=\"\",\"\",Input!$E$8)","v":"€"}]
["Total water need per day",{"$f":"Input!E22","v":0},{"$f":"Input!F22","v":"m³ par jour"}]
[]
[null,null,"year",0,1,2,3,4,5,6,7,8,9,10,11,12,13,14,15,16,17,18,19,20,21,22,23,24,25]
[null,null,{"$f":"IF(Input!$E$8=\"\",\"\",Input!$E$8)","v":"€"},0,{"$f":"B3*B4","v":0},{"$f":"E12*(1+(1*$B$1))","v":0},{"$f":"F12*(1+(1*$B$1))","v":0},{"$f":"G12*(1+(1*$B$1))","v":0},0,0,0,0,0,0,0,0,0,0,0,0,0,0,0,0,0,0,0,0,0]
["Capital investment per year:"]
[true,null,"accumulated",{"$f":"IF($A$14=TRUE,D15,NA())","v":0},{"$f":"IF($A$14=TRUE,E15,NA())","v":0},{"$f":"IF($A$14=TRUE,F15,NA())","v":0},0,0,0,0,0,0,0,0,0,0,0,0,0,0,0,0,0,0,0,0,0,0,0]
[null,null,null,0,{"$f":"SUM(E12)","v":0},{"$f":"SUM($E$12:F12)","v":0},{"$f":"SUM($E$12:G12)","v":0},{"$f":"SUM($E$12:H12)","v":0},{"$f":"SUM($E$12:I12)","v":0},{"$f":"SUM($E$12:J12)","v":0},{"$f":"SUM($E$12:K12)","v":0},{"$f":"SUM($E$12:L12)","v":0},{"$f":"SUM($E$12:M12)","v":0},{"$f":"SUM($E$12:N12)","v":0},{"$f":"SUM($E$12:O12)","v":0},{"$f":"SUM($E$12:P12)","v":0},{"$f":"SUM($E$12:Q12)","v":0},{"$f":"SUM($E$12:R12)","v":0},{"$f":"SUM($E$12:S12)","v":0},{"$f":"SUM($E$12:T12)","v":0},{"$f":"SUM($E$12:U12)","v":0},{"$f":"SUM($E$12:V12)","v":0},{"$f":"SUM($E$12:W12)","v":0},{"$f":"SUM($E$12:X12)","v":0},{"$f":"SUM($E$12:Y12)","v":0},{"$f":"SUM($E$12:Z12)","v":0},{"$f":"SUM($E$12:AA12)","v":0},{"$f":"SUM($E$12:AB12)","v":0},{"$f":"SUM($E$12:AC12)","v":0}]
[]
[]
[]
[]
[]
[{"$f":"Input!D30","v":"\nSystème d'irrigation à énergie solaire"}]
[]
[]
[{"$f":"Input!C34","v":"Panneaux solaires"},null,{"$f":"IF(Input!$E$8=\"\",\"\",Input!$E$8)","v":"€"},{"$f":"Input!E34","v":0},{"$f":"IF(MOD(E11,Input!$G$34)=0,($D$24*(1+$B$2)^E11),0)","v":{"$error":"#DIV/0!"}},{"$f":"IF(MOD(F11,Input!$G$34)=0,($D$24*(1+$B$2)^F11),0)","v":{"$error":"#DIV/0!"}},{"$f":"IF(MOD(G11,Input!$G$34)=0,($D$24*(1+$B$2)^G11),0)","v":{"$error":"#DIV/0!"}},{"$f":"IF(MOD(H11,Input!$G$34)=0,($D$24*(1+$B$2)^H11),0)","v":{"$error":"#DIV/0!"}},{"$f":"IF(MOD(I11,Input!$G$34)=0,($D$24*(1+$B$2)^I11),0)","v":{"$error":"#DIV/0!"}},{"$f":"IF(MOD(J11,Input!$G$34)=0,($D$24*(1+$B$2)^J11),0)","v":{"$error":"#DIV/0!"}},{"$f":"IF(MOD(K11,Input!$G$34)=0,($D$24*(1+$B$2)^K11),0)","v":{"$error":"#DIV/0!"}},{"$f":"IF(MOD(L11,Input!$G$34)=0,($D$24*(1+$B$2)^L11),0)","v":{"$error":"#DIV/0!"}},{"$f":"IF(MOD(M11,Input!$G$34)=0,($D$24*(1+$B$2)^M11),0)","v":{"$error":"#DIV/0!"}},{"$f":"IF(MOD(N11,Input!$G$34)=0,($D$24*(1+$B$2)^N11),0)","v":{"$error":"#DIV/0!"}},{"$f":"IF(MOD(O11,Input!$G$34)=0,($D$24*(1+$B$2)^O11),0)","v":{"$error":"#DIV/0!"}},{"$f":"IF(MOD(P11,Input!$G$34)=0,($D$24*(1+$B$2)^P11),0)","v":{"$error":"#DIV/0!"}},{"$f":"IF(MOD(Q11,Input!$G$34)=0,($D$24*(1+$B$2)^Q11),0)","v":{"$error":"#DIV/0!"}},{"$f":"IF(MOD(R11,Input!$G$34)=0,($D$24*(1+$B$2)^R11),0)","v":{"$error":"#DIV/0!"}},{"$f":"IF(MOD(S11,Input!$G$34)=0,($D$24*(1+$B$2)^S11),0)","v":{"$error":"#DIV/0!"}},{"$f":"IF(MOD(T11,Input!$G$34)=0,($D$24*(1+$B$2)^T11),0)","v":{"$error":"#DIV/0!"}},{"$f":"IF(MOD(U11,Input!$G$34)=0,($D$24*(1+$B$2)^U11),0)","v":{"$error":"#DIV/0!"}},{"$f":"IF(MOD(V11,Input!$G$34)=0,($D$24*(1+$B$2)^V11),0)","v":{"$error":"#DIV/0!"}},{"$f":"IF(MOD(W11,Input!$G$34)=0,($D$24*(1+$B$2)^W11),0)","v":{"$error":"#DIV/0!"}},{"$f":"IF(MOD(X11,Input!$G$34)=0,($D$24*(1+$B$2)^X11),0)","v":{"$error":"#DIV/0!"}},{"$f":"IF(MOD(Y11,Input!$G$34)=0,($D$24*(1+$B$2)^Y11),0)","v":{"$error":"#DIV/0!"}},{"$f":"IF(MOD(Z11,Input!$G$34)=0,($D$24*(1+$B$2)^Z11),0)","v":{"$error":"#DIV/0!"}},{"$f":"IF(MOD(AA11,Input!$G$34)=0,($D$24*(1+$B$2)^AA11),0)","v":{"$error":"#DIV/0!"}},{"$f":"IF(MOD(AB11,Input!$G$34)=0,($D$24*(1+$B$2)^AB11),0)","v":{"$error":"#DIV/0!"}},{"$f":"IF(MOD(AC11,Input!$G$34)=0,($D$24*(1+$B$2)^AC11),0)","v":{"$error":"#DIV/0!"}}]
[{"$f":"Input!C36","v":"Unité de contrôle"},null,{"$f":"IF(Input!$E$8=\"\",\"\",Input!$E$8)","v":"€"},{"$f":"Input!E36","v":0},{"$f":"IF(MOD(E11,Input!$G$36)=0,($D$25*(1+$B$2)^E11),0)","v":{"$error":"#DIV/0!"}},{"$f":"IF(MOD(F11,Input!$G$36)=0,($D$25*(1+$B$2)^F11),0)","v":{"$error":"#DIV/0!"}},{"$f":"IF(MOD(G11,Input!$G$36)=0,($D$25*(1+$B$2)^G11),0)","v":{"$error":"#DIV/0!"}},{"$f":"IF(MOD(H11,Input!$G$36)=0,($D$25*(1+$B$2)^H11),0)","v":{"$error":"#DIV/0!"}},{"$f":"IF(MOD(I11,Input!$G$36)=0,($D$25*(1+$B$2)^I11),0)","v":{"$error":"#DIV/0!"}},{"$f":"IF(MOD(J11,Input!$G$36)=0,($D$25*(1+$B$2)^J11),0)","v":{"$error":"#DIV/0!"}},{"$f":"IF(MOD(K11,Input!$G$36)=0,($D$25*(1+$B$2)^K11),0)","v":{"$error":"#DIV/0!"}},{"$f":"IF(MOD(L11,Input!$G$36)=0,($D$25*(1+$B$2)^L11),0)","v":{"$error":"#DIV/0!"}},{"$f":"IF(MOD(M11,Input!$G$36)=0,($D$25*(1+$B$2)^M11),0)","v":{"$error":"#DIV/0!"}},{"$f":"IF(MOD(N11,Input!$G$36)=0,($D$25*(1+$B$2)^N11),0)","v":{"$error":"#DIV/0!"}},{"$f":"IF(MOD(O11,Input!$G$36)=0,($D$25*(1+$B$2)^O11),0)","v":{"$error":"#DIV/0!"}},{"$f":"IF(MOD(P11,Input!$G$36)=0,($D$25*(1+$B$2)^P11),0)","v":{"$error":"#DIV/0!"}},{"$f":"IF(MOD(Q11,Input!$G$36)=0,($D$25*(1+$B$2)^Q11),0)","v":{"$error":"#DIV/0!"}},{"$f":"IF(MOD(R11,Input!$G$36)=0,($D$25*(1+$B$2)^R11),0)","v":{"$error":"#DIV/0!"}},{"$f":"IF(MOD(S11,Input!$G$36)=0,($D$25*(1+$B$2)^S11),0)","v":{"$error":"#DIV/0!"}},{"$f":"IF(MOD(T11,Input!$G$36)=0,($D$25*(1+$B$2)^T11),0)","v":{"$error":"#DIV/0!"}},{"$f":"IF(MOD(U11,Input!$G$36)=0,($D$25*(1+$B$2)^U11),0)","v":{"$error":"#DIV/0!"}},{"$f":"IF(MOD(V11,Input!$G$36)=0,($D$25*(1+$B$2)^V11),0)","v":{"$error":"#DIV/0!"}},{"$f":"IF(MOD(W11,Input!$G$36)=0,($D$25*(1+$B$2)^W11),0)","v":{"$error":"#DIV/0!"}},{"$f":"IF(MOD(X11,Input!$G$36)=0,($D$25*(1+$B$2)^X11),0)","v":{"$error":"#DIV/0!"}},{"$f":"IF(MOD(Y11,Input!$G$36)=0,($D$25*(1+$B$2)^Y11),0)","v":{"$error":"#DIV/0!"}},{"$f":"IF(MOD(Z11,Input!$G$36)=0,($D$25*(1+$B$2)^Z11),0)","v":{"$error":"#DIV/0!"}},{"$f":"IF(MOD(AA11,Input!$G$36)=0,($D$25*(1+$B$2)^AA11),0)","v":{"$error":"#DIV/0!"}},{"$f":"IF(MOD(AB11,Input!$G$36)=0,($D$25*(1+$B$2)^AB11),0)","v":{"$error":"#DIV/0!"}},{"$f":"IF(MOD(AC11,Input!$G$36)=0,($D$25*(1+$B$2)^AC11),0)","v":{"$error":"#DIV/0!"}}]
[{"$f":"Input!C37","v":"Pompe"},null,{"$f":"IF(Input!$E$8=\"\",\"\",Input!$E$8)","v":"€"},{"$f":"Input!E37","v":0},{"$f":"IF(MOD(E11,Input!$G$37)=0,($D$26*(1+$B$2)^E11),0)","v":{"$error":"#DIV/0!"}},{"$f":"IF(MOD(F11,Input!$G$37)=0,($D$26*(1+$B$2)^F11),0)","v":{"$error":"#DIV/0!"}},{"$f":"IF(MOD(G11,Input!$G$37)=0,($D$26*(1+$B$2)^G11),0)","v":{"$error":"#DIV/0!"}},{"$f":"IF(MOD(H11,Input!$G$37)=0,($D$26*(1+$B$2)^H11),0)","v":{"$error":"#DIV/0!"}},{"$f":"IF(MOD(I11,Input!$G$37)=0,($D$26*(1+$B$2)^I11),0)","v":{"$error":"#DIV/0!"}},{"$f":"IF(MOD(J11,Input!$G$37)=0,($D$26*(1+$B$2)^J11),0)","v":{"$error":"#DIV/0!"}},{"$f":"IF(MOD(K11,Input!$G$37)=0,($D$26*(1+$B$2)^K11),0)","v":{"$error":"#DIV/0!"}},{"$f":"IF(MOD(L11,Input!$G$37)=0,($D$26*(1+$B$2)^L11),0)","v":{"$error":"#DIV/0!"}},{"$f":"IF(MOD(M11,Input!$G$37)=0,($D$26*(1+$B$2)^M11),0)","v":{"$error":"#DIV/0!"}},{"$f":"IF(MOD(N11,Input!$G$37)=0,($D$26*(1+$B$2)^N11),0)","v":{"$error":"#DIV/0!"}},{"$f":"IF(MOD(O11,Input!$G$37)=0,($D$26*(1+$B$2)^O11),0)","v":{"$error":"#DIV/0!"}},{"$f":"IF(MOD(P11,Input!$G$37)=0,($D$26*(1+$B$2)^P11),0)","v":{"$error":"#DIV/0!"}},{"$f":"IF(MOD(Q11,Input!$G$37)=0,($D$26*(1+$B$2)^Q11),0)","v":{"$error":"#DIV/0!"}},{"$f":"IF(MOD(R11,Input!$G$37)=0,($D$26*(1+$B$2)^R11),0)","v":{"$error":"#DIV/0!"}},{"$f":"IF(MOD(S11,Input!$G$37)=0,($D$26*(1+$B$2)^S11),0)","v":{"$error":"#DIV/0!"}},{"$f":"IF(MOD(T11,Input!$G$37)=0,($D$26*(1+$B$2)^T11),0)","v":{"$error":"#DIV/0!"}},{"$f":"IF(MOD(U11,Input!$G$37)=0,($D$26*(1+$B$2)^U11),0)","v":{"$error":"#DIV/0!"}},{"$f":"IF(MOD(V11,Input!$G$37)=0,($D$26*(1+$B$2)^V11),0)","v":{"$error":"#DIV/0!"}},{"$f":"IF(MOD(W11,Input!$G$37)=0,($D$26*(1+$B$2)^W11),0)","v":{"$error":"#DIV/0!"}},{"$f":"IF(MOD(X11,Input!$G$37)=0,($D$26*(1+$B$2)^X11),0)","v":{"$error":"#DIV/0!"}},{"$f":"IF(MOD(Y11,Input!$G$37)=0,($D$26*(1+$B$2)^Y11),0)","v":{"$error":"#DIV/0!"}},{"$f":"IF(MOD(Z11,Input!$G$37)=0,($D$26*(1+$B$2)^Z11),0)","v":{"$error":"#DIV/0!"}},{"$f":"IF(MOD(AA11,Input!$G$37)=0,($D$26*(1+$B$2)^AA11),0)","v":{"$error":"#DIV/0!"}},{"$f":"IF(MOD(AB11,Input!$G$37)=0,($D$26*(1+$B$2)^AB11),0)","v":{"$error":"#DIV/0!"}},{"$f":"IF(MOD(AC11,Input!$G$37)=0,($D$26*(1+$B$2)^AC11),0)","v":{"$error":"#DIV/0!"}}]
["Wires / tubes",null,{"$f":"IF(Input!$E$8=\"\",\"\",Input!$E$8)","v":"€"},{"$f":"Input!E38","v":0},{"$f":"IF(MOD(E11,Input!$G$38)=0,($D$27*(1+$B$2)^E11),0)","v":{"$error":"#DIV/0!"}},{"$f":"IF(MOD(F11,Input!$G$38)=0,($D$27*(1+$B$2)^F11),0)","v":{"$error":"#DIV/0!"}},{"$f":"IF(MOD(G11,Input!$G$38)=0,($D$27*(1+$B$2)^G11),0)","v":{"$error":"#DIV/0!"}},{"$f":"IF(MOD(H11,Input!$G$38)=0,($D$27*(1+$B$2)^H11),0)","v":{"$error":"#DIV/0!"}},{"$f":"IF(MOD(I11,Input!$G$38)=0,($D$27*(1+$B$2)^I11),0)","v":{"$error":"#DIV/0!"}},{"$f":"IF(MOD(J11,Input!$G$38)=0,($D$27*(1+$B$2)^J11),0)","v":{"$error":"#DIV/0!"}},{"$f":"IF(MOD(K11,Input!$G$38)=0,($D$27*(1+$B$2)^K11),0)","v":{"$error":"#DIV/0!"}},{"$f":"IF(MOD(L11,Input!$G$38)=0,($D$27*(1+$B$2)^L11),0)","v":{"$error":"#DIV/0!"}},{"$f":"IF(MOD(M11,Input!$G$38)=0,($D$27*(1+$B$2)^M11),0)","v":{"$error":"#DIV/0!"}},{"$f":"IF(MOD(N11,Input!$G$38)=0,($D$27*(1+$B$2)^N11),0)","v":{"$error":"#DIV/0!"}},{"$f":"IF(MOD(O11,Input!$G$38)=0,($D$27*(1+$B$2)^O11),0)","v":{"$error":"#DIV/0!"}},{"$f":"IF(MOD(P11,Input!$G$38)=0,($D$27*(1+$B$2)^P11),0)","v":{"$error":"#DIV/0!"}},{"$f":"IF(MOD(Q11,Input!$G$38)=0,($D$27*(1+$B$2)^Q11),0)","v":{"$error":"#DIV/0!"}},{"$f":"IF(MOD(R11,Input!$G$38)=0,($D$27*(1+$B$2)^R11),0)","v":{"$error":"#DIV/0!"}},{"$f":"IF(MOD(S11,Input!$G$38)=0,($D$27*(1+$B$2)^S11),0)","v":{"$error":"#DIV/0!"}},{"$f":"IF(MOD(T11,Input!$G$38)=0,($D$27*(1+$B$2)^T11),0)","v":{"$error":"#DIV/0!"}},{"$f":"IF(MOD(U11,Input!$G$38)=0,($D$27*(1+$B$2)^U11),0)","v":{"$error":"#DIV/0!"}},{"$f":"IF(MOD(V11,Input!$G$38)=0,($D$27*(1+$B$2)^V11),0)","v":{"$error":"#DIV/0!"}},{"$f":"IF(MOD(W11,Input!$G$38)=0,($D$27*(1+$B$2)^W11),0)","v":{"$error":"#DIV/0!"}},{"$f":"IF(MOD(X11,Input!$G$38)=0,($D$27*(1+$B$2)^X11),0)","v":{"$error":"#DIV/0!"}},{"$f":"IF(MOD(Y11,Input!$G$38)=0,($D$27*(1+$B$2)^Y11),0)","v":{"$error":"#DIV/0!"}},{"$f":"IF(MOD(Z11,Input!$G$38)=0,($D$27*(1+$B$2)^Z11),0)","v":{"$error":"#DIV/0!"}},{"$f":"IF(MOD(AA11,Input!$G$38)=0,($D$27*(1+$B$2)^AA11),0)","v":{"$error":"#DIV/0!"}},{"$f":"IF(MOD(AB11,Input!$G$38)=0,($D$27*(1+$B$2)^AB11),0)","v":{"$error":"#DIV/0!"}},{"$f":"IF(MOD(AC11,Input!$G$38)=0,($D$27*(1+$B$2)^AC11),0)","v":{"$error":"#DIV/0!"}}]
["Water storage",null,{"$f":"IF(Input!$E$8=\"\",\"\",Input!$E$8)","v":"€"},{"$f":"Input!E39","v":0},{"$f":"IF(MOD(E11,Input!$G$39)=0,($D$28*(1+$B$2)^E11),0)","v":{"$error":"#DIV/0!"}},{"$f":"IF(MOD(F11,Input!$G$39)=0,($D$28*(1+$B$2)^F11),0)","v":{"$error":"#DIV/0!"}},{"$f":"IF(MOD(G11,Input!$G$39)=0,($D$28*(1+$B$2)^G11),0)","v":{"$error":"#DIV/0!"}},{"$f":"IF(MOD(H11,Input!$G$39)=0,($D$28*(1+$B$2)^H11),0)","v":{"$error":"#DIV/0!"}},{"$f":"IF(MOD(I11,Input!$G$39)=0,($D$28*(1+$B$2)^I11),0)","v":{"$error":"#DIV/0!"}},{"$f":"IF(MOD(J11,Input!$G$39)=0,($D$28*(1+$B$2)^J11),0)","v":{"$error":"#DIV/0!"}},{"$f":"IF(MOD(K11,Input!$G$39)=0,($D$28*(1+$B$2)^K11),0)","v":{"$error":"#DIV/0!"}},{"$f":"IF(MOD(L11,Input!$G$39)=0,($D$28*(1+$B$2)^L11),0)","v":{"$error":"#DIV/0!"}},{"$f":"IF(MOD(M11,Input!$G$39)=0,($D$28*(1+$B$2)^M11),0)","v":{"$error":"#DIV/0!"}},{"$f":"IF(MOD(N11,Input!$G$39)=0,($D$28*(1+$B$2)^N11),0)","v":{"$error":"#DIV/0!"}},{"$f":"IF(MOD(O11,Input!$G$39)=0,($D$28*(1+$B$2)^O11),0)","v":{"$error":"#DIV/0!"}},{"$f":"IF(MOD(P11,Input!$G$39)=0,($D$28*(1+$B$2)^P11),0)","v":{"$error":"#DIV/0!"}},{"$f":"IF(MOD(Q11,Input!$G$39)=0,($D$28*(1+$B$2)^Q11),0)","v":{"$error":"#DIV/0!"}},{"$f":"IF(MOD(R11,Input!$G$39)=0,($D$28*(1+$B$2)^R11),0)","v":{"$error":"#DIV/0!"}},{"$f":"IF(MOD(S11,Input!$G$39)=0,($D$28*(1+$B$2)^S11),0)","v":{"$error":"#DIV/0!"}},{"$f":"IF(MOD(T11,Input!$G$39)=0,($D$28*(1+$B$2)^T11),0)","v":{"$error":"#DIV/0!"}},{"$f":"IF(MOD(U11,Input!$G$39)=0,($D$28*(1+$B$2)^U11),0)","v":{"$error":"#DIV/0!"}},{"$f":"IF(MOD(V11,Input!$G$39)=0,($D$28*(1+$B$2)^V11),0)","v":{"$error":"#DIV/0!"}},{"$f":"IF(MOD(W11,Input!$G$39)=0,($D$28*(1+$B$2)^W11),0)","v":{"$error":"#DIV/0!"}},{"$f":"IF(MOD(X11,Input!$G$39)=0,($D$28*(1+$B$2)^X11),0)","v":{"$error":"#DIV/0!"}},{"$f":"IF(MOD(Y11,Input!$G$39)=0,($D$28*(1+$B$2)^Y11),0)","v":{"$error":"#DIV/0!"}},{"$f":"IF(MOD(Z11,Input!$G$39)=0,($D$28*(1+$B$2)^Z11),0)","v":{"$error":"#DIV/0!"}},{"$f":"IF(MOD(AA11,Input!$G$39)=0,($D$28*(1+$B$2)^AA11),0)","v":{"$error":"#DIV/0!"}},{"$f":"IF(MOD(AB11,Input!$G$39)=0,($D$28*(1+$B$2)^AB11),0)","v":{"$error":"#DIV/0!"}},{"$f":"IF(MOD(AC11,Input!$G$39)=0,($D$28*(1+$B$2)^AC11),0)","v":{"$error":"#DIV/0!"}}]
["Irrigation system",null,{"$f":"IF(Input!$E$8=\"\",\"\",Input!$E$8)","v":"€"},{"$f":"Input!E40","v":0},{"$f":"IF(MOD(E11,Input!$G$40)=0,($D$29*(1+$B$2)^E11),0)","v":{"$error":"#DIV/0!"}},{"$f":"IF(MOD(F11,Input!$G$40)=0,($D$29*(1+$B$2)^F11),0)","v":{"$error":"#DIV/0!"}},{"$f":"IF(MOD(G11,Input!$G$40)=0,($D$29*(1+$B$2)^G11),0)","v":{"$error":"#DIV/0!"}},{"$f":"IF(MOD(H11,Input!$G$40)=0,($D$29*(1+$B$2)^H11),0)","v":{"$error":"#DIV/0!"}},{"$f":"IF(MOD(I11,Input!$G$40)=0,($D$29*(1+$B$2)^I11),0)","v":{"$error":"#DIV/0!"}},{"$f":"IF(MOD(J11,Input!$G$40)=0,($D$29*(1+$B$2)^J11),0)","v":{"$error":"#DIV/0!"}},{"$f":"IF(MOD(K11,Input!$G$40)=0,($D$29*(1+$B$2)^K11),0)","v":{"$error":"#DIV/0!"}},{"$f":"IF(MOD(L11,Input!$G$40)=0,($D$29*(1+$B$2)^L11),0)","v":{"$error":"#DIV/0!"}},{"$f":"IF(MOD(M11,Input!$G$40)=0,($D$29*(1+$B$2)^M11),0)","v":{"$error":"#DIV/0!"}},{"$f":"IF(MOD(N11,Input!$G$40)=0,($D$29*(1+$B$2)^N11),0)","v":{"$error":"#DIV/0!"}},{"$f":"IF(MOD(O11,Input!$G$40)=0,($D$29*(1+$B$2)^O11),0)","v":{"$error":"#DIV/0!"}},{"$f":"IF(MOD(P11,Input!$G$40)=0,($D$29*(1+$B$2)^P11),0)","v":{"$error":"#DIV/0!"}},{"$f":"IF(MOD(Q11,Input!$G$40)=0,($D$29*(1+$B$2)^Q11),0)","v":{"$error":"#DIV/0!"}},{"$f":"IF(MOD(R11,Input!$G$40)=0,($D$29*(1+$B$2)^R11),0)","v":{"$error":"#DIV/0!"}},{"$f":"IF(MOD(S11,Input!$G$40)=0,($D$29*(1+$B$2)^S11),0)","v":{"$error":"#DIV/0!"}},{"$f":"IF(MOD(T11,Input!$G$40)=0,($D$29*(1+$B$2)^T11),0)","v":{"$error":"#DIV/0!"}},{"$f":"IF(MOD(U11,Input!$G$40)=0,($D$29*(1+$B$2)^U11),0)","v":{"$error":"#DIV/0!"}},{"$f":"IF(MOD(V11,Input!$G$40)=0,($D$29*(1+$B$2)^V11),0)","v":{"$error":"#DIV/0!"}},{"$f":"IF(MOD(W11,Input!$G$40)=0,($D$29*(1+$B$2)^W11),0)","v":{"$error":"#DIV/0!"}},{"$f":"IF(MOD(X11,Input!$G$40)=0,($D$29*(1+$B$2)^X11),0)","v":{"$error":"#DIV/0!"}},{"$f":"IF(MOD(Y11,Input!$G$40)=0,($D$29*(1+$B$2)^Y11),0)","v":{"$error":"#DIV/0!"}},{"$f":"IF(MOD(Z11,Input!$G$40)=0,($D$29*(1+$B$2)^Z11),0)","v":{"$error":"#DIV/0!"}},{"$f":"IF(MOD(AA11,Input!$G$40)=0,($D$29*(1+$B$2)^AA11),0)","v":{"$error":"#DIV/0!"}},{"$f":"IF(MOD(AB11,Input!$G$40)=0,($D$29*(1+$B$2)^AB11),0)","v":{"$error":"#DIV/0!"}},{"$f":"IF(MOD(AC11,Input!$G$40)=0,($D$29*(1+$B$2)^AC11),0)","v":{"$error":"#DIV/0!"}}]
["Drilling",null,{"$f":"IF(Input!$E$8=\"\",\"\",Input!$E$8)","v":"€"},{"$f":"Input!E41","v":0}]
["Installation",null,{"$f":"IF(Input!$E$8=\"\",\"\",Input!$E$8)","v":"€"},{"$f":"Input!E42","v":0}]
["Other Costs",null,{"$f":"IF(Input!$E$8=\"\",\"\",Input!$E$8)","v":"€"},{"$f":"Input!E43","v":0}]
["Loan Repayment ",null,{"$f":"IF(Input!$E$8=\"\",\"\",Input!$E$8)","v":"€"},0,{"$f":"IF(E11<='Loan Repayment Solar'!Loan_Years,'Loan Repayment Solar'!Scheduled_Monthly_Payment,0)","v":0},{"$f":"IF(F11<='Loan Repayment Solar'!Loan_Years,'Loan Repayment Solar'!Scheduled_Monthly_Payment,0)","v":0},{"$f":"IF(G11<='Loan Repayment Solar'!Loan_Years,'Loan Repayment Solar'!Scheduled_Monthly_Payment,0)","v":0},{"$f":"IF(H11<='Loan Repayment Solar'!Loan_Years,'Loan Repayment Solar'!Scheduled_Monthly_Payment,0)","v":0},{"$f":"IF(I11<='Loan Repayment Solar'!Loan_Years,'Loan Repayment Solar'!Scheduled_Monthly_Payment,0)","v":0},{"$f":"IF(J11<='Loan Repayment Solar'!Loan_Years,'Loan Repayment Solar'!Scheduled_Monthly_Payment,0)","v":0},{"$f":"IF(K11<='Loan Repayment Solar'!Loan_Years,'Loan Repayment Solar'!Scheduled_Monthly_Payment,0)","v":0},{"$f":"IF(L11<='Loan Repayment Solar'!Loan_Years,'Loan Repayment Solar'!Scheduled_Monthly_Payment,0)","v":0},{"$f":"IF(M11<='Loan Repayment Solar'!Loan_Years,'Loan Repayment Solar'!Scheduled_Monthly_Payment,0)","v":0},{"$f":"IF(N11<='Loan Repayment Solar'!Loan_Years,'Loan Repayment Solar'!Scheduled_Monthly_Payment,0)","v":0},{"$f":"IF(O11<='Loan Repayment Solar'!Loan_Years,'Loan Repayment Solar'!Scheduled_Monthly_Payment,0)","v":0},{"$f":"IF(P11<='Loan Repayment Solar'!Loan_Years,'Loan Repayment Solar'!Scheduled_Monthly_Payment,0)","v":0},{"$f":"IF(Q11<='Loan Repayment Solar'!Loan_Years,'Loan Repayment Solar'!Scheduled_Monthly_Payment,0)","v":0},{"$f":"IF(R11<='Loan Repayment Solar'!Loan_Years,'Loan Repayment Solar'!Scheduled_Monthly_Payment,0)","v":0},{"$f":"IF(S11<='Loan Repayment Solar'!Loan_Years,'Loan Repayment Solar'!Scheduled_Monthly_Payment,0)","v":0},{"$f":"IF(T11<='Loan Repayment Solar'!Loan_Years,'Loan Repayment Solar'!Scheduled_Monthly_Payment,0)","v":0},{"$f":"IF(U11<='Loan Repayment Solar'!Loan_Years,'Loan Repayment Solar'!Scheduled_Monthly_Payment,0)","v":0},{"$f":"IF(V11<='Loan Repayment Solar'!Loan_Years,'Loan Repayment Solar'!Scheduled_Monthly_Payment,0)","v":0},{"$f":"IF(W11<='Loan Repayment Solar'!Loan_Years,'Loan Repayment Solar'!Scheduled_Monthly_Payment,0)","v":0},{"$f":"IF(X11<='Loan Repayment Solar'!Loan_Years,'Loan Repayment Solar'!Scheduled_Monthly_Payment,0)","v":0},{"$f":"IF(Y11<='Loan Repayment Solar'!Loan_Years,'Loan Repayment Solar'!Scheduled_Monthly_Payment,0)","v":0},{"$f":"IF(Z11<='Loan Repayment Solar'!Loan_Years,'Loan Repayment Solar'!Scheduled_Monthly_Payment,0)","v":0},{"$f":"IF(AA11<='Loan Repayment Solar'!Loan_Years,'Loan Repayment Solar'!Scheduled_Monthly_Payment,0)","v":0},{"$f":"IF(AB11<='Loan Repayment Solar'!Loan_Years,'Loan Repayment Solar'!Scheduled_Monthly_Payment,0)","v":0},{"$f":"IF(AC11<='Loan Repayment Solar'!Loan_Years,'Loan Repayment Solar'!Scheduled_Monthly_Payment,0)","v":0}]
["Energy costs (fuel or electricity):",null,{"$f":"IF(Input!$E$8=\"\",\"\",Input!$E$8)","v":"€"},0,{"$f":"Input!E46","v":0},{"$f":"E34*(1+(1*$B$5))","v":0},{"$f":"F34*(1+(1*$B$5))","v":0},0,0,0,0,0,0,0,0,0,0,0,0,0,0,0,0,0,0,0,0,0,0]
["Operating Costs:",null,{"$f":"IF(Input!$E$8=\"\",\"\",Input!$E$8)","v":"€"},0,{"$f":"SUM(Input!E47:E48)","v":0},{"$f":"E35*(1+(1*$B$2))","v":0},0,0,0,0,0,0,0,0,0,0,0,0,0,0,0,0,0,0,0,0,0,0,0]
["Water levy",null,null,null,{"$f":"$B$8*$B$9","v":0},{"$f":"$B$8*$B$9","v":0},0,0,0,0,0,0,0,0,0,0,0,0,0,0,0,0,0,0,0,0,0,0,0]
[]
["Gross Expenses System per year:",null,{"$f":"IF(Input!$E$8=\"\",\"\",Input!$E$8)","v":"€"},{"$f":"SUM(D24:D32)","v":0},{"$f":"E34+E35+E36+SUMIF(E24:E33,\"<1E+307\")","v":0},0,0,0,0,0,0,{"$f":"L34+L35+L36+SUMIF(L24:L33,\"<1E+307\")","v":0},0,0,0,0,0,0,0,0,0,0,0,0,0,0,0,0,0]
[]
[]
["Cash Flow:",null,null,{"$f":"D14-D46","v":0},{"$f":"E14-E46","v":0},{"$f":"F14-F46","v":0},{"$f":"G14-G46","v":0},0,0,0,0,0,0,0,0,0,0,0,0,0,0,0,0,0,0,0,0,0,0]
[]
[null,null,null,{"$f":"IF(D41>0,\"Yes\",\"No\")","v":"No"},{"$f":"IF(E41>0,\"Yes\",\"No\")","v":"No"},{"$f":"IF(F41>0,\"Yes\",\"No\")","v":"No"},"No","No","No","No","No","No","No","No","No","No","No","No","No","No","No","No","No","No","No","No","No","No","No"]
["Payback period against investment (years)",{"$f":"IF(AC41<0,\"no payback\",COUNTIF(D41:AC41,\"<0\"))","v":0},"years"]
[]
["System Life Cycle Costs (25 years)",{"$f":"IF($A$47=TRUE,AC47,NA())","v":0},{"$f":"IF(Input!$E$8=\"\",\"\",Input!$E$8)","v":"€"},{"$f":"IF($A$47=TRUE,D47,NA())","v":0},{"$f":"IF($A$47=TRUE,E47,NA())","v":0},{"$f":"IF($A$47=TRUE,F47,NA())","v":0},0,0,0,0,0,0,0,0,0,0,0,0,0,0,0,0,0,0,0,0,0,0,0]
[true,null,null,{"$f":"D38","v":0},{"$f":"SUM($D$38:E38)","v":0},{"$f":"SUM($D$38:F38)","v":0},{"$f":"SUM($D$38:G38)","v":0},{"$f":"SUM($D$38:H38)","v":0},{"$f":"SUM($D$38:I38)","v":0},{"$f":"SUM($D$38:J38)","v":0},{"$f":"SUM($D$38:K38)","v":0},{"$f":"SUM($D$38:L38)","v":0},{"$f":"SUM($D$38:M38)","v":0},{"$f":"SUM($D$38:N38)","v":0},{"$f":"SUM($D$38:O38)","v":0},{"$f":"SUM($D$38:P38)","v":0},{"$f":"SUM($D$38:Q38)","v":0},{"$f":"SUM($D$38:R38)","v":0},{"$f":"SUM($D$38:S38)","v":0},{"$f":"SUM($D$38:T38)","v":0},{"$f":"SUM($D$38:U38)","v":0},{"$f":"SUM($D$38:V38)","v":0},{"$f":"SUM($D$38:W38)","v":0},{"$f":"SUM($D$38:X38)","v":0},{"$f":"SUM($D$38:Y38)","v":0},{"$f":"SUM($D$38:Z38)","v":0},{"$f":"SUM($D$38:AA38)","v":0},{"$f":"SUM($D$38:AB38)","v":0},{"$f":"SUM($D$38:AC38)","v":0}]
["Cost of water",null,{"$f":"IF(Input!$E$8=\"\",\"\",Input!$E$8&\" /m3\")","v":"€ /m3"},{"$f":"D38/($B$9*365)","v":{"$error":"#DIV/0!"}},{"$f":"E38/($B$9*365)","v":{"$error":"#DIV/0!"}},{"$error":"#DIV/0!"},{"$error":"#DIV/0!"},{"$error":"#DIV/0!"},{"$error":"#DIV/0!"},{"$error":"#DIV/0!"},{"$error":"#DIV/0!"},{"$error":"#DIV/0!"},{"$error":"#DIV/0!"},{"$error":"#DIV/0!"},{"$error":"#DIV/0!"},{"$error":"#DIV/0!"},{"$error":"#DIV/0!"},{"$error":"#DIV/0!"},{"$error":"#DIV/0!"},{"$error":"#DIV/0!"},{"$error":"#DIV/0!"},{"$error":"#DIV/0!"},{"$error":"#DIV/0!"},{"$error":"#DIV/0!"},{"$error":"#DIV/0!"},{"$error":"#DIV/0!"},{"$error":"#DIV/0!"},{"$error":"#DIV/0!"},{"$error":"#DIV/0!"}]
["Average water cost over 25 years",{"$f":"AVERAGE(D48:AC48)","v":{"$error":"#DIV/0!"}},{"$f":"IF(Input!$E$8=\"\",\"\",Input!$E$8&\" /m3\")","v":"€ /m3"},{"$nulls":5},{"$f":"AVERAGE(D48:I48)","v":{"$error":"#DIV/0!"}},{"$nulls":4},{"$f":"AVERAGE(D48:N48)","v":{"$error":"#DIV/0!"}}]
[]
["NPV",{"$f":"Input!E12","v":0},{"$f":"NPV(B51,E41:AC41)+D41","v":0}]
["IRR",null,{"$f":"IRR(D41:AC41)","v":{"$error":"#NUM!"}}]
[]
[]
[]
[]
[]
[]
[{"$f":"Input!D60","v":"Système d'irrigation alimenté par le réseau électrique"}]
[]
[]
[{"$f":"Input!C64","v":"Onduleur (si pompe CC)"},null,{"$f":"IF(Input!$E$8=\"\",\"\",Input!$E$8)","v":"€"},{"$f":"Input!E64","v":0},{"$f":"IF(MOD(E11,Input!$G$64)=0,($D$62*(1+$B$2)^E11),0)","v":{"$error":"#DIV/0!"}},{"$f":"IF(MOD(F11,Input!$G$64)=0,($D$62*(1+$B$2)^F11),0)","v":{"$error":"#DIV/0!"}},{"$f":"IF(MOD(G11,Input!$G$64)=0,($D$62*(1+$B$2)^G11),0)","v":{"$error":"#DIV/0!"}},{"$f":"IF(MOD(H11,Input!$G$64)=0,($D$62*(1+$B$2)^H11),0)","v":{"$error":"#DIV/0!"}},{"$f":"IF(MOD(I11,Input!$G$64)=0,($D$62*(1+$B$2)^I11),0)","v":{"$error":"#DIV/0!"}},{"$f":"IF(MOD(J11,Input!$G$64)=0,($D$62*(1+$B$2)^J11),0)","v":{"$error":"#DIV/0!"}},{"$f":"IF(MOD(K11,Input!$G$64)=0,($D$62*(1+$B$2)^K11),0)","v":{"$error":"#DIV/0!"}},{"$f":"IF(MOD(L11,Input!$G$64)=0,($D$62*(1+$B$2)^L11),0)","v":{"$error":"#DIV/0!"}},{"$f":"IF(MOD(M11,Input!$G$64)=0,($D$62*(1+$B$2)^M11),0)","v":{"$error":"#DIV/0!"}},{"$f":"IF(MOD(N11,Input!$G$64)=0,($D$62*(1+$B$2)^N11),0)","v":{"$error":"#DIV/0!"}},{"$f":"IF(MOD(O11,Input!$G$64)=0,($D$62*(1+$B$2)^O11),0)","v":{"$error":"#DIV/0!"}},{"$f":"IF(MOD(P11,Input!$G$64)=0,($D$62*(1+$B$2)^P11),0)","v":{"$error":"#DIV/0!"}},{"$f":"IF(MOD(Q11,Input!$G$64)=0,($D$62*(1+$B$2)^Q11),0)","v":{"$error":"#DIV/0!"}},{"$f":"IF(MOD(R11,Input!$G$64)=0,($D$62*(1+$B$2)^R11),0)","v":{"$error":"#DIV/0!"}},{"$f":"IF(MOD(S11,Input!$G$64)=0,($D$62*(1+$B$2)^S11),0)","v":{"$error":"#DIV/0!"}},{"$f":"IF(MOD(T11,Input!$G$64)=0,($D$62*(1+$B$2)^T11),0)","v":{"$error":"#DIV/0!"}},{"$f":"IF(MOD(U11,Input!$G$64)=0,($D$62*(1+$B$2)^U11),0)","v":{"$error":"#DIV/0!"}},{"$f":"IF(MOD(V11,Input!$G$64)=0,($D$62*(1+$B$2)^V11),0)","v":{"$error":"#DIV/0!"}},{"$f":"IF(MOD(W11,Input!$G$64)=0,($D$62*(1+$B$2)^W11),0)","v":{"$error":"#DIV/0!"}},{"$f":"IF(MOD(X11,Input!$G$64)=0,($D$62*(1+$B$2)^X11),0)","v":{"$error":"#DIV/0!"}},{"$f":"IF(MOD(Y11,Input!$G$64)=0,($D$62*(1+$B$2)^Y11),0)","v":{"$error":"#DIV/0!"}},{"$f":"IF(MOD(Z11,Input!$G$64)=0,($D$62*(1+$B$2)^Z11),0)","v":{"$error":"#DIV/0!"}},{"$f":"IF(MOD(AA11,Input!$G$64)=0,($D$62*(1+$B$2)^AA11),0)","v":{"$error":"#DIV/0!"}},{"$f":"IF(MOD(AB11,Input!$G$64)=0,($D$62*(1+$B$2)^AB11),0)","v":{"$error":"#DIV/0!"}},{"$f":"IF(MOD(AC11,Input!$G$64)=0,($D$62*(1+$B$2)^AC11),0)","v":{"$error":"#DIV/0!"}}]
[{"$f":"Input!C65","v":"Unité de commande"},null,{"$f":"IF(Input!$E$8=\"\",\"\",Input!$E$8)","v":"€"},{"$f":"Input!E65","v":0},{"$f":"IF(MOD(E11,Input!$G$65)=0,($D$63*(1+$B$2)^E11),0)","v":{"$error":"#DIV/0!"}},{"$f":"IF(MOD(F11,Input!$G$65)=0,($D$63*(1+$B$2)^F11),0)","v":{"$error":"#DIV/0!"}},{"$f":"IF(MOD(G11,Input!$G$65)=0,($D$63*(1+$B$2)^G11),0)","v":{"$error":"#DIV/0!"}},{"$f":"IF(MOD(H11,Input!$G$65)=0,($D$63*(1+$B$2)^H11),0)","v":{"$error":"#DIV/0!"}},{"$f":"IF(MOD(I11,Input!$G$65)=0,($D$63*(1+$B$2)^I11),0)","v":{"$error":"#DIV/0!"}},{"$f":"IF(MOD(J11,Input!$G$65)=0,($D$63*(1+$B$2)^J11),0)","v":{"$error":"#DIV/0!"}},{"$f":"IF(MOD(K11,Input!$G$65)=0,($D$63*(1+$B$2)^K11),0)","v":{"$error":"#DIV/0!"}},{"$f":"IF(MOD(L11,Input!$G$65)=0,($D$63*(1+$B$2)^L11),0)","v":{"$error":"#DIV/0!"}},{"$f":"IF(MOD(M11,Input!$G$65)=0,($D$63*(1+$B$2)^M11),0)","v":{"$error":"#DIV/0!"}},{"$f":"IF(MOD(N11,Input!$G$65)=0,($D$63*(1+$B$2)^N11),0)","v":{"$error":"#DIV/0!"}},{"$f":"IF(MOD(O11,Input!$G$65)=0,($D$63*(1+$B$2)^O11),0)","v":{"$error":"#DIV/0!"}},{"$f":"IF(MOD(P11,Input!$G$65)=0,($D$63*(1+$B$2)^P11),0)","v":{"$error":"#DIV/0!"}},{"$f":"IF(MOD(Q11,Input!$G$65)=0,($D$63*(1+$B$2)^Q11),0)","v":{"$error":"#DIV/0!"}},{"$f":"IF(MOD(R11,Input!$G$65)=0,($D$63*(1+$B$2)^R11),0)","v":{"$error":"#DIV/0!"}},{"$f":"IF(MOD(S11,Input!$G$65)=0,($D$63*(1+$B$2)^S11),0)","v":{"$error":"#DIV/0!"}},{"$f":"IF(MOD(T11,Input!$G$65)=0,($D$63*(1+$B$2)^T11),0)","v":{"$error":"#DIV/0!"}},{"$f":"IF(MOD(U11,Input!$G$65)=0,($D$63*(1+$B$2)^U11),0)","v":{"$error":"#DIV/0!"}},{"$f":"IF(MOD(V11,Input!$G$65)=0,($D$63*(1+$B$2)^V11),0)","v":{"$error":"#DIV/0!"}},{"$f":"IF(MOD(W11,Input!$G$65)=0,($D$63*(1+$B$2)^W11),0)","v":{"$error":"#DIV/0!"}},{"$f":"IF(MOD(X11,Input!$G$65)=0,($D$63*(1+$B$2)^X11),0)","v":{"$error":"#DIV/0!"}},{"$f":"IF(MOD(Y11,Input!$G$65)=0,($D$63*(1+$B$2)^Y11),0)","v":{"$error":"#DIV/0!"}},{"$f":"IF(MOD(Z11,Input!$G$65)=0,($D$63*(1+$B$2)^Z11),0)","v":{"$error":"#DIV/0!"}},{"$f":"IF(MOD(AA11,Input!$G$65)=0,($D$63*(1+$B$2)^AA11),0)","v":{"$error":"#DIV/0!"}},{"$f":"IF(MOD(AB11,Input!$G$65)=0,($D$63*(1+$B$2)^AB11),0)","v":{"$error":"#DIV/0!"}},{"$f":"IF(MOD(AC11,Input!$G$65)=0,($D$63*(1+$B$2)^AC11),0)","v":{"$error":"#DIV/0!"}}]
[{"$f":"Input!C66","v":"Pompe"},null,{"$f":"IF(Input!$E$8=\"\",\"\",Input!$E$8)","v":"€"},{"$f":"Input!E66","v":0},{"$f":"IF(MOD(E11,Input!$G$66)=0,($D$64*(1+$B$2)^E11),0)","v":{"$error":"#DIV/0!"}},{"$f":"IF(MOD(F11,Input!$G$66)=0,($D$64*(1+$B$2)^F11),0)","v":{"$error":"#DIV/0!"}},{"$f":"IF(MOD(G11,Input!$G$66)=0,($D$64*(1+$B$2)^G11),0)","v":{"$error":"#DIV/0!"}},{"$f":"IF(MOD(H11,Input!$G$66)=0,($D$64*(1+$B$2)^H11),0)","v":{"$error":"#DIV/0!"}},{"$f":"IF(MOD(I11,Input!$G$66)=0,($D$64*(1+$B$2)^I11),0)","v":{"$error":"#DIV/0!"}},{"$f":"IF(MOD(J11,Input!$G$66)=0,($D$64*(1+$B$2)^J11),0)","v":{"$error":"#DIV/0!"}},{"$f":"IF(MOD(K11,Input!$G$66)=0,($D$64*(1+$B$2)^K11),0)","v":{"$error":"#DIV/0!"}},{"$f":"IF(MOD(L11,Input!$G$66)=0,($D$64*(1+$B$2)^L11),0)","v":{"$error":"#DIV/0!"}},{"$f":"IF(MOD(M11,Input!$G$66)=0,($D$64*(1+$B$2)^M11),0)","v":{"$error":"#DIV/0!"}},{"$f":"IF(MOD(N11,Input!$G$66)=0,($D$64*(1+$B$2)^N11),0)","v":{"$error":"#DIV/0!"}},{"$f":"IF(MOD(O11,Input!$G$66)=0,($D$64*(1+$B$2)^O11),0)","v":{"$error":"#DIV/0!"}},{"$f":"IF(MOD(P11,Input!$G$66)=0,($D$64*(1+$B$2)^P11),0)","v":{"$error":"#DIV/0!"}},{"$f":"IF(MOD(Q11,Input!$G$66)=0,($D$64*(1+$B$2)^Q11),0)","v":{"$error":"#DIV/0!"}},{"$f":"IF(MOD(R11,Input!$G$66)=0,($D$64*(1+$B$2)^R11),0)","v":{"$error":"#DIV/0!"}},{"$f":"IF(MOD(S11,Input!$G$66)=0,($D$64*(1+$B$2)^S11),0)","v":{"$error":"#DIV/0!"}},{"$f":"IF(MOD(T11,Input!$G$66)=0,($D$64*(1+$B$2)^T11),0)","v":{"$error":"#DIV/0!"}},{"$f":"IF(MOD(U11,Input!$G$66)=0,($D$64*(1+$B$2)^U11),0)","v":{"$error":"#DIV/0!"}},{"$f":"IF(MOD(V11,Input!$G$66)=0,($D$64*(1+$B$2)^V11),0)","v":{"$error":"#DIV/0!"}},{"$f":"IF(MOD(W11,Input!$G$66)=0,($D$64*(1+$B$2)^W11),0)","v":{"$error":"#DIV/0!"}},{"$f":"IF(MOD(X11,Input!$G$66)=0,($D$64*(1+$B$2)^X11),0)","v":{"$error":"#DIV/0!"}},{"$f":"IF(MOD(Y11,Input!$G$66)=0,($D$64*(1+$B$2)^Y11),0)","v":{"$error":"#DIV/0!"}},{"$f":"IF(MOD(Z11,Input!$G$66)=0,($D$64*(1+$B$2)^Z11),0)","v":{"$error":"#DIV/0!"}},{"$f":"IF(MOD(AA11,Input!$G$66)=0,($D$64*(1+$B$2)^AA11),0)","v":{"$error":"#DIV/0!"}},{"$f":"IF(MOD(AB11,Input!$G$66)=0,($D$64*(1+$B$2)^AB11),0)","v":{"$error":"#DIV/0!"}},{"$f":"IF(MOD(AC11,Input!$G$66)=0,($D$64*(1+$B$2)^AC11),0)","v":{"$error":"#DIV/0!"}}]
["Wires / tubes",null,{"$f":"IF(Input!$E$8=\"\",\"\",Input!$E$8)","v":"€"},{"$f":"Input!E67","v":0},{"$f":"IF(MOD(E11,Input!$G$67)=0,($D$65*(1+$B$2)^E11),0)","v":{"$error":"#DIV/0!"}},{"$f":"IF(MOD(F11,Input!$G$67)=0,($D$65*(1+$B$2)^F11),0)","v":{"$error":"#DIV/0!"}},{"$f":"IF(MOD(G11,Input!$G$67)=0,($D$65*(1+$B$2)^G11),0)","v":{"$error":"#DIV/0!"}},{"$f":"IF(MOD(H11,Input!$G$67)=0,($D$65*(1+$B$2)^H11),0)","v":{"$error":"#DIV/0!"}},{"$f":"IF(MOD(I11,Input!$G$67)=0,($D$65*(1+$B$2)^I11),0)","v":{"$error":"#DIV/0!"}},{"$f":"IF(MOD(J11,Input!$G$67)=0,($D$65*(1+$B$2)^J11),0)","v":{"$error":"#DIV/0!"}},{"$f":"IF(MOD(K11,Input!$G$67)=0,($D$65*(1+$B$2)^K11),0)","v":{"$error":"#DIV/0!"}},{"$f":"IF(MOD(L11,Input!$G$67)=0,($D$65*(1+$B$2)^L11),0)","v":{"$error":"#DIV/0!"}},{"$f":"IF(MOD(M11,Input!$G$67)=0,($D$65*(1+$B$2)^M11),0)","v":{"$error":"#DIV/0!"}},{"$f":"IF(MOD(N11,Input!$G$67)=0,($D$65*(1+$B$2)^N11),0)","v":{"$error":"#DIV/0!"}},{"$f":"IF(MOD(O11,Input!$G$67)=0,($D$65*(1+$B$2)^O11),0)","v":{"$error":"#DIV/0!"}},{"$f":"IF(MOD(P11,Input!$G$67)=0,($D$65*(1+$B$2)^P11),0)","v":{"$error":"#DIV/0!"}},{"$f":"IF(MOD(Q11,Input!$G$67)=0,($D$65*(1+$B$2)^Q11),0)","v":{"$error":"#DIV/0!"}},{"$f":"IF(MOD(R11,Input!$G$67)=0,($D$65*(1+$B$2)^R11),0)","v":{"$error":"#DIV/0!"}},{"$f":"IF(MOD(S11,Input!$G$67)=0,($D$65*(1+$B$2)^S11),0)","v":{"$error":"#DIV/0!"}},{"$f":"IF(MOD(T11,Input!$G$67)=0,($D$65*(1+$B$2)^T11),0)","v":{"$error":"#DIV/0!"}},{"$f":"IF(MOD(U11,Input!$G$67)=0,($D$65*(1+$B$2)^U11),0)","v":{"$error":"#DIV/0!"}},{"$f":"IF(MOD(V11,Input!$G$67)=0,($D$65*(1+$B$2)^V11),0)","v":{"$error":"#DIV/0!"}},{"$f":"IF(MOD(W11,Input!$G$67)=0,($D$65*(1+$B$2)^W11),0)","v":{"$error":"#DIV/0!"}},{"$f":"IF(MOD(X11,Input!$G$67)=0,($D$65*(1+$B$2)^X11),0)","v":{"$error":"#DIV/0!"}},{"$f":"IF(MOD(Y11,Input!$G$67)=0,($D$65*(1+$B$2)^Y11),0)","v":{"$error":"#DIV/0!"}},{"$f":"IF(MOD(Z11,Input!$G$67)=0,($D$65*(1+$B$2)^Z11),0)","v":{"$error":"#DIV/0!"}},{"$f":"IF(MOD(AA11,Input!$G$67)=0,($D$65*(1+$B$2)^AA11),0)","v":{"$error":"#DIV/0!"}},{"$f":"IF(MOD(AB11,Input!$G$67)=0,($D$65*(1+$B$2)^AB11),0)","v":{"$error":"#DIV/0!"}},{"$f":"IF(MOD(AC11,Input!$G$67)=0,($D$65*(1+$B$2)^AC11),0)","v":{"$error":"#DIV/0!"}}]
[{"$f":"Input!C68","v":"reservoir  d’eau"},null,{"$f":"IF(Input!$E$8=\"\",\"\",Input!$E$8)","v":"€"},{"$f":"Input!E68","v":0},{"$f":"IF(MOD(E11,Input!$G$68)=0,($D$66*(1+$B$2)^E11),0)","v":{"$error":"#DIV/0!"}},{"$f":"IF(MOD(F11,Input!$G$68)=0,($D$66*(1+$B$2)^F11),0)","v":{"$error":"#DIV/0!"}},{"$f":"IF(MOD(G11,Input!$G$68)=0,($D$66*(1+$B$2)^G11),0)","v":{"$error":"#DIV/0!"}},{"$f":"IF(MOD(H11,Input!$G$68)=0,($D$66*(1+$B$2)^H11),0)","v":{"$error":"#DIV/0!"}},{"$f":"IF(MOD(I11,Input!$G$68)=0,($D$66*(1+$B$2)^I11),0)","v":{"$error":"#DIV/0!"}},{"$f":"IF(MOD(J11,Input!$G$68)=0,($D$66*(1+$B$2)^J11),0)","v":{"$error":"#DIV/0!"}},{"$f":"IF(MOD(K11,Input!$G$68)=0,($D$66*(1+$B$2)^K11),0)","v":{"$error":"#DIV/0!"}},{"$f":"IF(MOD(L11,Input!$G$68)=0,($D$66*(1+$B$2)^L11),0)","v":{"$error":"#DIV/0!"}},{"$f":"IF(MOD(M11,Input!$G$68)=0,($D$66*(1+$B$2)^M11),0)","v":{"$error":"#DIV/0!"}},{"$f":"IF(MOD(N11,Input!$G$68)=0,($D$66*(1+$B$2)^N11),0)","v":{"$error":"#DIV/0!"}},{"$f":"IF(MOD(O11,Input!$G$68)=0,($D$66*(1+$B$2)^O11),0)","v":{"$error":"#DIV/0!"}},{"$f":"IF(MOD(P11,Input!$G$68)=0,($D$66*(1+$B$2)^P11),0)","v":{"$error":"#DIV/0!"}},{"$f":"IF(MOD(Q11,Input!$G$68)=0,($D$66*(1+$B$2)^Q11),0)","v":{"$error":"#DIV/0!"}},{"$f":"IF(MOD(R11,Input!$G$68)=0,($D$66*(1+$B$2)^R11),0)","v":{"$error":"#DIV/0!"}},{"$f":"IF(MOD(S11,Input!$G$68)=0,($D$66*(1+$B$2)^S11),0)","v":{"$error":"#DIV/0!"}},{"$f":"IF(MOD(T11,Input!$G$68)=0,($D$66*(1+$B$2)^T11),0)","v":{"$error":"#DIV/0!"}},{"$f":"IF(MOD(U11,Input!$G$68)=0,($D$66*(1+$B$2)^U11),0)","v":{"$error":"#DIV/0!"}},{"$f":"IF(MOD(V11,Input!$G$68)=0,($D$66*(1+$B$2)^V11),0)","v":{"$error":"#DIV/0!"}},{"$f":"IF(MOD(W11,Input!$G$68)=0,($D$66*(1+$B$2)^W11),0)","v":{"$error":"#DIV/0!"}},{"$f":"IF(MOD(X11,Input!$G$68)=0,($D$66*(1+$B$2)^X11),0)","v":{"$error":"#DIV/0!"}},{"$f":"IF(MOD(Y11,Input!$G$68)=0,($D$66*(1+$B$2)^Y11),0)","v":{"$error":"#DIV/0!"}},{"$f":"IF(MOD(Z11,Input!$G$68)=0,($D$66*(1+$B$2)^Z11),0)","v":{"$error":"#DIV/0!"}},{"$f":"IF(MOD(AA11,Input!$G$68)=0,($D$66*(1+$B$2)^AA11),0)","v":{"$error":"#DIV/0!"}},{"$f":"IF(MOD(AB11,Input!$G$68)=0,($D$66*(1+$B$2)^AB11),0)","v":{"$error":"#DIV/0!"}},{"$f":"IF(MOD(AC11,Input!$G$68)=0,($D$66*(1+$B$2)^AC11),0)","v":{"$error":"#DIV/0!"}}]
["Irrigation system",null,{"$f":"IF(Input!$E$8=\"\",\"\",Input!$E$8)","v":"€"},{"$f":"Input!E69","v":0},{"$f":"IF(MOD(E11,Input!$G$69)=0,($D$67*(1+$B$2)^E11),0)","v":{"$error":"#DIV/0!"}},{"$f":"IF(MOD(F11,Input!$G$69)=0,($D$67*(1+$B$2)^F11),0)","v":{"$error":"#DIV/0!"}},{"$f":"IF(MOD(G11,Input!$G$69)=0,($D$67*(1+$B$2)^G11),0)","v":{"$error":"#DIV/0!"}},{"$f":"IF(MOD(H11,Input!$G$69)=0,($D$67*(1+$B$2)^H11),0)","v":{"$error":"#DIV/0!"}},{"$f":"IF(MOD(I11,Input!$G$69)=0,($D$67*(1+$B$2)^I11),0)","v":{"$error":"#DIV/0!"}},{"$f":"IF(MOD(J11,Input!$G$69)=0,($D$67*(1+$B$2)^J11),0)","v":{"$error":"#DIV/0!"}},{"$f":"IF(MOD(K11,Input!$G$69)=0,($D$67*(1+$B$2)^K11),0)","v":{"$error":"#DIV/0!"}},{"$f":"IF(MOD(L11,Input!$G$69)=0,($D$67*(1+$B$2)^L11),0)","v":{"$error":"#DIV/0!"}},{"$f":"IF(MOD(M11,Input!$G$69)=0,($D$67*(1+$B$2)^M11),0)","v":{"$error":"#DIV/0!"}},{"$f":"IF(MOD(N11,Input!$G$69)=0,($D$67*(1+$B$2)^N11),0)","v":{"$error":"#DIV/0!"}},{"$f":"IF(MOD(O11,Input!$G$69)=0,($D$67*(1+$B$2)^O11),0)","v":{"$error":"#DIV/0!"}},{"$f":"IF(MOD(P11,Input!$G$69)=0,($D$67*(1+$B$2)^P11),0)","v":{"$error":"#DIV/0!"}},{"$f":"IF(MOD(Q11,Input!$G$69)=0,($D$67*(1+$B$2)^Q11),0)","v":{"$error":"#DIV/0!"}},{"$f":"IF(MOD(R11,Input!$G$69)=0,($D$67*(1+$B$2)^R11),0)","v":{"$error":"#DIV/0!"}},{"$f":"IF(MOD(S11,Input!$G$69)=0,($D$67*(1+$B$2)^S11),0)","v":{"$error":"#DIV/0!"}},{"$f":"IF(MOD(T11,Input!$G$69)=0,($D$67*(1+$B$2)^T11),0)","v":{"$error":"#DIV/0!"}},{"$f":"IF(MOD(U11,Input!$G$69)=0,($D$67*(1+$B$2)^U11),0)","v":{"$error":"#DIV/0!"}},{"$f":"IF(MOD(V11,Input!$G$69)=0,($D$67*(1+$B$2)^V11),0)","v":{"$error":"#DIV/0!"}},{"$f":"IF(MOD(W11,Input!$G$69)=0,($D$67*(1+$B$2)^W11),0)","v":{"$error":"#DIV/0!"}},{"$f":"IF(MOD(X11,Input!$G$69)=0,($D$67*(1+$B$2)^X11),0)","v":{"$error":"#DIV/0!"}},{"$f":"IF(MOD(Y11,Input!$G$69)=0,($D$67*(1+$B$2)^Y11),0)","v":{"$error":"#DIV/0!"}},{"$f":"IF(MOD(Z11,Input!$G$69)=0,($D$67*(1+$B$2)^Z11),0)","v":{"$error":"#DIV/0!"}},{"$f":"IF(MOD(AA11,Input!$G$69)=0,($D$67*(1+$B$2)^AA11),0)","v":{"$error":"#DIV/0!"}},{"$f":"IF(MOD(AB11,Input!$G$69)=0,($D$67*(1+$B$2)^AB11),0)","v":{"$error":"#DIV/0!"}},{"$f":"IF(MOD(AC11,Input!$G$69)=0,($D$67*(1+$B$2)^AC11),0)","v":{"$error":"#DIV/0!"}}]
["Drilling",null,{"$f":"IF(Input!$E$8=\"\",\"\",Input!$E$8)","v":"€"},{"$f":"Input!E70","v":0}]
["Installation",null,{"$f":"IF(Input!$E$8=\"\",\"\",Input!$E$8)","v":"€"},{"$f":"Input!E71","v":0}]
["Other Costs",null,{"$f":"IF(Input!$E$8=\"\",\"\",Input!$E$8)","v":"€"},{"$f":"Input!E72","v":0}]
["Loan Repayment",null,{"$f":"IF(Input!$E$8=\"\",\"\",Input!$E$8)","v":"€"},0,{"$f":"IF(E11<='Loan Repayment Grid'!Loan_Years,'Loan Repayment Grid'!Scheduled_Monthly_Payment,0)","v":0},{"$f":"IF(F11<='Loan Repayment Grid'!Loan_Years,'Loan Repayment Grid'!Scheduled_Monthly_Payment,0)","v":0},{"$f":"IF(G11<='Loan Repayment Grid'!Loan_Years,'Loan Repayment Grid'!Scheduled_Monthly_Payment,0)","v":0},{"$f":"IF(H11<='Loan Repayment Grid'!Loan_Years,'Loan Repayment Grid'!Scheduled_Monthly_Payment,0)","v":0},{"$f":"IF(I11<='Loan Repayment Grid'!Loan_Years,'Loan Repayment Grid'!Scheduled_Monthly_Payment,0)","v":0},{"$f":"IF(J11<='Loan Repayment Grid'!Loan_Years,'Loan Repayment Grid'!Scheduled_Monthly_Payment,0)","v":0},{"$f":"IF(K11<='Loan Repayment Grid'!Loan_Years,'Loan Repayment Grid'!Scheduled_Monthly_Payment,0)","v":0},{"$f":"IF(L11<='Loan Repayment Grid'!Loan_Years,'Loan Repayment Grid'!Scheduled_Monthly_Payment,0)","v":0},{"$f":"IF(M11<='Loan Repayment Grid'!Loan_Years,'Loan Repayment Grid'!Scheduled_Monthly_Payment,0)","v":0},{"$f":"IF(N11<='Loan Repayment Grid'!Loan_Years,'Loan Repayment Grid'!Scheduled_Monthly_Payment,0)","v":0},{"$f":"IF(O11<='Loan Repayment Grid'!Loan_Years,'Loan Repayment Grid'!Scheduled_Monthly_Payment,0)","v":0},{"$f":"IF(P11<='Loan Repayment Grid'!Loan_Years,'Loan Repayment Grid'!Scheduled_Monthly_Payment,0)","v":0},{"$f":"IF(Q11<='Loan Repayment Grid'!Loan_Years,'Loan Repayment Grid'!Scheduled_Monthly_Payment,0)","v":0},{"$f":"IF(R11<='Loan Repayment Grid'!Loan_Years,'Loan Repayment Grid'!Scheduled_Monthly_Payment,0)","v":0},{"$f":"IF(S11<='Loan Repayment Grid'!Loan_Years,'Loan Repayment Grid'!Scheduled_Monthly_Payment,0)","v":0},{"$f":"IF(T11<='Loan Repayment Grid'!Loan_Years,'Loan Repayment Grid'!Scheduled_Monthly_Payment,0)","v":0},{"$f":"IF(U11<='Loan Repayment Grid'!Loan_Years,'Loan Repayment Grid'!Scheduled_Monthly_Payment,0)","v":0},{"$f":"IF(V11<='Loan Repayment Grid'!Loan_Years,'Loan Repayment Grid'!Scheduled_Monthly_Payment,0)","v":0},{"$f":"IF(W11<='Loan Repayment Grid'!Loan_Years,'Loan Repayment Grid'!Scheduled_Monthly_Payment,0)","v":0},{"$f":"IF(X11<='Loan Repayment Grid'!Loan_Years,'Loan Repayment Grid'!Scheduled_Monthly_Payment,0)","v":0},{"$f":"IF(Y11<='Loan Repayment Grid'!Loan_Years,'Loan Repayment Grid'!Scheduled_Monthly_Payment,0)","v":0},{"$f":"IF(Z11<='Loan Repayment Grid'!Loan_Years,'Loan Repayment Grid'!Scheduled_Monthly_Payment,0)","v":0},{"$f":"IF(AA11<='Loan Repayment Grid'!Loan_Years,'Loan Repayment Grid'!Scheduled_Monthly_Payment,0)","v":0},{"$f":"IF(AB11<='Loan Repayment Grid'!Loan_Years,'Loan Repayment Grid'!Scheduled_Monthly_Payment,0)","v":0},{"$f":"IF(AC11<='Loan Repayment Grid'!Loan_Years,'Loan Repayment Grid'!Scheduled_Monthly_Payment,0)","v":0}]
["Electricity costs:",null,{"$f":"IF(Input!$E$8=\"\",\"\",Input!$E$8)","v":"€"},0,{"$f":"Input!E77","v":0},{"$f":"E72*(1+(1*$B$6))","v":0},{"$f":"F72*(1+(1*$B$6))","v":0},{"$f":"G72*(1+(1*$B$6))","v":0},0,0,0,0,0,0,0,0,0,0,0,0,0,0,0,0,0,0,0,0,0]
["Operating Costs:",null,{"$f":"IF(Input!$E$8=\"\",\"\",Input!$E$8)","v":"€"},0,{"$f":"SUM(Input!E78:E79)","v":0},{"$f":"E73*(1+(1*$B$2))","v":0},0,0,0,0,0,0,0,0,0,0,0,0,0,0,0,0,0,0,0,0,0,0,0]
["Water levy",null,null,null,{"$f":"$B$8*$B$9","v":0},{"$f":"$B$8*$B$9","v":0},0,0,0,0,0,0,0,0,0,0,0,0,0,0,0,0,0,0,0,0,0,0,0]
[]
["Gross Expenses System per year:",null,{"$f":"IF(Input!$E$8=\"\",\"\",Input!$E$8)","v":"€"},{"$f":"SUM(D62:D70)","v":0},{"$f":"E72+E73+E74+SUMIF(E62:E71,\"<1E+307\")","v":0},{"$f":"F72+F73+F74+SUMIF(F62:F71,\"<1E+307\")","v":0},0,0,0,0,0,0,0,0,0,0,0,0,0,0,0,0,0,0,0,0,0,0,0]
[]
[]
["Cash Flow:",null,{"$f":"IF(Input!$E$8=\"\",\"\",Input!$E$8)","v":"€"},{"$f":"D14-D84","v":0},{"$f":"E14-E84","v":0},0,0,0,0,0,0,0,0,0,0,0,0,0,0,0,0,0,0,0,0,0,0,0,0]
[]
[null,null,null,{"$f":"IF(D79>0,\"Yes\",\"No\")","v":"No"},{"$f":"IF(E79>0,\"Yes\",\"No\")","v":"No"},"No","No","No","No","No","No","No","No","No","No","No","No","No","No","No","No","No","No","No","No","No","No","No","No"]
["Payback period against investment (years)",{"$f":"IF(AC79<0,\"no payback\",COUNTIF(D79:AC79,\"<0\"))","v":0},"years"]
[]
["System Life Cycle Costs",{"$f":"IF($A$85=TRUE,AC85,NA())","v":0},{"$f":"IF(Input!$E$8=\"\",\"\",Input!$E$8)","v":"€"},{"$f":"IF($A$85=TRUE,D85,NA())","v":0},0,0,0,0,0,0,0,0,0,0,0,0,0,0,0,0,0,0,0,0,0,0,0,0,0]
[true,null,null,{"$f":"D76","v":0},{"$f":"SUM($D$76:E76)","v":0},{"$f":"SUM($D$76:F76)","v":0},{"$f":"SUM($D$76:G76)","v":0},{"$f":"SUM($D$76:H76)","v":0},{"$f":"SUM($D$76:I76)","v":0},{"$f":"SUM($D$76:J76)","v":0},{"$f":"SUM($D$76:K76)","v":0},{"$f":"SUM($D$76:L76)","v":0},{"$f":"SUM($D$76:M76)","v":0},{"$f":"SUM($D$76:N76)","v":0},{"$f":"SUM($D$76:O76)","v":0},{"$f":"SUM($D$76:P76)","v":0},{"$f":"SUM($D$76:Q76)","v":0},{"$f":"SUM($D$76:R76)","v":0},{"$f":"SUM($D$76:S76)","v":0},{"$f":"SUM($D$76:T76)","v":0},{"$f":"SUM($D$76:U76)","v":0},{"$f":"SUM($D$76:V76)","v":0},{"$f":"SUM($D$76:W76)","v":0},{"$f":"SUM($D$76:X76)","v":0},{"$f":"SUM($D$76:Y76)","v":0},{"$f":"SUM($D$76:Z76)","v":0},{"$f":"SUM($D$76:AA76)","v":0},{"$f":"SUM($D$76:AB76)","v":0},{"$f":"SUM($D$76:AC76)","v":0}]
["Cost of water",null,{"$f":"IF(Input!$E$8=\"\",\"\",Input!$E$8&\" /m3\")","v":"€ /m3"},{"$f":"D76/($B$9*365)","v":{"$error":"#DIV/0!"}},{"$f":"E76/($B$9*365)","v":{"$error":"#DIV/0!"}},{"$error":"#DIV/0!"},{"$error":"#DIV/0!"},{"$error":"#DIV/0!"},{"$error":"#DIV/0!"},{"$error":"#DIV/0!"},{"$error":"#DIV/0!"},{"$error":"#DIV/0!"},{"$error":"#DIV/0!"},{"$error":"#DIV/0!"},{"$error":"#DIV/0!"},{"$error":"#DIV/0!"},{"$error":"#DIV/0!"},{"$error":"#DIV/0!"},{"$error":"#DIV/0!"},{"$error":"#DIV/0!"},{"$error":"#DIV/0!"},{"$error":"#DIV/0!"},{"$error":"#DIV/0!"},{"$error":"#DIV/0!"},{"$error":"#DIV/0!"},{"$error":"#DIV/0!"},{"$error":"#DIV/0!"},{"$error":"#DIV/0!"},{"$error":"#DIV/0!"}]
["Average water cost over 25 years",{"$f":"AVERAGE(D86:AC86)","v":{"$error":"#DIV/0!"}},{"$f":"IF(Input!$E$8=\"\",\"\",Input!$E$8&\" /m3\")","v":"€ /m3"},{"$nulls":5},{"$f":"AVERAGE(D86:I86)","v":{"$error":"#DIV/0!"}},{"$nulls":4},{"$f":"AVERAGE(D86:N86)","v":{"$error":"#DIV/0!"}}]
[]
["NPV",{"$f":"Input!E12","v":0},{"$f":"NPV(B89,E79:AC79)+D79","v":0}]
["IRR",null,{"$f":"IRR(D79:AC79)","v":{"$error":"#NUM!"}}]
[]
[]
[]
[]
[]
[]
[{"$nulls":13},"PV",null,"Diesel"]
[{"$nulls":11},"Anuties of Investment",null,{"$f":"C51","v":0},null,{"$f":"C89","v":0}]
[]
[{"$nulls":11},"Year",null,"Annuity","NPV","Annuity","NPV"]
[{"$nulls":11},0]
[{"$nulls":11},1,null,{"$f":"PMT($B$51,$L$121,$C$51,0,0)*-1","v":0},{"$f":"N102*(1.05^-L102)","v":0},{"$f":"PMT($B$89,$L$121,$C$89,0,0)*-1","v":0},{"$f":"P102*(1.06^-L102)","v":0}]
[{"$nulls":11},{"$f":"L102+1","v":2},null,{"$f":"PMT($B$51,$L$121,$C$51,0,0)*-1","v":0},{"$f":"N103*(1.06^-L103)","v":0},{"$f":"PMT($B$89,$L$121,$C$89,0,0)*-1","v":0},{"$f":"P103*(1.06^-L103)","v":0}]
[{"$nulls":11},3,null,0,0,0,0]
[{"$nulls":11},4,null,0,0,0,0]
[{"$nulls":11},5,null,0,0,0,0]
[{"$nulls":11},6,null,0,0,0,0]
[{"$nulls":11},7,null,0,0,0,0]
[{"$nulls":11},8,null,0,0,0,0]
[{"$nulls":11},9,null,0,0,0,0]
[{"$nulls":11},10,null,0,0,0,0]
[{"$nulls":11},11,null,0,0,0,0]
[{"$nulls":11},12,null,0,0,0,0]
[{"$nulls":11},13,null,0,0,0,0]
[{"$nulls":11},14,null,0,0,0,0]
[{"$nulls":11},15,null,0,0,0,0]
[{"$nulls":11},16,null,0,0,0,0]
[{"$nulls":11},17,null,0,0,0,0]
[{"$nulls":11},18,null,0,0,0,0]
[{"$nulls":11},19,null,0,0,0,0]
[{"$nulls":11},20,null,0,0,0,0]
[]
[{"$nulls":11},"Total",null,null,{"$f":"SUM(O102:O121)","v":0},null,{"$f":"SUM(Q102:Q121)","v":0}]
[]
[]
[]
[{"$f":"Input!D92","v":"Système d'irrigation à generateur diesel"}]
[]
[{"$f":"Input!C96","v":"Génératrice"},null,{"$f":"IF(Input!$E$8=\"\",\"\",Input!$E$8)","v":"€"},{"$f":"Input!E96","v":0},{"$f":"IF(MOD(E11,Input!$G$96)=0,($D$129*(1+$B$2)^E11),0)","v":{"$error":"#DIV/0!"}},{"$f":"IF(MOD(F11,Input!$G$96)=0,($D$129*(1+$B$2)^F11),0)","v":{"$error":"#DIV/0!"}},{"$f":"IF(MOD(G11,Input!$G$96)=0,($D$129*(1+$B$2)^G11),0)","v":{"$error":"#DIV/0!"}},{"$f":"IF(MOD(H11,Input!$G$96)=0,($D$129*(1+$B$2)^H11),0)","v":{"$error":"#DIV/0!"}},{"$f":"IF(MOD(I11,Input!$G$96)=0,($D$129*(1+$B$2)^I11),0)","v":{"$error":"#DIV/0!"}},{"$f":"IF(MOD(J11,Input!$G$96)=0,($D$129*(1+$B$2)^J11),0)","v":{"$error":"#DIV/0!"}},{"$f":"IF(MOD(K11,Input!$G$96)=0,($D$129*(1+$B$2)^K11),0)","v":{"$error":"#DIV/0!"}},{"$f":"IF(MOD(L11,Input!$G$96)=0,($D$129*(1+$B$2)^L11),0)","v":{"$error":"#DIV/0!"}},{"$f":"IF(MOD(M11,Input!$G$96)=0,($D$129*(1+$B$2)^M11),0)","v":{"$error":"#DIV/0!"}},{"$f":"IF(MOD(N11,Input!$G$96)=0,($D$129*(1+$B$2)^N11),0)","v":{"$error":"#DIV/0!"}},{"$f":"IF(MOD(O11,Input!$G$96)=0,($D$129*(1+$B$2)^O11),0)","v":{"$error":"#DIV/0!"}},{"$f":"IF(MOD(P11,Input!$G$96)=0,($D$129*(1+$B$2)^P11),0)","v":{"$error":"#DIV/0!"}},{"$f":"IF(MOD(Q11,Input!$G$96)=0,($D$129*(1+$B$2)^Q11),0)","v":{"$error":"#DIV/0!"}},{"$f":"IF(MOD(R11,Input!$G$96)=0,($D$129*(1+$B$2)^R11),0)","v":{"$error":"#DIV/0!"}},{"$f":"IF(MOD(S11,Input!$G$96)=0,($D$129*(1+$B$2)^S11),0)","v":{"$error":"#DIV/0!"}},{"$f":"IF(MOD(T11,Input!$G$96)=0,($D$129*(1+$B$2)^T11),0)","v":{"$error":"#DIV/0!"}},{"$f":"IF(MOD(U11,Input!$G$96)=0,($D$129*(1+$B$2)^U11),0)","v":{"$error":"#DIV/0!"}},{"$f":"IF(MOD(V11,Input!$G$96)=0,($D$129*(1+$B$2)^V11),0)","v":{"$error":"#DIV/0!"}},{"$f":"IF(MOD(W11,Input!$G$96)=0,($D$129*(1+$B$2)^W11),0)","v":{"$error":"#DIV/0!"}},{"$f":"IF(MOD(X11,Input!$G$96)=0,($D$129*(1+$B$2)^X11),0)","v":{"$error":"#DIV/0!"}},{"$f":"IF(MOD(Y11,Input!$G$96)=0,($D$129*(1+$B$2)^Y11),0)","v":{"$error":"#DIV/0!"}},{"$f":"IF(MOD(Z11,Input!$G$96)=0,($D$129*(1+$B$2)^Z11),0)","v":{"$error":"#DIV/0!"}},{"$f":"IF(MOD(AA11,Input!$G$96)=0,($D$129*(1+$B$2)^AA11),0)","v":{"$error":"#DIV/0!"}},{"$f":"IF(MOD(AB11,Input!$G$96)=0,($D$129*(1+$B$2)^AB11),0)","v":{"$error":"#DIV/0!"}},{"$f":"IF(MOD(AC11,Input!$G$96)=0,($D$129*(1+$B$2)^AC11),0)","v":{"$error":"#DIV/0!"}}]
[{"$f":"Input!C97","v":"Pompe"},null,{"$f":"IF(Input!$E$8=\"\",\"\",Input!$E$8)","v":"€"},{"$f":"Input!E97","v":0},{"$f":"IF(MOD(E11,Input!$G$97)=0,($D$130*(1+$B$2)^E11),0)","v":{"$error":"#DIV/0!"}},{"$f":"IF(MOD(F11,Input!$G$97)=0,($D$130*(1+$B$2)^F11),0)","v":{"$error":"#DIV/0!"}},{"$f":"IF(MOD(G11,Input!$G$97)=0,($D$130*(1+$B$2)^G11),0)","v":{"$error":"#DIV/0!"}},{"$f":"IF(MOD(H11,Input!$G$97)=0,($D$130*(1+$B$2)^H11),0)","v":{"$error":"#DIV/0!"}},{"$f":"IF(MOD(I11,Input!$G$97)=0,($D$130*(1+$B$2)^I11),0)","v":{"$error":"#DIV/0!"}},{"$f":"IF(MOD(J11,Input!$G$97)=0,($D$130*(1+$B$2)^J11),0)","v":{"$error":"#DIV/0!"}},{"$f":"IF(MOD(K11,Input!$G$97)=0,($D$130*(1+$B$2)^K11),0)","v":{"$error":"#DIV/0!"}},{"$f":"IF(MOD(L11,Input!$G$97)=0,($D$130*(1+$B$2)^L11),0)","v":{"$error":"#DIV/0!"}},{"$f":"IF(MOD(M11,Input!$G$97)=0,($D$130*(1+$B$2)^M11),0)","v":{"$error":"#DIV/0!"}},{"$f":"IF(MOD(N11,Input!$G$97)=0,($D$130*(1+$B$2)^N11),0)","v":{"$error":"#DIV/0!"}},{"$f":"IF(MOD(O11,Input!$G$97)=0,($D$130*(1+$B$2)^O11),0)","v":{"$error":"#DIV/0!"}},{"$f":"IF(MOD(P11,Input!$G$97)=0,($D$130*(1+$B$2)^P11),0)","v":{"$error":"#DIV/0!"}},{"$f":"IF(MOD(Q11,Input!$G$97)=0,($D$130*(1+$B$2)^Q11),0)","v":{"$error":"#DIV/0!"}},{"$f":"IF(MOD(R11,Input!$G$97)=0,($D$130*(1+$B$2)^R11),0)","v":{"$error":"#DIV/0!"}},{"$f":"IF(MOD(S11,Input!$G$97)=0,($D$130*(1+$B$2)^S11),0)","v":{"$error":"#DIV/0!"}},{"$f":"IF(MOD(T11,Input!$G$97)=0,($D$130*(1+$B$2)^T11),0)","v":{"$error":"#DIV/0!"}},{"$f":"IF(MOD(U11,Input!$G$97)=0,($D$130*(1+$B$2)^U11),0)","v":{"$error":"#DIV/0!"}},{"$f":"IF(MOD(V11,Input!$G$97)=0,($D$130*(1+$B$2)^V11),0)","v":{"$error":"#DIV/0!"}},{"$f":"IF(MOD(W11,Input!$G$97)=0,($D$130*(1+$B$2)^W11),0)","v":{"$error":"#DIV/0!"}},{"$f":"IF(MOD(X11,Input!$G$97)=0,($D$130*(1+$B$2)^X11),0)","v":{"$error":"#DIV/0!"}},{"$f":"IF(MOD(Y11,Input!$G$97)=0,($D$130*(1+$B$2)^Y11),0)","v":{"$error":"#DIV/0!"}},{"$f":"IF(MOD(Z11,Input!$G$97)=0,($D$130*(1+$B$2)^Z11),0)","v":{"$error":"#DIV/0!"}},{"$f":"IF(MOD(AA11,Input!$G$97)=0,($D$130*(1+$B$2)^AA11),0)","v":{"$error":"#DIV/0!"}},{"$f":"IF(MOD(AB11,Input!$G$97)=0,($D$130*(1+$B$2)^AB11),0)","v":{"$error":"#DIV/0!"}},{"$f":"IF(MOD(AC11,Input!$G$97)=0,($D$130*(1+$B$2)^AC11),0)","v":{"$error":"#DIV/0!"}}]
["Wires / tubes",null,{"$f":"IF(Input!$E$8=\"\",\"\",Input!$E$8)","v":"€"},{"$f":"Input!E98","v":0},{"$f":"IF(MOD(E11,Input!$G$98)=0,($D$131*(1+$B$2)^E11),0)","v":{"$error":"#DIV/0!"}},{"$f":"IF(MOD(F11,Input!$G$98)=0,($D$131*(1+$B$2)^F11),0)","v":{"$error":"#DIV/0!"}},{"$f":"IF(MOD(G11,Input!$G$98)=0,($D$131*(1+$B$2)^G11),0)","v":{"$error":"#DIV/0!"}},{"$f":"IF(MOD(H11,Input!$G$98)=0,($D$131*(1+$B$2)^H11),0)","v":{"$error":"#DIV/0!"}},{"$f":"IF(MOD(I11,Input!$G$98)=0,($D$131*(1+$B$2)^I11),0)","v":{"$error":"#DIV/0!"}},{"$f":"IF(MOD(J11,Input!$G$98)=0,($D$131*(1+$B$2)^J11),0)","v":{"$error":"#DIV/0!"}},{"$f":"IF(MOD(K11,Input!$G$98)=0,($D$131*(1+$B$2)^K11),0)","v":{"$error":"#DIV/0!"}},{"$f":"IF(MOD(L11,Input!$G$98)=0,($D$131*(1+$B$2)^L11),0)","v":{"$error":"#DIV/0!"}},{"$f":"IF(MOD(M11,Input!$G$98)=0,($D$131*(1+$B$2)^M11),0)","v":{"$error":"#DIV/0!"}},{"$f":"IF(MOD(N11,Input!$G$98)=0,($D$131*(1+$B$2)^N11),0)","v":{"$error":"#DIV/0!"}},{"$f":"IF(MOD(O11,Input!$G$98)=0,($D$131*(1+$B$2)^O11),0)","v":{"$error":"#DIV/0!"}},{"$f":"IF(MOD(P11,Input!$G$98)=0,($D$131*(1+$B$2)^P11),0)","v":{"$error":"#DIV/0!"}},{"$f":"IF(MOD(Q11,Input!$G$98)=0,($D$131*(1+$B$2)^Q11),0)","v":{"$error":"#DIV/0!"}},{"$f":"IF(MOD(R11,Input!$G$98)=0,($D$131*(1+$B$2)^R11),0)","v":{"$error":"#DIV/0!"}},{"$f":"IF(MOD(S11,Input!$G$98)=0,($D$131*(1+$B$2)^S11),0)","v":{"$error":"#DIV/0!"}},{"$f":"IF(MOD(T11,Input!$G$98)=0,($D$131*(1+$B$2)^T11),0)","v":{"$error":"#DIV/0!"}},{"$f":"IF(MOD(U11,Input!$G$98)=0,($D$131*(1+$B$2)^U11),0)","v":{"$error":"#DIV/0!"}},{"$f":"IF(MOD(V11,Input!$G$98)=0,($D$131*(1+$B$2)^V11),0)","v":{"$error":"#DIV/0!"}},{"$f":"IF(MOD(W11,Input!$G$98)=0,($D$131*(1+$B$2)^W11),0)","v":{"$error":"#DIV/0!"}},{"$f":"IF(MOD(X11,Input!$G$98)=0,($D$131*(1+$B$2)^X11),0)","v":{"$error":"#DIV/0!"}},{"$f":"IF(MOD(Y11,Input!$G$98)=0,($D$131*(1+$B$2)^Y11),0)","v":{"$error":"#DIV/0!"}},{"$f":"IF(MOD(Z11,Input!$G$98)=0,($D$131*(1+$B$2)^Z11),0)","v":{"$error":"#DIV/0!"}},{"$f":"IF(MOD(AA11,Input!$G$98)=0,($D$131*(1+$B$2)^AA11),0)","v":{"$error":"#DIV/0!"}},{"$f":"IF(MOD(AB11,Input!$G$98)=0,($D$131*(1+$B$2)^AB11),0)","v":{"$error":"#DIV/0!"}},{"$f":"IF(MOD(AC11,Input!$G$98)=0,($D$131*(1+$B$2)^AC11),0)","v":{"$error":"#DIV/0!"}}]
[{"$f":"Input!C99","v":"Reservoir d’eau"},null,{"$f":"IF(Input!$E$8=\"\",\"\",Input!$E$8)","v":"€"},{"$f":"Input!E99","v":0},{"$f":"IF(MOD(E11,Input!$G$99)=0,($D$132*(1+$B$2)^E11),0)","v":{"$error":"#DIV/0!"}},{"$f":"IF(MOD(F11,Input!$G$99)=0,($D$132*(1+$B$2)^F11),0)","v":{"$error":"#DIV/0!"}},{"$f":"IF(MOD(G11,Input!$G$99)=0,($D$132*(1+$B$2)^G11),0)","v":{"$error":"#DIV/0!"}},{"$f":"IF(MOD(H11,Input!$G$99)=0,($D$132*(1+$B$2)^H11),0)","v":{"$error":"#DIV/0!"}},{"$f":"IF(MOD(I11,Input!$G$99)=0,($D$132*(1+$B$2)^I11),0)","v":{"$error":"#DIV/0!"}},{"$f":"IF(MOD(J11,Input!$G$99)=0,($D$132*(1+$B$2)^J11),0)","v":{"$error":"#DIV/0!"}},{"$f":"IF(MOD(K11,Input!$G$99)=0,($D$132*(1+$B$2)^K11),0)","v":{"$error":"#DIV/0!"}},{"$f":"IF(MOD(L11,Input!$G$99)=0,($D$132*(1+$B$2)^L11),0)","v":{"$error":"#DIV/0!"}},{"$f":"IF(MOD(M11,Input!$G$99)=0,($D$132*(1+$B$2)^M11),0)","v":{"$error":"#DIV/0!"}},{"$f":"IF(MOD(N11,Input!$G$99)=0,($D$132*(1+$B$2)^N11),0)","v":{"$error":"#DIV/0!"}},{"$f":"IF(MOD(O11,Input!$G$99)=0,($D$132*(1+$B$2)^O11),0)","v":{"$error":"#DIV/0!"}},{"$f":"IF(MOD(P11,Input!$G$99)=0,($D$132*(1+$B$2)^P11),0)","v":{"$error":"#DIV/0!"}},{"$f":"IF(MOD(Q11,Input!$G$99)=0,($D$132*(1+$B$2)^Q11),0)","v":{"$error":"#DIV/0!"}},{"$f":"IF(MOD(R11,Input!$G$99)=0,($D$132*(1+$B$2)^R11),0)","v":{"$error":"#DIV/0!"}},{"$f":"IF(MOD(S11,Input!$G$99)=0,($D$132*(1+$B$2)^S11),0)","v":{"$error":"#DIV/0!"}},{"$f":"IF(MOD(T11,Input!$G$99)=0,($D$132*(1+$B$2)^T11),0)","v":{"$error":"#DIV/0!"}},{"$f":"IF(MOD(U11,Input!$G$99)=0,($D$132*(1+$B$2)^U11),0)","v":{"$error":"#DIV/0!"}},{"$f":"IF(MOD(V11,Input!$G$99)=0,($D$132*(1+$B$2)^V11),0)","v":{"$error":"#DIV/0!"}},{"$f":"IF(MOD(W11,Input!$G$99)=0,($D$132*(1+$B$2)^W11),0)","v":{"$error":"#DIV/0!"}},{"$f":"IF(MOD(X11,Input!$G$99)=0,($D$132*(1+$B$2)^X11),0)","v":{"$error":"#DIV/0!"}},{"$f":"IF(MOD(Y11,Input!$G$99)=0,($D$132*(1+$B$2)^Y11),0)","v":{"$error":"#DIV/0!"}},{"$f":"IF(MOD(Z11,Input!$G$99)=0,($D$132*(1+$B$2)^Z11),0)","v":{"$error":"#DIV/0!"}},{"$f":"IF(MOD(AA11,Input!$G$99)=0,($D$132*(1+$B$2)^AA11),0)","v":{"$error":"#DIV/0!"}},{"$f":"IF(MOD(AB11,Input!$G$99)=0,($D$132*(1+$B$2)^AB11),0)","v":{"$error":"#DIV/0!"}},{"$f":"IF(MOD(AC11,Input!$G$99)=0,($D$132*(1+$B$2)^AC11),0)","v":{"$error":"#DIV/0!"}}]
["Irrigation system",null,{"$f":"IF(Input!$E$8=\"\",\"\",Input!$E$8)","v":"€"},{"$f":"Input!E100","v":0},{"$f":"IF(MOD(E11,Input!$G$100)=0,($D$133*(1+$B$2)^E11),0)","v":{"$error":"#DIV/0!"}},{"$f":"IF(MOD(F11,Input!$G$100)=0,($D$133*(1+$B$2)^F11),0)","v":{"$error":"#DIV/0!"}},{"$f":"IF(MOD(G11,Input!$G$100)=0,($D$133*(1+$B$2)^G11),0)","v":{"$error":"#DIV/0!"}},{"$f":"IF(MOD(H11,Input!$G$100)=0,($D$133*(1+$B$2)^H11),0)","v":{"$error":"#DIV/0!"}},{"$f":"IF(MOD(I11,Input!$G$100)=0,($D$133*(1+$B$2)^I11),0)","v":{"$error":"#DIV/0!"}},{"$f":"IF(MOD(J11,Input!$G$100)=0,($D$133*(1+$B$2)^J11),0)","v":{"$error":"#DIV/0!"}},{"$f":"IF(MOD(K11,Input!$G$100)=0,($D$133*(1+$B$2)^K11),0)","v":{"$error":"#DIV/0!"}},{"$f":"IF(MOD(L11,Input!$G$100)=0,($D$133*(1+$B$2)^L11),0)","v":{"$error":"#DIV/0!"}},{"$f":"IF(MOD(M11,Input!$G$100)=0,($D$133*(1+$B$2)^M11),0)","v":{"$error":"#DIV/0!"}},{"$f":"IF(MOD(N11,Input!$G$100)=0,($D$133*(1+$B$2)^N11),0)","v":{"$error":"#DIV/0!"}},{"$f":"IF(MOD(O11,Input!$G$100)=0,($D$133*(1+$B$2)^O11),0)","v":{"$error":"#DIV/0!"}},{"$f":"IF(MOD(P11,Input!$G$100)=0,($D$133*(1+$B$2)^P11),0)","v":{"$error":"#DIV/0!"}},{"$f":"IF(MOD(Q11,Input!$G$100)=0,($D$133*(1+$B$2)^Q11),0)","v":{"$error":"#DIV/0!"}},{"$f":"IF(MOD(R11,Input!$G$100)=0,($D$133*(1+$B$2)^R11),0)","v":{"$error":"#DIV/0!"}},{"$f":"IF(MOD(S11,Input!$G$100)=0,($D$133*(1+$B$2)^S11),0)","v":{"$error":"#DIV/0!"}},{"$f":"IF(MOD(T11,Input!$G$100)=0,($D$133*(1+$B$2)^T11),0)","v":{"$error":"#DIV/0!"}},{"$f":"IF(MOD(U11,Input!$G$100)=0,($D$133*(1+$B$2)^U11),0)","v":{"$error":"#DIV/0!"}},{"$f":"IF(MOD(V11,Input!$G$100)=0,($D$133*(1+$B$2)^V11),0)","v":{"$error":"#DIV/0!"}},{"$f":"IF(MOD(W11,Input!$G$100)=0,($D$133*(1+$B$2)^W11),0)","v":{"$error":"#DIV/0!"}},{"$f":"IF(MOD(X11,Input!$G$100)=0,($D$133*(1+$B$2)^X11),0)","v":{"$error":"#DIV/0!"}},{"$f":"IF(MOD(Y11,Input!$G$100)=0,($D$133*(1+$B$2)^Y11),0)","v":{"$error":"#DIV/0!"}},{"$f":"IF(MOD(Z11,Input!$G$100)=0,($D$133*(1+$B$2)^Z11),0)","v":{"$error":"#DIV/0!"}},{"$f":"IF(MOD(AA11,Input!$G$100)=0,($D$133*(1+$B$2)^AA11),0)","v":{"$error":"#DIV/0!"}},{"$f":"IF(MOD(AB11,Input!$G$100)=0,($D$133*(1+$B$2)^AB11),0)","v":{"$error":"#DIV/0!"}},{"$f":"IF(MOD(AC11,Input!$G$100)=0,($D$133*(1+$B$2)^AC11),0)","v":{"$error":"#DIV/0!"}}]
["Drilling",null,{"$f":"IF(Input!$E$8=\"\",\"\",Input!$E$8)","v":"€"},{"$f":"Input!E101","v":0}]
["Installation",null,{"$f":"IF(Input!$E$8=\"\",\"\",Input!$E$8)","v":"€"},{"$f":"Input!E102","v":0}]
["Other Costs",null,{"$f":"IF(Input!$E$8=\"\",\"\",Input!$E$8)","v":"€"},{"$f":"Input!E103","v":0}]
["Loan Repayment",null,{"$f":"IF(Input!$E$8=\"\",\"\",Input!$E$8)","v":"€"},0,{"$f":"IF(E11<='Loan Repayment Diesel'!Loan_Years,'Loan Repayment Diesel'!Scheduled_Monthly_Payment,0)","v":0},{"$f":"IF(F11<='Loan Repayment Diesel'!Loan_Years,'Loan Repayment Diesel'!Scheduled_Monthly_Payment,0)","v":0},{"$f":"IF(G11<='Loan Repayment Diesel'!Loan_Years,'Loan Repayment Diesel'!Scheduled_Monthly_Payment,0)","v":0},{"$f":"IF(H11<='Loan Repayment Diesel'!Loan_Years,'Loan Repayment Diesel'!Scheduled_Monthly_Payment,0)","v":0},{"$f":"IF(I11<='Loan Repayment Diesel'!Loan_Years,'Loan Repayment Diesel'!Scheduled_Monthly_Payment,0)","v":0},{"$f":"IF(J11<='Loan Repayment Diesel'!Loan_Years,'Loan Repayment Diesel'!Scheduled_Monthly_Payment,0)","v":0},{"$f":"IF(K11<='Loan Repayment Diesel'!Loan_Years,'Loan Repayment Diesel'!Scheduled_Monthly_Payment,0)","v":0},{"$f":"IF(L11<='Loan Repayment Diesel'!Loan_Years,'Loan Repayment Diesel'!Scheduled_Monthly_Payment,0)","v":0},{"$f":"IF(M11<='Loan Repayment Diesel'!Loan_Years,'Loan Repayment Diesel'!Scheduled_Monthly_Payment,0)","v":0},{"$f":"IF(N11<='Loan Repayment Diesel'!Loan_Years,'Loan Repayment Diesel'!Scheduled_Monthly_Payment,0)","v":0},{"$f":"IF(O11<='Loan Repayment Diesel'!Loan_Years,'Loan Repayment Diesel'!Scheduled_Monthly_Payment,0)","v":0},{"$f":"IF(P11<='Loan Repayment Diesel'!Loan_Years,'Loan Repayment Diesel'!Scheduled_Monthly_Payment,0)","v":0},{"$f":"IF(Q11<='Loan Repayment Diesel'!Loan_Years,'Loan Repayment Diesel'!Scheduled_Monthly_Payment,0)","v":0},{"$f":"IF(R11<='Loan Repayment Diesel'!Loan_Years,'Loan Repayment Diesel'!Scheduled_Monthly_Payment,0)","v":0},{"$f":"IF(S11<='Loan Repayment Diesel'!Loan_Years,'Loan Repayment Diesel'!Scheduled_Monthly_Payment,0)","v":0},{"$f":"IF(T11<='Loan Repayment Diesel'!Loan_Years,'Loan Repayment Diesel'!Scheduled_Monthly_Payment,0)","v":0},{"$f":"IF(U11<='Loan Repayment Diesel'!Loan_Years,'Loan Repayment Diesel'!Scheduled_Monthly_Payment,0)","v":0},{"$f":"IF(V11<='Loan Repayment Diesel'!Loan_Years,'Loan Repayment Diesel'!Scheduled_Monthly_Payment,0)","v":0},{"$f":"IF(W11<='Loan Repayment Diesel'!Loan_Years,'Loan Repayment Diesel'!Scheduled_Monthly_Payment,0)","v":0},{"$f":"IF(X11<='Loan Repayment Diesel'!Loan_Years,'Loan Repayment Diesel'!Scheduled_Monthly_Payment,0)","v":0},{"$f":"IF(Y11<='Loan Repayment Diesel'!Loan_Years,'Loan Repayment Diesel'!Scheduled_Monthly_Payment,0)","v":0},{"$f":"IF(Z11<='Loan Repayment Diesel'!Loan_Years,'Loan Repayment Diesel'!Scheduled_Monthly_Payment,0)","v":0},{"$f":"IF(AA11<='Loan Repayment Diesel'!Loan_Years,'Loan Repayment Diesel'!Scheduled_Monthly_Payment,0)","v":0},{"$f":"IF(AB11<='Loan Repayment Diesel'!Loan_Years,'Loan Repayment Diesel'!Scheduled_Monthly_Payment,0)","v":0},{"$f":"IF(AC11<='Loan Repayment Diesel'!Loan_Years,'Loan Repayment Diesel'!Scheduled_Monthly_Payment,0)","v":0}]
["Fuel costs:",null,{"$f":"IF(Input!$E$8=\"\",\"\",Input!$E$8)","v":"€"},0,{"$f":"Input!E108","v":0},{"$f":"E138*(1+(1*$B$5))","v":0},{"$f":"F138*(1+(1*$B$5))","v":0},0,0,0,0,0,0,0,0,0,0,0,0,0,0,0,0,0,0,0,0,0,0]
["Operating Costs:",null,{"$f":"IF(Input!$E$8=\"\",\"\",Input!$E$8)","v":"€"},0,{"$f":"SUM(Input!E109:E110)","v":0},{"$f":"E139*(1+(1*$B$2))","v":0},{"$f":"F139*(1+(1*$B$2))","v":0},{"$f":"G139*(1+(1*$B$2))","v":0},{"$f":"H139*(1+(1*$B$2))","v":0},{"$f":"I139*(1+(1*$B$2))","v":0},{"$f":"J139*(1+(1*$B$2))","v":0},{"$f":"K139*(1+(1*$B$2))","v":0},{"$f":"L139*(1+(1*$B$2))","v":0},{"$f":"M139*(1+(1*$B$2))","v":0},{"$f":"N139*(1+(1*$B$2))","v":0},{"$f":"O139*(1+(1*$B$2))","v":0},{"$f":"P139*(1+(1*$B$2))","v":0},{"$f":"Q139*(1+(1*$B$2))","v":0},{"$f":"R139*(1+(1*$B$2))","v":0},{"$f":"S139*(1+(1*$B$2))","v":0},{"$f":"T139*(1+(1*$B$2))","v":0},{"$f":"U139*(1+(1*$B$2))","v":0},{"$f":"V139*(1+(1*$B$2))","v":0},{"$f":"W139*(1+(1*$B$2))","v":0},{"$f":"X139*(1+(1*$B$2))","v":0},{"$f":"Y139*(1+(1*$B$2))","v":0},{"$f":"Z139*(1+(1*$B$2))","v":0},{"$f":"AA139*(1+(1*$B$2))","v":0},{"$f":"AB139*(1+(1*$B$2))","v":0}]
["Water levy",null,null,null,{"$f":"$B$8*$B$9","v":0},{"$f":"$B$8*$B$9","v":0},0,0,0,0,0,0,0,0,0,0,0,0,0,0,0,0,0,0,0,0,0,0,0]
[]
["Gross Expenses System per year:",null,{"$f":"IF(Input!$E$8=\"\",\"\",Input!$E$8)","v":"€"},{"$f":"SUM(D129:D136)","v":0},{"$f":"E138+E139+E140+SUMIF(E129:E137,\"<1E+307\")","v":0},{"$f":"F138+F139+F140+SUMIF(F129:F137,\"<1E+307\")","v":0},0,0,0,0,0,0,0,0,0,0,0,0,0,0,0,0,0,0,0,0,0,0,0]
[]
[]
["Cash Flow:",null,{"$f":"IF(Input!$E$8=\"\",\"\",Input!$E$8)","v":"€"},{"$f":"D14-D150","v":0},{"$f":"E14-E150","v":0},{"$f":"F14-F150","v":0},{"$f":"G14-G150","v":0},0,0,0,0,0,0,0,0,0,0,0,0,0,0,0,0,0,0,0,0,0,0]
[]
[null,null,null,{"$f":"IF(D145>0,\"Yes\",\"No\")","v":"No"},{"$f":"IF(E145>0,\"Yes\",\"No\")","v":"No"},"No","No","No","No","No","No","No","No","No","No","No","No","No","No","No","No",{"$f":"IF(V145>0,\"Yes\",\"No\")","v":"No"},"No","No","No","No","No","No","No"]
["Payback period against investment (years)",{"$f":"IF(AC145<0,\"no payback\",COUNTIF(D145:AC145,\"<0\"))","v":0},"years"]
[]
["System Life Cycle Costs",{"$f":"IF($A$151=TRUE,AC151,NA())","v":0},{"$f":"IF(Input!$E$8=\"\",\"\",Input!$E$8)","v":"€"},{"$f":"IF($A$151=TRUE,D151,NA())","v":0},{"$f":"IF($A$151=TRUE,E151,NA())","v":0},0,0,0,0,0,0,0,0,0,0,0,0,0,0,0,0,0,0,0,0,0,0,0,{"$f":"IF($A$151=TRUE,AC151,NA())","v":0}]
[true,null,null,{"$f":"D142","v":0},{"$f":"SUM($D$142:E142)","v":0},{"$f":"SUM($D$142:F142)","v":0},{"$f":"SUM($D$142:G142)","v":0},{"$f":"SUM($D$142:H142)","v":0},{"$f":"SUM($D$142:I142)","v":0},{"$f":"SUM($D$142:J142)","v":0},{"$f":"SUM($D$142:K142)","v":0},{"$f":"SUM($D$142:L142)","v":0},{"$f":"SUM($D$142:M142)","v":0},{"$f":"SUM($D$142:N142)","v":0},{"$f":"SUM($D$142:O142)","v":0},{"$f":"SUM($D$142:P142)","v":0},{"$f":"SUM($D$142:Q142)","v":0},{"$f":"SUM($D$142:R142)","v":0},{"$f":"SUM($D$142:S142)","v":0},{"$f":"SUM($D$142:T142)","v":0},{"$f":"SUM($D$142:U142)","v":0},{"$f":"SUM($D$142:V142)","v":0},{"$f":"SUM($D$142:W142)","v":0},{"$f":"SUM($D$142:X142)","v":0},{"$f":"SUM($D$142:Y142)","v":0},{"$f":"SUM($D$142:Z142)","v":0},{"$f":"SUM($D$142:AA142)","v":0},{"$f":"SUM($D$142:AB142)","v":0},{"$f":"SUM($D$142:AC142)","v":0}]
["Cost of water",null,{"$f":"IF(Input!$E$8=\"\",\"\",Input!$E$8&\" /m3\")","v":"€ /m3"},{"$f":"D142/($B$9*365)","v":{"$error":"#DIV/0!"}},{"$f":"E142/($B$9*365)","v":{"$error":"#DIV/0!"}},{"$error":"#DIV/0!"},{"$error":"#DIV/0!"},{"$error":"#DIV/0!"},{"$error":"#DIV/0!"},{"$error":"#DIV/0!"},{"$error":"#DIV/0!"},{"$error":"#DIV/0!"},{"$error":"#DIV/0!"},{"$error":"#DIV/0!"},{"$error":"#DIV/0!"},{"$error":"#DIV/0!"},{"$error":"#DIV/0!"},{"$error":"#DIV/0!"},{"$error":"#DIV/0!"},{"$error":"#DIV/0!"},{"$error":"#DIV/0!"},{"$error":"#DIV/0!"},{"$error":"#DIV/0!"},{"$error":"#DIV/0!"},{"$error":"#DIV/0!"},{"$error":"#DIV/0!"},{"$error":"#DIV/0!"},{"$error":"#DIV/0!"},{"$error":"#DIV/0!"}]
["Average water cost over 25 years",{"$f":"AVERAGE(D152:AC152)","v":{"$error":"#DIV/0!"}},{"$f":"IF(Input!$E$8=\"\",\"\",Input!$E$8&\" /m3\")","v":"€ /m3"},{"$nulls":5},{"$f":"AVERAGE(D152:I152)","v":{"$error":"#DIV/0!"}},{"$nulls":4},{"$f":"AVERAGE(D152:N152)","v":{"$error":"#DIV/0!"}}]
[]
["NPV",{"$f":"Input!E12","v":0},{"$f":"NPV(B155,E145:AC145)+D145","v":0}]
["IRR",null,{"$f":"IRR(D145:AC145)","v":{"$error":"#NUM!"}}]
{"$rows_empty":24}
[{"$nulls":5},"Diagramms (Output) - Number:"]
[]
[]
[]
[{"$nulls":4},{"$f":"Output!B23","v":"Valeur actuelle nette (VAN) sur 25ans"},null,null,{"$f":"Output!B21","v":"Taux de rendement interne (IRR sur 25 ans)"},null,null,{"$f":"Output!B27","v":"Coûts du cycle de vie du système (25 ans)"},null,null,{"$f":"Output!B29","v":"Années de remboursement"},null,null,null,"Accumulated cash flow",null,null,"Water cost","5 years","10 years","25 years"]
[]
[{"$nulls":4},{"$f":"Input!D30","v":"\nSystème d'irrigation à énergie solaire"},{"$f":"C51","v":0},null,{"$f":"Input!D30","v":"\nSystème d'irrigation à énergie solaire"},{"$f":"C52","v":{"$error":"#NUM!"}},null,{"$f":"Input!D30","v":"\nSystème d'irrigation à énergie solaire"},{"$f":"B46","v":0},null,{"$f":"Input!D30","v":"\nSystème d'irrigation à énergie solaire"},{"$f":"B44","v":0},null,null,{"$f":"Input!D30","v":"\nSystème d'irrigation à énergie solaire"},{"$f":"AC41","v":0},null,{"$f":"Input!D30","v":"\nSystème d'irrigation à énergie solaire"},{"$f":"IF($A$47=TRUE,I49,NA())","v":{"$error":"#DIV/0!"}},{"$f":"IF($A$47=TRUE,N49,NA())","v":{"$error":"#DIV/0!"}},{"$f":"IF($A$47=TRUE,B49,NA())","v":{"$error":"#DIV/0!"}}]
[{"$nulls":4},{"$f":"Input!D60","v":"Système d'irrigation alimenté par le réseau électrique"},{"$f":"C89","v":0},null,{"$f":"Input!D60","v":"Système d'irrigation alimenté par le réseau électrique"},{"$f":"C90","v":{"$error":"#NUM!"}},null,{"$f":"Input!D60","v":"Système d'irrigation alimenté par le réseau électrique"},{"$f":"B84","v":0},null,{"$f":"Input!D60","v":"Système d'irrigation alimenté par le réseau électrique"},{"$f":"B82","v":0},null,null,{"$f":"Input!D60","v":"Système d'irrigation alimenté par le réseau électrique"},{"$f":"AC79","v":0},null,{"$f":"Input!D60","v":"Système d'irrigation alimenté par le réseau électrique"},{"$f":"IF($A$85=TRUE,I87,NA())","v":{"$error":"#DIV/0!"}},{"$f":"IF($A$85=TRUE,N87,NA())","v":{"$error":"#DIV/0!"}},{"$f":"IF($A$85=TRUE,B87,NA())","v":{"$error":"#DIV/0!"}}]
[{"$nulls":4},{"$f":"Input!D92","v":"Système d'irrigation à generateur diesel"},{"$f":"C155","v":0},null,{"$f":"Input!D92","v":"Système d'irrigation à generateur diesel"},{"$f":"C156","v":{"$error":"#NUM!"}},null,{"$f":"Input!D92","v":"Système d'irrigation à generateur diesel"},{"$f":"B150","v":0},null,{"$f":"Input!D92","v":"Système d'irrigation à generateur diesel"},{"$f":"B148","v":0},null,null,{"$f":"Input!D92","v":"Système d'irrigation à generateur diesel"},{"$f":"AC145","v":0},null,{"$f":"Input!D92","v":"Système d'irrigation à generateur diesel"},{"$f":"IF($A$151=TRUE,I153,NA())","v":{"$error":"#DIV/0!"}},{"$f":"IF($A$151=TRUE,N153,NA())","v":{"$error":"#DIV/0!"}},{"$f":"IF($A$151=TRUE,B153,NA())","v":{"$error":"#DIV/0!"}}]
[{"$nulls":4},{"$f":"\" \" & Input!E8","v":" €"},null,null,"%",null,null,{"$f":"\" \" & Input!E8","v":" €"},null,null,"Years",{"$nulls":4},{"$f":"\" \" & Input!E8","v":" €"},null,null,{"$f":"\" \" & Input!E8","v":" €"}]
[{"$nulls":4},{"$f":"\"Comparative accumulated income and system costs over first 10 years in \" & E190","v":"Comparative accumulated income and system costs over first 10 years in  €"}]
[{"$nulls":4},{"$f":"\"Comparative accumulated income and system costs over first 25 years in \" & E190","v":"Comparative accumulated income and system costs over first 25 years in  €"}]
[{"$nulls":4},{"$f":"\"Comparative accumulated cash flow over first 10 years in \" & E190","v":"Comparative accumulated cash flow over first 10 years in  €"}]
[{"$nulls":4},{"$f":"\"Average annual water cost in \" & E190 &\" /m³\"","v":"Average annual water cost in  € /m³"}]
[{"$nulls":9},"Connections:"]
[{"$nulls":4},{"$f":"Input!D30","v":"\nSystème d'irrigation à énergie solaire"},{"$nulls":4},{"$f":"Input!E8 & \"/kWh\"","v":"€/kWh"}]
[{"$nulls":4},{"$f":"Input!D60","v":"Système d'irrigation alimenté par le réseau électrique"},{"$nulls":4},{"$f":"Input!E8 & \"/l\"","v":"€/l"}]

{"sheet":"Loan Repayment Solar","index":5,"n_rows":373,"n_cols":10,"rows_kept":373,"cut":false,"hidden":true,"merged":[[0,0,0,4],[0,5,0,9],[2,1,2,3],[2,5,2,7]]}
["Loan Repayment:",{"$nulls":4},{"$f":"Input!D30","v":"\nSystème d'irrigation à énergie solaire"}]
["Bank:",{"$f":"Input!E56","v":0}]
[null,"Enter Values",null,null,null,"Loan Summary"]
[null,null,"Loan Amount",{"$f":"Input!E53","v":0},null,null,"Scheduled Payment",{"$f":"IF(Values_Entered,-PMT(Interest_Rate/Num_Pmt_Per_Year,Loan_Years*Num_Pmt_Per_Year,Loan_Amount),\"0\")","v":"0"}]
[null,null,"Annual Interest Rate",{"$f":"Input!E54","v":0},null,null,"Scheduled Number of Payments",{"$f":"IF(Values_Entered,Loan_Years*Num_Pmt_Per_Year,\"\")","v":""}]
[null,null,"Loan Period in Years",{"$f":"Input!E55","v":0},null,null,"Actual Number of Payments",{"$f":"IF(Values_Entered,Number_of_Payments,\"\")","v":""}]
[null,null,"Number of Payments Per Year",1,null,null,"Total Early Payments",{"$f":"IF(Values_Entered,SUMIF(Beg_Bal,\">0\",Extra_Pay),\"\")","v":""}]
[null,null,"Start Date of Loan","2017-01-01",null,null,"Total Interest",{"$f":"IF(Values_Entered,SUMIF(Beg_Bal,\">0\",Int),\"\")","v":""}]
[null,null,"Optional Extra Payments",0]
[]
[]
["PmtNo.","Payment Date","Beginning Balance","Scheduled Payment","Extra Payment","Total Payment","Principal","Interest","Ending Balance","Cumulative Interest"]
[]
[{"$f":"IF(Values_Entered,1,\"\")","v":""},{"$f":"IF(Pay_Num<>\"\",DATE(YEAR(Loan_Start),MONTH(Loan_Start)+(Pay_Num)*12/Num_Pmt_Per_Year,DAY(Loan_Start)),\"\")","v":""},{"$f":"IF(Values_Entered,Loan_Amount,\"\")","v":""},{"$f":"IF(Pay_Num<>\"\",Scheduled_Monthly_Payment,\"\")","v":""},{"$f":"IF(AND(Pay_Num<>\"\",Sched_Pay+Scheduled_Extra_Payments<Beg_Bal),Scheduled_Extra_Payments,IF(AND(Pay_Num<>\"\",Beg_Bal-Sched_Pay>0),Beg_Bal-Sched_Pay,IF(Pay_Num<>\"\",0,\"\")))","v":{"$error":"#VALUE!"}},{"$f":"IF(AND(Pay_Num<>\"\",Sched_Pay+Extra_Pay<Beg_Bal),Sched_Pay+Extra_Pay,IF(Pay_Num<>\"\",Beg_Bal,\"\"))","v":{"$error":"#VALUE!"}},{"$f":"IF(Pay_Num<>\"\",Total_Pay-Int,\"\")","v":""},{"$f":"IF(Pay_Num<>\"\",Beg_Bal*(Interest_Rate/Num_Pmt_Per_Year),\"\")","v":""},{"$f":"IF(AND(Pay_Num<>\"\",Sched_Pay+Extra_Pay<Beg_Bal),Beg_Bal-Princ,IF(Pay_Num<>\"\",0,\"\"))","v":{"$error":"#VALUE!"}},{"$f":"SUM($H$14:$H14)","v":0}]
[{"$f":"IF(Values_Entered,A14+1,\"\")","v":""},"",{"$f":"IF(Pay_Num<>\"\",I14,\"\")","v":""},{"$f":"IF(Pay_Num<>\"\",Scheduled_Monthly_Payment,\"\")","v":""},{"$error":"#VALUE!"},{"$error":"#VALUE!"},{"$f":"IF(Pay_Num<>\"\",Total_Pay-Int,\"\")","v":""},{"$f":"IF(Pay_Num<>\"\",Beg_Bal*Interest_Rate/Num_Pmt_Per_Year,\"\")","v":""},{"$error":"#VALUE!"},{"$f":"SUM($H$14:$H15)","v":0}]
[{"$f":"IF(Values_Entered,A15+1,\"\")","v":""},"","",{"$f":"IF(Pay_Num<>\"\",Scheduled_Monthly_Payment,\"\")","v":""},{"$error":"#VALUE!"},{"$error":"#VALUE!"},"","",{"$error":"#VALUE!"},{"$f":"SUM($H$14:$H16)","v":0}]
[{"$f":"IF(Values_Entered,A16+1,\"\")","v":""},"","",{"$f":"IF(Pay_Num<>\"\",Scheduled_Monthly_Payment,\"\")","v":""},{"$error":"#VALUE!"},{"$error":"#VALUE!"},"","",{"$error":"#VALUE!"},{"$f":"SUM($H$14:$H17)","v":0}]
[{"$f":"IF(Values_Entered,A17+1,\"\")","v":""},"","","",{"$error":"#VALUE!"},{"$error":"#VALUE!"},"","",{"$error":"#VALUE!"},{"$f":"SUM($H$14:$H18)","v":0}]
[{"$f":"IF(Values_Entered,A18+1,\"\")","v":""},"","","",{"$error":"#VALUE!"},{"$error":"#VALUE!"},"","",{"$error":"#VALUE!"},{"$f":"SUM($H$14:$H19)","v":0}]
[{"$f":"IF(Values_Entered,A19+1,\"\")","v":""},"","","",{"$error":"#VALUE!"},{"$error":"#VALUE!"},"","",{"$error":"#VALUE!"},{"$f":"SUM($H$14:$H20)","v":0}]
[{"$f":"IF(Values_Entered,A20+1,\"\")","v":""},"","","",{"$error":"#VALUE!"},{"$error":"#VALUE!"},"","",{"$error":"#VALUE!"},{"$f":"SUM($H$14:$H21)","v":0}]
[{"$f":"IF(Values_Entered,A21+1,\"\")","v":""},"","","",{"$error":"#VALUE!"},{"$error":"#VALUE!"},"","",{"$error":"#VALUE!"},{"$f":"SUM($H$14:$H22)","v":0}]
[{"$f":"IF(Values_Entered,A22+1,\"\")","v":""},"","","",{"$error":"#VALUE!"},{"$error":"#VALUE!"},"","",{"$error":"#VALUE!"},{"$f":"SUM($H$14:$H23)","v":0}]
[{"$f":"IF(Values_Entered,A23+1,\"\")","v":""},"","","",{"$error":"#VALUE!"},{"$error":"#VALUE!"},"","",{"$error":"#VALUE!"},{"$f":"SUM($H$14:$H24)","v":0}]
[{"$f":"IF(Values_Entered,A24+1,\"\")","v":""},"","","",{"$error":"#VALUE!"},{"$error":"#VALUE!"},"","",{"$error":"#VALUE!"},{"$f":"SUM($H$14:$H25)","v":0}]
[{"$f":"IF(Values_Entered,A25+1,\"\")","v":""},"","","",{"$error":"#VALUE!"},{"$error":"#VALUE!"},"","",{"$error":"#VALUE!"},{"$f":"SUM($H$14:$H26)","v":0}]
[{"$f":"IF(Values_Entered,A26+1,\"\")","v":""},"","","",{"$error":"#VALUE!"},{"$error":"#VALUE!"},"","",{"$error":"#VALUE!"},{"$f":"SUM($H$14:$H27)","v":0}]
[{"$f":"IF(Values_Entered,A27+1,\"\")","v":""},"","","",{"$error":"#VALUE!"},{"$error":"#VALUE!"},"","",{"$error":"#VALUE!"},{"$f":"SUM($H$14:$H28)","v":0}]
[{"$f":"IF(Values_Entered,A28+1,\"\")","v":""},"","","",{"$error":"#VALUE!"},{"$error":"#VALUE!"},"","",{"$error":"#VALUE!"},{"$f":"SUM($H$14:$H29)","v":0}]
[{"$f":"IF(Values_Entered,A29+1,\"\")","v":""},"","","",{"$error":"#VALUE!"},{"$error":"#VALUE!"},"","",{"$error":"#VALUE!"},{"$f":"SUM($H$14:$H30)","v":0}]
[{"$f":"IF(Values_Entered,A30+1,\"\")","v":""},"","","",{"$error":"#VALUE!"},{"$error":"#VALUE!"},"","",{"$error":"#VALUE!"},{"$f":"SUM($H$14:$H31)","v":0}]
[{"$f":"IF(Values_Entered,A31+1,\"\")","v":""},"","","",{"$error":"#VALUE!"},{"$error":"#VALUE!"},"","",{"$error":"#VALUE!"},{"$f":"SUM($H$14:$H32)","v":0}]
[{"$f":"IF(Values_Entered,A32+1,\"\")","v":""},"","","",{"$error":"#VALUE!"},{"$error":"#VALUE!"},"","",{"$error":"#VALUE!"},{"$f":"SUM($H$14:$H33)","v":0}]
[{"$f":"IF(Values_Entered,A33+1,\"\")","v":""},"","","",{"$error":"#VALUE!"},{"$error":"#VALUE!"},"","",{"$error":"#VALUE!"},{"$f":"SUM($H$14:$H34)","v":0}]
[{"$f":"IF(Values_Entered,A34+1,\"\")","v":""},"","","",{"$error":"#VALUE!"},{"$error":"#VALUE!"},"","",{"$error":"#VALUE!"},{"$f":"SUM($H$14:$H35)","v":0}]
[{"$f":"IF(Values_Entered,A35+1,\"\")","v":""},"","","",{"$error":"#VALUE!"},{"$error":"#VALUE!"},"","",{"$error":"#VALUE!"},{"$f":"SUM($H$14:$H36)","v":0}]
[{"$f":"IF(Values_Entered,A36+1,\"\")","v":""},"","","",{"$error":"#VALUE!"},{"$error":"#VALUE!"},"","",{"$error":"#VALUE!"},{"$f":"SUM($H$14:$H37)","v":0}]
[{"$f":"IF(Values_Entered,A37+1,\"\")","v":""},"","","",{"$error":"#VALUE!"},{"$error":"#VALUE!"},"","",{"$error":"#VALUE!"},{"$f":"SUM($H$14:$H38)","v":0}]
[{"$f":"IF(Values_Entered,A38+1,\"\")","v":""},"","","",{"$error":"#VALUE!"},{"$error":"#VALUE!"},"","",{"$error":"#VALUE!"},{"$f":"SUM($H$14:$H39)","v":0}]
[{"$f":"IF(Values_Entered,A39+1,\"\")","v":""},"","","",{"$error":"#VALUE!"},{"$error":"#VALUE!"},"","",{"$error":"#VALUE!"},{"$f":"SUM($H$14:$H40)","v":0}]
[{"$f":"IF(Values_Entered,A40+1,\"\")","v":""},"","","",{"$error":"#VALUE!"},{"$error":"#VALUE!"},"","",{"$error":"#VALUE!"},{"$f":"SUM($H$14:$H41)","v":0}]
[{"$f":"IF(Values_Entered,A41+1,\"\")","v":""},"","","",{"$error":"#VALUE!"},{"$error":"#VALUE!"},"","",{"$error":"#VALUE!"},{"$f":"SUM($H$14:$H42)","v":0}]
[{"$f":"IF(Values_Entered,A42+1,\"\")","v":""},"","","",{"$error":"#VALUE!"},{"$error":"#VALUE!"},"","",{"$error":"#VALUE!"},{"$f":"SUM($H$14:$H43)","v":0}]
[{"$f":"IF(Values_Entered,A43+1,\"\")","v":""},"","","",{"$error":"#VALUE!"},{"$error":"#VALUE!"},"","",{"$error":"#VALUE!"},{"$f":"SUM($H$14:$H44)","v":0}]
[{"$f":"IF(Values_Entered,A44+1,\"\")","v":""},"","","",{"$error":"#VALUE!"},{"$error":"#VALUE!"},"","",{"$error":"#VALUE!"},{"$f":"SUM($H$14:$H45)","v":0}]
[{"$f":"IF(Values_Entered,A45+1,\"\")","v":""},"","","",{"$error":"#VALUE!"},{"$error":"#VALUE!"},"","",{"$error":"#VALUE!"},{"$f":"SUM($H$14:$H46)","v":0}]
[{"$f":"IF(Values_Entered,A46+1,\"\")","v":""},"","","",{"$error":"#VALUE!"},{"$error":"#VALUE!"},"","",{"$error":"#VALUE!"},{"$f":"SUM($H$14:$H47)","v":0}]
[{"$f":"IF(Values_Entered,A47+1,\"\")","v":""},"","","",{"$error":"#VALUE!"},{"$error":"#VALUE!"},"","",{"$error":"#VALUE!"},{"$f":"SUM($H$14:$H48)","v":0}]
[{"$f":"IF(Values_Entered,A48+1,\"\")","v":""},"","","",{"$error":"#VALUE!"},{"$error":"#VALUE!"},"","",{"$error":"#VALUE!"},{"$f":"SUM($H$14:$H49)","v":0}]
[{"$f":"IF(Values_Entered,A49+1,\"\")","v":""},"","","",{"$error":"#VALUE!"},{"$error":"#VALUE!"},"","",{"$error":"#VALUE!"},{"$f":"SUM($H$14:$H50)","v":0}]
[{"$f":"IF(Values_Entered,A50+1,\"\")","v":""},"","","",{"$error":"#VALUE!"},{"$error":"#VALUE!"},"","",{"$error":"#VALUE!"},{"$f":"SUM($H$14:$H51)","v":0}]
[{"$f":"IF(Values_Entered,A51+1,\"\")","v":""},"","","",{"$error":"#VALUE!"},{"$error":"#VALUE!"},"","",{"$error":"#VALUE!"},{"$f":"SUM($H$14:$H52)","v":0}]
[{"$f":"IF(Values_Entered,A52+1,\"\")","v":""},"","","",{"$error":"#VALUE!"},{"$error":"#VALUE!"},"","",{"$error":"#VALUE!"},{"$f":"SUM($H$14:$H53)","v":0}]
[{"$f":"IF(Values_Entered,A53+1,\"\")","v":""},"","","",{"$error":"#VALUE!"},{"$error":"#VALUE!"},"","",{"$error":"#VALUE!"},{"$f":"SUM($H$14:$H54)","v":0}]
[{"$f":"IF(Values_Entered,A54+1,\"\")","v":""},"","","",{"$error":"#VALUE!"},{"$error":"#VALUE!"},"","",{"$error":"#VALUE!"},{"$f":"SUM($H$14:$H55)","v":0}]
[{"$f":"IF(Values_Entered,A55+1,\"\")","v":""},"","","",{"$error":"#VALUE!"},{"$error":"#VALUE!"},"","",{"$error":"#VALUE!"},{"$f":"SUM($H$14:$H56)","v":0}]
[{"$f":"IF(Values_Entered,A56+1,\"\")","v":""},"","","",{"$error":"#VALUE!"},{"$error":"#VALUE!"},"","",{"$error":"#VALUE!"},{"$f":"SUM($H$14:$H57)","v":0}]
[{"$f":"IF(Values_Entered,A57+1,\"\")","v":""},"","","",{"$error":"#VALUE!"},{"$error":"#VALUE!"},"","",{"$error":"#VALUE!"},{"$f":"SUM($H$14:$H58)","v":0}]
[{"$f":"IF(Values_Entered,A58+1,\"\")","v":""},"","","",{"$error":"#VALUE!"},{"$error":"#VALUE!"},"","",{"$error":"#VALUE!"},{"$f":"SUM($H$14:$H59)","v":0}]
[{"$f":"IF(Values_Entered,A59+1,\"\")","v":""},"","","",{"$error":"#VALUE!"},{"$error":"#VALUE!"},"","",{"$error":"#VALUE!"},{"$f":"SUM($H$14:$H60)","v":0}]
[{"$f":"IF(Values_Entered,A60+1,\"\")","v":""},"","","",{"$error":"#VALUE!"},{"$error":"#VALUE!"},"","",{"$error":"#VALUE!"},{"$f":"SUM($H$14:$H61)","v":0}]
[{"$f":"IF(Values_Entered,A61+1,\"\")","v":""},"","","",{"$error":"#VALUE!"},{"$error":"#VALUE!"},"","",{"$error":"#VALUE!"},{"$f":"SUM($H$14:$H62)","v":0}]
[{"$f":"IF(Values_Entered,A62+1,\"\")","v":""},"","","",{"$error":"#VALUE!"},{"$error":"#VALUE!"},"","",{"$error":"#VALUE!"},{"$f":"SUM($H$14:$H63)","v":0}]
[{"$f":"IF(Values_Entered,A63+1,\"\")","v":""},"","","",{"$error":"#VALUE!"},{"$error":"#VALUE!"},"","",{"$error":"#VALUE!"},{"$f":"SUM($H$14:$H64)","v":0}]
[{"$f":"IF(Values_Entered,A64+1,\"\")","v":""},"","","",{"$error":"#VALUE!"},{"$error":"#VALUE!"},"","",{"$error":"#VALUE!"},{"$f":"SUM($H$14:$H65)","v":0}]
[{"$f":"IF(Values_Entered,A65+1,\"\")","v":""},"","","",{"$error":"#VALUE!"},{"$error":"#VALUE!"},"","",{"$error":"#VALUE!"},{"$f":"SUM($H$14:$H66)","v":0}]
[{"$f":"IF(Values_Entered,A66+1,\"\")","v":""},"","","",{"$error":"#VALUE!"},{"$error":"#VALUE!"},"","",{"$error":"#VALUE!"},{"$f":"SUM($H$14:$H67)","v":0}]
[{"$f":"IF(Values_Entered,A67+1,\"\")","v":""},"","","",{"$error":"#VALUE!"},{"$error":"#VALUE!"},"","",{"$error":"#VALUE!"},{"$f":"SUM($H$14:$H68)","v":0}]
[{"$f":"IF(Values_Entered,A68+1,\"\")","v":""},"","","",{"$error":"#VALUE!"},{"$error":"#VALUE!"},"","",{"$error":"#VALUE!"},{"$f":"SUM($H$14:$H69)","v":0}]
[{"$f":"IF(Values_Entered,A69+1,\"\")","v":""},"","","",{"$error":"#VALUE!"},{"$error":"#VALUE!"},"","",{"$error":"#VALUE!"},{"$f":"SUM($H$14:$H70)","v":0}]
[{"$f":"IF(Values_Entered,A70+1,\"\")","v":""},"","","",{"$error":"#VALUE!"},{"$error":"#VALUE!"},"","",{"$error":"#VALUE!"},{"$f":"SUM($H$14:$H71)","v":0}]
[{"$f":"IF(Values_Entered,A71+1,\"\")","v":""},"","","",{"$error":"#VALUE!"},{"$error":"#VALUE!"},"","",{"$error":"#VALUE!"},{"$f":"SUM($H$14:$H72)","v":0}]
[{"$f":"IF(Values_Entered,A72+1,\"\")","v":""},"","","",{"$error":"#VALUE!"},{"$error":"#VALUE!"},"","",{"$error":"#VALUE!"},{"$f":"SUM($H$14:$H73)","v":0}]
[{"$f":"IF(Values_Entered,A73+1,\"\")","v":""},"","","",{"$error":"#VALUE!"},{"$error":"#VALUE!"},"","",{"$error":"#VALUE!"},{"$f":"SUM($H$14:$H74)","v":0}]
[{"$f":"IF(Values_Entered,A74+1,\"\")","v":""},"","","",{"$error":"#VALUE!"},{"$error":"#VALUE!"},"","",{"$error":"#VALUE!"},{"$f":"SUM($H$14:$H75)","v":0}]
[{"$f":"IF(Values_Entered,A75+1,\"\")","v":""},"","","",{"$error":"#VALUE!"},{"$error":"#VALUE!"},"","",{"$error":"#VALUE!"},{"$f":"SUM($H$14:$H76)","v":0}]
[{"$f":"IF(Values_Entered,A76+1,\"\")","v":""},"","","",{"$error":"#VALUE!"},{"$error":"#VALUE!"},"","",{"$error":"#VALUE!"},{"$f":"SUM($H$14:$H77)","v":0}]
[{"$f":"IF(Values_Entered,A77+1,\"\")","v":""},{"$f":"IF(Pay_Num<>\"\",DATE(YEAR(Loan_Start),MONTH(Loan_Start)+(Pay_Num)*12/Num_Pmt_Per_Year,DAY(Loan_Start)),\"\")","v":""},"","",{"$f":"IF(AND(Pay_Num<>\"\",Sched_Pay+Scheduled_Extra_Payments<Beg_Bal),Scheduled_Extra_Payments,IF(AND(Pay_Num<>\"\",Beg_Bal-Sched_Pay>0),Beg_Bal-Sched_Pay,IF(Pay_Num<>\"\",0,\"\")))","v":{"$error":"#VALUE!"}},{"$f":"IF(AND(Pay_Num<>\"\",Sched_Pay+Extra_Pay<Beg_Bal),Sched_Pay+Extra_Pay,IF(Pay_Num<>\"\",Beg_Bal,\"\"))","v":{"$error":"#VALUE!"}},"","",{"$f":"IF(AND(Pay_Num<>\"\",Sched_Pay+Extra_Pay<Beg_Bal),Beg_Bal-Princ,IF(Pay_Num<>\"\",0,\"\"))","v":{"$error":"#VALUE!"}},{"$f":"SUM($H$14:$H78)","v":0}]
[{"$f":"IF(Values_Entered,A78+1,\"\")","v":""},"",{"$f":"IF(Pay_Num<>\"\",I78,\"\")","v":""},"",{"$error":"#VALUE!"},{"$error":"#VALUE!"},{"$f":"IF(Pay_Num<>\"\",Total_Pay-Int,\"\")","v":""},{"$f":"IF(Pay_Num<>\"\",Beg_Bal*Interest_Rate/Num_Pmt_Per_Year,\"\")","v":""},{"$error":"#VALUE!"},{"$f":"SUM($H$14:$H79)","v":0}]
[{"$f":"IF(Values_Entered,A79+1,\"\")","v":""},"","",{"$f":"IF(Pay_Num<>\"\",Scheduled_Monthly_Payment,\"\")","v":""},{"$error":"#VALUE!"},{"$error":"#VALUE!"},"","",{"$error":"#VALUE!"},{"$f":"SUM($H$14:$H80)","v":0}]
[{"$f":"IF(Values_Entered,A80+1,\"\")","v":""},"","","",{"$error":"#VALUE!"},{"$error":"#VALUE!"},"","",{"$error":"#VALUE!"},{"$f":"SUM($H$14:$H81)","v":0}]
[{"$f":"IF(Values_Entered,A81+1,\"\")","v":""},"","","",{"$error":"#VALUE!"},{"$error":"#VALUE!"},"","",{"$error":"#VALUE!"},{"$f":"SUM($H$14:$H82)","v":0}]
[{"$f":"IF(Values_Entered,A82+1,\"\")","v":""},"","","",{"$error":"#VALUE!"},{"$error":"#VALUE!"},"","",{"$error":"#VALUE!"},{"$f":"SUM($H$14:$H83)","v":0}]
[{"$f":"IF(Values_Entered,A83+1,\"\")","v":""},"","","",{"$error":"#VALUE!"},{"$error":"#VALUE!"},"","",{"$error":"#VALUE!"},{"$f":"SUM($H$14:$H84)","v":0}]
[{"$f":"IF(Values_Entered,A84+1,\"\")","v":""},"","","",{"$error":"#VALUE!"},{"$error":"#VALUE!"},"","",{"$error":"#VALUE!"},{"$f":"SUM($H$14:$H85)","v":0}]
[{"$f":"IF(Values_Entered,A85+1,\"\")","v":""},"","","",{"$error":"#VALUE!"},{"$error":"#VALUE!"},"","",{"$error":"#VALUE!"},{"$f":"SUM($H$14:$H86)","v":0}]
[{"$f":"IF(Values_Entered,A86+1,\"\")","v":""},"","","",{"$error":"#VALUE!"},{"$error":"#VALUE!"},"","",{"$error":"#VALUE!"},{"$f":"SUM($H$14:$H87)","v":0}]
[{"$f":"IF(Values_Entered,A87+1,\"\")","v":""},"","","",{"$error":"#VALUE!"},{"$error":"#VALUE!"},"","",{"$error":"#VALUE!"},{"$f":"SUM($H$14:$H88)","v":0}]
[{"$f":"IF(Values_Entered,A88+1,\"\")","v":""},"","","",{"$error":"#VALUE!"},{"$error":"#VALUE!"},"","",{"$error":"#VALUE!"},{"$f":"SUM($H$14:$H89)","v":0}]
[{"$f":"IF(Values_Entered,A89+1,\"\")","v":""},"","","",{"$error":"#VALUE!"},{"$error":"#VALUE!"},"","",{"$error":"#VALUE!"},{"$f":"SUM($H$14:$H90)","v":0}]
[{"$f":"IF(Values_Entered,A90+1,\"\")","v":""},"","","",{"$error":"#VALUE!"},{"$error":"#VALUE!"},"","",{"$error":"#VALUE!"},{"$f":"SUM($H$14:$H91)","v":0}]
[{"$f":"IF(Values_Entered,A91+1,\"\")","v":""},"","","",{"$error":"#VALUE!"},{"$error":"#VALUE!"},"","",{"$error":"#VALUE!"},{"$f":"SUM($H$14:$H92)","v":0}]
[{"$f":"IF(Values_Entered,A92+1,\"\")","v":""},"","","",{"$error":"#VALUE!"},{"$error":"#VALUE!"},"","",{"$error":"#VALUE!"},{"$f":"SUM($H$14:$H93)","v":0}]
[{"$f":"IF(Values_Entered,A93+1,\"\")","v":""},"","","",{"$error":"#VALUE!"},{"$error":"#VALUE!"},"","",{"$error":"#VALUE!"},{"$f":"SUM($H$14:$H94)","v":0}]
[{"$f":"IF(Values_Entered,A94+1,\"\")","v":""},"","","",{"$error":"#VALUE!"},{"$error":"#VALUE!"},"","",{"$error":"#VALUE!"},{"$f":"SUM($H$14:$H95)","v":0}]
[{"$f":"IF(Values_Entered,A95+1,\"\")","v":""},"","","",{"$error":"#VALUE!"},{"$error":"#VALUE!"},"","",{"$error":"#VALUE!"},{"$f":"SUM($H$14:$H96)","v":0}]
[{"$f":"IF(Values_Entered,A96+1,\"\")","v":""},"","","",{"$error":"#VALUE!"},{"$error":"#VALUE!"},"","",{"$error":"#VALUE!"},{"$f":"SUM($H$14:$H97)","v":0}]
[{"$f":"IF(Values_Entered,A97+1,\"\")","v":""},"","","",{"$error":"#VALUE!"},{"$error":"#VALUE!"},"","",{"$error":"#VALUE!"},{"$f":"SUM($H$14:$H98)","v":0}]
[{"$f":"IF(Values_Entered,A98+1,\"\")","v":""},"","","",{"$error":"#VALUE!"},{"$error":"#VALUE!"},"","",{"$error":"#VALUE!"},{"$f":"SUM($H$14:$H99)","v":0}]
[{"$f":"IF(Values_Entered,A99+1,\"\")","v":""},"","","",{"$error":"#VALUE!"},{"$error":"#VALUE!"},"","",{"$error":"#VALUE!"},{"$f":"SUM($H$14:$H100)","v":0}]
[{"$f":"IF(Values_Entered,A100+1,\"\")","v":""},"","","",{"$error":"#VALUE!"},{"$error":"#VALUE!"},"","",{"$error":"#VALUE!"},{"$f":"SUM($H$14:$H101)","v":0}]
[{"$f":"IF(Values_Entered,A101+1,\"\")","v":""},"","","",{"$error":"#VALUE!"},{"$error":"#VALUE!"},"","",{"$error":"#VALUE!"},{"$f":"SUM($H$14:$H102)","v":0}]
[{"$f":"IF(Values_Entered,A102+1,\"\")","v":""},"","","",{"$error":"#VALUE!"},{"$error":"#VALUE!"},"","",{"$error":"#VALUE!"},{"$f":"SUM($H$14:$H103)","v":0}]
[{"$f":"IF(Values_Entered,A103+1,\"\")","v":""},"","","",{"$error":"#VALUE!"},{"$error":"#VALUE!"},"","",{"$error":"#VALUE!"},{"$f":"SUM($H$14:$H104)","v":0}]
[{"$f":"IF(Values_Entered,A104+1,\"\")","v":""},"","","",{"$error":"#VALUE!"},{"$error":"#VALUE!"},"","",{"$error":"#VALUE!"},{"$f":"SUM($H$14:$H105)","v":0}]
[{"$f":"IF(Values_Entered,A105+1,\"\")","v":""},"","","",{"$error":"#VALUE!"},{"$error":"#VALUE!"},"","",{"$error":"#VALUE!"},{"$f":"SUM($H$14:$H106)","v":0}]
[{"$f":"IF(Values_Entered,A106+1,\"\")","v":""},"","","",{"$error":"#VALUE!"},{"$error":"#VALUE!"},"","",{"$error":"#VALUE!"},{"$f":"SUM($H$14:$H107)","v":0}]
[{"$f":"IF(Values_Entered,A107+1,\"\")","v":""},"","","",{"$error":"#VALUE!"},{"$error":"#VALUE!"},"","",{"$error":"#VALUE!"},{"$f":"SUM($H$14:$H108)","v":0}]
[{"$f":"IF(Values_Entered,A108+1,\"\")","v":""},"","","",{"$error":"#VALUE!"},{"$error":"#VALUE!"},"","",{"$error":"#VALUE!"},{"$f":"SUM($H$14:$H109)","v":0}]
[{"$f":"IF(Values_Entered,A109+1,\"\")","v":""},"","","",{"$error":"#VALUE!"},{"$error":"#VALUE!"},"","",{"$error":"#VALUE!"},{"$f":"SUM($H$14:$H110)","v":0}]
[{"$f":"IF(Values_Entered,A110+1,\"\")","v":""},"","","",{"$error":"#VALUE!"},{"$error":"#VALUE!"},"","",{"$error":"#VALUE!"},{"$f":"SUM($H$14:$H111)","v":0}]
[{"$f":"IF(Values_Entered,A111+1,\"\")","v":""},"","","",{"$error":"#VALUE!"},{"$error":"#VALUE!"},"","",{"$error":"#VALUE!"},{"$f":"SUM($H$14:$H112)","v":0}]
[{"$f":"IF(Values_Entered,A112+1,\"\")","v":""},"","","",{"$error":"#VALUE!"},{"$error":"#VALUE!"},"","",{"$error":"#VALUE!"},{"$f":"SUM($H$14:$H113)","v":0}]
[{"$f":"IF(Values_Entered,A113+1,\"\")","v":""},"","","",{"$error":"#VALUE!"},{"$error":"#VALUE!"},"","",{"$error":"#VALUE!"},{"$f":"SUM($H$14:$H114)","v":0}]
[{"$f":"IF(Values_Entered,A114+1,\"\")","v":""},"","","",{"$error":"#VALUE!"},{"$error":"#VALUE!"},"","",{"$error":"#VALUE!"},{"$f":"SUM($H$14:$H115)","v":0}]
[{"$f":"IF(Values_Entered,A115+1,\"\")","v":""},"","","",{"$error":"#VALUE!"},{"$error":"#VALUE!"},"","",{"$error":"#VALUE!"},{"$f":"SUM($H$14:$H116)","v":0}]
[{"$f":"IF(Values_Entered,A116+1,\"\")","v":""},"","","",{"$error":"#VALUE!"},{"$error":"#VALUE!"},"","",{"$error":"#VALUE!"},{"$f":"SUM($H$14:$H117)","v":0}]
[{"$f":"IF(Values_Entered,A117+1,\"\")","v":""},"","","",{"$error":"#VALUE!"},{"$error":"#VALUE!"},"","",{"$error":"#VALUE!"},{"$f":"SUM($H$14:$H118)","v":0}]
[{"$f":"IF(Values_Entered,A118+1,\"\")","v":""},"","","",{"$error":"#VALUE!"},{"$error":"#VALUE!"},"","",{"$error":"#VALUE!"},{"$f":"SUM($H$14:$H119)","v":0}]
[{"$f":"IF(Values_Entered,A119+1,\"\")","v":""},"","","",{"$error":"#VALUE!"},{"$error":"#VALUE!"},"","",{"$error":"#VALUE!"},{"$f":"SUM($H$14:$H120)","v":0}]
[{"$f":"IF(Values_Entered,A120+1,\"\")","v":""},"","","",{"$error":"#VALUE!"},{"$error":"#VALUE!"},"","",{"$error":"#VALUE!"},{"$f":"SUM($H$14:$H121)","v":0}]
[{"$f":"IF(Values_Entered,A121+1,\"\")","v":""},"","","",{"$error":"#VALUE!"},{"$error":"#VALUE!"},"","",{"$error":"#VALUE!"},{"$f":"SUM($H$14:$H122)","v":0}]
[{"$f":"IF(Values_Entered,A122+1,\"\")","v":""},"","","",{"$error":"#VALUE!"},{"$error":"#VALUE!"},"","",{"$error":"#VALUE!"},{"$f":"SUM($H$14:$H123)","v":0}]
[{"$f":"IF(Values_Entered,A123+1,\"\")","v":""},"","","",{"$error":"#VALUE!"},{"$error":"#VALUE!"},"","",{"$error":"#VALUE!"},{"$f":"SUM($H$14:$H124)","v":0}]
[{"$f":"IF(Values_Entered,A124+1,\"\")","v":""},"","","",{"$error":"#VALUE!"},{"$error":"#VALUE!"},"","",{"$error":"#VALUE!"},{"$f":"SUM($H$14:$H125)","v":0}]
[{"$f":"IF(Values_Entered,A125+1,\"\")","v":""},"","","",{"$error":"#VALUE!"},{"$error":"#VALUE!"},"","",{"$error":"#VALUE!"},{"$f":"SUM($H$14:$H126)","v":0}]
[{"$f":"IF(Values_Entered,A126+1,\"\")","v":""},"","","",{"$error":"#VALUE!"},{"$error":"#VALUE!"},"","",{"$error":"#VALUE!"},{"$f":"SUM($H$14:$H127)","v":0}]
[{"$f":"IF(Values_Entered,A127+1,\"\")","v":""},"","","",{"$error":"#VALUE!"},{"$error":"#VALUE!"},"","",{"$error":"#VALUE!"},{"$f":"SUM($H$14:$H128)","v":0}]
[{"$f":"IF(Values_Entered,A128+1,\"\")","v":""},"","","",{"$error":"#VALUE!"},{"$error":"#VALUE!"},"","",{"$error":"#VALUE!"},{"$f":"SUM($H$14:$H129)","v":0}]
[{"$f":"IF(Values_Entered,A129+1,\"\")","v":""},"","","",{"$error":"#VALUE!"},{"$error":"#VALUE!"},"","",{"$error":"#VALUE!"},{"$f":"SUM($H$14:$H130)","v":0}]
[{"$f":"IF(Values_Entered,A130+1,\"\")","v":""},"","","",{"$error":"#VALUE!"},{"$error":"#VALUE!"},"","",{"$error":"#VALUE!"},{"$f":"SUM($H$14:$H131)","v":0}]
[{"$f":"IF(Values_Entered,A131+1,\"\")","v":""},"","","",{"$error":"#VALUE!"},{"$error":"#VALUE!"},"","",{"$error":"#VALUE!"},{"$f":"SUM($H$14:$H132)","v":0}]
[{"$f":"IF(Values_Entered,A132+1,\"\")","v":""},"","","",{"$error":"#VALUE!"},{"$error":"#VALUE!"},"","",{"$error":"#VALUE!"},{"$f":"SUM($H$14:$H133)","v":0}]
[{"$f":"IF(Values_Entered,A133+1,\"\")","v":""},"","","",{"$error":"#VALUE!"},{"$error":"#VALUE!"},"","",{"$error":"#VALUE!"},{"$f":"SUM($H$14:$H134)","v":0}]
[{"$f":"IF(Values_Entered,A134+1,\"\")","v":""},"","","",{"$error":"#VALUE!"},{"$error":"#VALUE!"},"","",{"$error":"#VALUE!"},{"$f":"SUM($H$14:$H135)","v":0}]
[{"$f":"IF(Values_Entered,A135+1,\"\")","v":""},"","","",{"$error":"#VALUE!"},{"$error":"#VALUE!"},"","",{"$error":"#VALUE!"},{"$f":"SUM($H$14:$H136)","v":0}]
[{"$f":"IF(Values_Entered,A136+1,\"\")","v":""},"","","",{"$error":"#VALUE!"},{"$error":"#VALUE!"},"","",{"$error":"#VALUE!"},{"$f":"SUM($H$14:$H137)","v":0}]
[{"$f":"IF(Values_Entered,A137+1,\"\")","v":""},"","","",{"$error":"#VALUE!"},{"$error":"#VALUE!"},"","",{"$error":"#VALUE!"},{"$f":"SUM($H$14:$H138)","v":0}]
[{"$f":"IF(Values_Entered,A138+1,\"\")","v":""},"","","",{"$error":"#VALUE!"},{"$error":"#VALUE!"},"","",{"$error":"#VALUE!"},{"$f":"SUM($H$14:$H139)","v":0}]
[{"$f":"IF(Values_Entered,A139+1,\"\")","v":""},"","","",{"$error":"#VALUE!"},{"$error":"#VALUE!"},"","",{"$error":"#VALUE!"},{"$f":"SUM($H$14:$H140)","v":0}]
[{"$f":"IF(Values_Entered,A140+1,\"\")","v":""},"","","",{"$error":"#VALUE!"},{"$error":"#VALUE!"},"","",{"$error":"#VALUE!"},{"$f":"SUM($H$14:$H141)","v":0}]
[{"$f":"IF(Values_Entered,A141+1,\"\")","v":""},{"$f":"IF(Pay_Num<>\"\",DATE(YEAR(Loan_Start),MONTH(Loan_Start)+(Pay_Num)*12/Num_Pmt_Per_Year,DAY(Loan_Start)),\"\")","v":""},"","",{"$f":"IF(AND(Pay_Num<>\"\",Sched_Pay+Scheduled_Extra_Payments<Beg_Bal),Scheduled_Extra_Payments,IF(AND(Pay_Num<>\"\",Beg_Bal-Sched_Pay>0),Beg_Bal-Sched_Pay,IF(Pay_Num<>\"\",0,\"\")))","v":{"$error":"#VALUE!"}},{"$f":"IF(AND(Pay_Num<>\"\",Sched_Pay+Extra_Pay<Beg_Bal),Sched_Pay+Extra_Pay,IF(Pay_Num<>\"\",Beg_Bal,\"\"))","v":{"$error":"#VALUE!"}},"","",{"$f":"IF(AND(Pay_Num<>\"\",Sched_Pay+Extra_Pay<Beg_Bal),Beg_Bal-Princ,IF(Pay_Num<>\"\",0,\"\"))","v":{"$error":"#VALUE!"}},{"$f":"SUM($H$14:$H142)","v":0}]
[{"$f":"IF(Values_Entered,A142+1,\"\")","v":""},"",{"$f":"IF(Pay_Num<>\"\",I142,\"\")","v":""},"",{"$error":"#VALUE!"},{"$error":"#VALUE!"},{"$f":"IF(Pay_Num<>\"\",Total_Pay-Int,\"\")","v":""},{"$f":"IF(Pay_Num<>\"\",Beg_Bal*Interest_Rate/Num_Pmt_Per_Year,\"\")","v":""},{"$error":"#VALUE!"},{"$f":"SUM($H$14:$H143)","v":0}]
[{"$f":"IF(Values_Entered,A143+1,\"\")","v":""},"","",{"$f":"IF(Pay_Num<>\"\",Scheduled_Monthly_Payment,\"\")","v":""},{"$error":"#VALUE!"},{"$error":"#VALUE!"},"","",{"$error":"#VALUE!"},{"$f":"SUM($H$14:$H144)","v":0}]
[{"$f":"IF(Values_Entered,A144+1,\"\")","v":""},"","","",{"$error":"#VALUE!"},{"$error":"#VALUE!"},"","",{"$error":"#VALUE!"},{"$f":"SUM($H$14:$H145)","v":0}]
[{"$f":"IF(Values_Entered,A145+1,\"\")","v":""},"","","",{"$error":"#VALUE!"},{"$error":"#VALUE!"},"","",{"$error":"#VALUE!"},{"$f":"SUM($H$14:$H146)","v":0}]
[{"$f":"IF(Values_Entered,A146+1,\"\")","v":""},"","","",{"$error":"#VALUE!"},{"$error":"#VALUE!"},"","",{"$error":"#VALUE!"},{"$f":"SUM($H$14:$H147)","v":0}]
[{"$f":"IF(Values_Entered,A147+1,\"\")","v":""},"","","",{"$error":"#VALUE!"},{"$error":"#VALUE!"},"","",{"$error":"#VALUE!"},{"$f":"SUM($H$14:$H148)","v":0}]
[{"$f":"IF(Values_Entered,A148+1,\"\")","v":""},"","","",{"$error":"#VALUE!"},{"$error":"#VALUE!"},"","",{"$error":"#VALUE!"},{"$f":"SUM($H$14:$H149)","v":0}]
[{"$f":"IF(Values_Entered,A149+1,\"\")","v":""},"","","",{"$error":"#VALUE!"},{"$error":"#VALUE!"},"","",{"$error":"#VALUE!"},{"$f":"SUM($H$14:$H150)","v":0}]
[{"$f":"IF(Values_Entered,A150+1,\"\")","v":""},"","","",{"$error":"#VALUE!"},{"$error":"#VALUE!"},"","",{"$error":"#VALUE!"},{"$f":"SUM($H$14:$H151)","v":0}]
[{"$f":"IF(Values_Entered,A151+1,\"\")","v":""},"","","",{"$error":"#VALUE!"},{"$error":"#VALUE!"},"","",{"$error":"#VALUE!"},{"$f":"SUM($H$14:$H152)","v":0}]
[{"$f":"IF(Values_Entered,A152+1,\"\")","v":""},"","","",{"$error":"#VALUE!"},{"$error":"#VALUE!"},"","",{"$error":"#VALUE!"},{"$f":"SUM($H$14:$H153)","v":0}]
[{"$f":"IF(Values_Entered,A153+1,\"\")","v":""},"","","",{"$error":"#VALUE!"},{"$error":"#VALUE!"},"","",{"$error":"#VALUE!"},{"$f":"SUM($H$14:$H154)","v":0}]
[{"$f":"IF(Values_Entered,A154+1,\"\")","v":""},"","","",{"$error":"#VALUE!"},{"$error":"#VALUE!"},"","",{"$error":"#VALUE!"},{"$f":"SUM($H$14:$H155)","v":0}]
[{"$f":"IF(Values_Entered,A155+1,\"\")","v":""},"","","",{"$error":"#VALUE!"},{"$error":"#VALUE!"},"","",{"$error":"#VALUE!"},{"$f":"SUM($H$14:$H156)","v":0}]
[{"$f":"IF(Values_Entered,A156+1,\"\")","v":""},"","","",{"$error":"#VALUE!"},{"$error":"#VALUE!"},"","",{"$error":"#VALUE!"},{"$f":"SUM($H$14:$H157)","v":0}]
[{"$f":"IF(Values_Entered,A157+1,\"\")","v":""},"","","",{"$error":"#VALUE!"},{"$error":"#VALUE!"},"","",{"$error":"#VALUE!"},{"$f":"SUM($H$14:$H158)","v":0}]
[{"$f":"IF(Values_Entered,A158+1,\"\")","v":""},"","","",{"$error":"#VALUE!"},{"$error":"#VALUE!"},"","",{"$error":"#VALUE!"},{"$f":"SUM($H$14:$H159)","v":0}]
[{"$f":"IF(Values_Entered,A159+1,\"\")","v":""},"","","",{"$error":"#VALUE!"},{"$error":"#VALUE!"},"","",{"$error":"#VALUE!"},{"$f":"SUM($H$14:$H160)","v":0}]
[{"$f":"IF(Values_Entered,A160+1,\"\")","v":""},"","","",{"$error":"#VALUE!"},{"$error":"#VALUE!"},"","",{"$error":"#VALUE!"},{"$f":"SUM($H$14:$H161)","v":0}]
[{"$f":"IF(Values_Entered,A161+1,\"\")","v":""},"","","",{"$error":"#VALUE!"},{"$error":"#VALUE!"},"","",{"$error":"#VALUE!"},{"$f":"SUM($H$14:$H162)","v":0}]
[{"$f":"IF(Values_Entered,A162+1,\"\")","v":""},"","","",{"$error":"#VALUE!"},{"$error":"#VALUE!"},"","",{"$error":"#VALUE!"},{"$f":"SUM($H$14:$H163)","v":0}]
[{"$f":"IF(Values_Entered,A163+1,\"\")","v":""},"","","",{"$error":"#VALUE!"},{"$error":"#VALUE!"},"","",{"$error":"#VALUE!"},{"$f":"SUM($H$14:$H164)","v":0}]
[{"$f":"IF(Values_Entered,A164+1,\"\")","v":""},"","","",{"$error":"#VALUE!"},{"$error":"#VALUE!"},"","",{"$error":"#VALUE!"},{"$f":"SUM($H$14:$H165)","v":0}]
[{"$f":"IF(Values_Entered,A165+1,\"\")","v":""},"","","",{"$error":"#VALUE!"},{"$error":"#VALUE!"},"","",{"$error":"#VALUE!"},{"$f":"SUM($H$14:$H166)","v":0}]
[{"$f":"IF(Values_Entered,A166+1,\"\")","v":""},"","","",{"$error":"#VALUE!"},{"$error":"#VALUE!"},"","",{"$error":"#VALUE!"},{"$f":"SUM($H$14:$H167)","v":0}]
[{"$f":"IF(Values_Entered,A167+1,\"\")","v":""},"","","",{"$error":"#VALUE!"},{"$error":"#VALUE!"},"","",{"$error":"#VALUE!"},{"$f":"SUM($H$14:$H168)","v":0}]
[{"$f":"IF(Values_Entered,A168+1,\"\")","v":""},"","","",{"$error":"#VALUE!"},{"$error":"#VALUE!"},"","",{"$error":"#VALUE!"},{"$f":"SUM($H$14:$H169)","v":0}]
[{"$f":"IF(Values_Entered,A169+1,\"\")","v":""},"","","",{"$error":"#VALUE!"},{"$error":"#VALUE!"},"","",{"$error":"#VALUE!"},{"$f":"SUM($H$14:$H170)","v":0}]
[{"$f":"IF(Values_Entered,A170+1,\"\")","v":""},"","","",{"$error":"#VALUE!"},{"$error":"#VALUE!"},"","",{"$error":"#VALUE!"},{"$f":"SUM($H$14:$H171)","v":0}]
[{"$f":"IF(Values_Entered,A171+1,\"\")","v":""},"","","",{"$error":"#VALUE!"},{"$error":"#VALUE!"},"","",{"$error":"#VALUE!"},{"$f":"SUM($H$14:$H172)","v":0}]
[{"$f":"IF(Values_Entered,A172+1,\"\")","v":""},"","","",{"$error":"#VALUE!"},{"$error":"#VALUE!"},"","",{"$error":"#VALUE!"},{"$f":"SUM($H$14:$H173)","v":0}]
[{"$f":"IF(Values_Entered,A173+1,\"\")","v":""},"","","",{"$error":"#VALUE!"},{"$error":"#VALUE!"},"","",{"$error":"#VALUE!"},{"$f":"SUM($H$14:$H174)","v":0}]
[{"$f":"IF(Values_Entered,A174+1,\"\")","v":""},"","","",{"$error":"#VALUE!"},{"$error":"#VALUE!"},"","",{"$error":"#VALUE!"},{"$f":"SUM($H$14:$H175)","v":0}]
[{"$f":"IF(Values_Entered,A175+1,\"\")","v":""},"","","",{"$error":"#VALUE!"},{"$error":"#VALUE!"},"","",{"$error":"#VALUE!"},{"$f":"SUM($H$14:$H176)","v":0}]
[{"$f":"IF(Values_Entered,A176+1,\"\")","v":""},"","","",{"$error":"#VALUE!"},{"$error":"#VALUE!"},"","",{"$error":"#VALUE!"},{"$f":"SUM($H$14:$H177)","v":0}]
[{"$f":"IF(Values_Entered,A177+1,\"\")","v":""},"","","",{"$error":"#VALUE!"},{"$error":"#VALUE!"},"","",{"$error":"#VALUE!"},{"$f":"SUM($H$14:$H178)","v":0}]
[{"$f":"IF(Values_Entered,A178+1,\"\")","v":""},"","","",{"$error":"#VALUE!"},{"$error":"#VALUE!"},"","",{"$error":"#VALUE!"},{"$f":"SUM($H$14:$H179)","v":0}]
[{"$f":"IF(Values_Entered,A179+1,\"\")","v":""},"","","",{"$error":"#VALUE!"},{"$error":"#VALUE!"},"","",{"$error":"#VALUE!"},{"$f":"SUM($H$14:$H180)","v":0}]
[{"$f":"IF(Values_Entered,A180+1,\"\")","v":""},"","","",{"$error":"#VALUE!"},{"$error":"#VALUE!"},"","",{"$error":"#VALUE!"},{"$f":"SUM($H$14:$H181)","v":0}]
[{"$f":"IF(Values_Entered,A181+1,\"\")","v":""},"","","",{"$error":"#VALUE!"},{"$error":"#VALUE!"},"","",{"$error":"#VALUE!"},{"$f":"SUM($H$14:$H182)","v":0}]
[{"$f":"IF(Values_Entered,A182+1,\"\")","v":""},"","","",{"$error":"#VALUE!"},{"$error":"#VALUE!"},"","",{"$error":"#VALUE!"},{"$f":"SUM($H$14:$H183)","v":0}]
[{"$f":"IF(Values_Entered,A183+1,\"\")","v":""},"","","",{"$error":"#VALUE!"},{"$error":"#VALUE!"},"","",{"$error":"#VALUE!"},{"$f":"SUM($H$14:$H184)","v":0}]
[{"$f":"IF(Values_Entered,A184+1,\"\")","v":""},"","","",{"$error":"#VALUE!"},{"$error":"#VALUE!"},"","",{"$error":"#VALUE!"},{"$f":"SUM($H$14:$H185)","v":0}]
[{"$f":"IF(Values_Entered,A185+1,\"\")","v":""},"","","",{"$error":"#VALUE!"},{"$error":"#VALUE!"},"","",{"$error":"#VALUE!"},{"$f":"SUM($H$14:$H186)","v":0}]
[{"$f":"IF(Values_Entered,A186+1,\"\")","v":""},"","","",{"$error":"#VALUE!"},{"$error":"#VALUE!"},"","",{"$error":"#VALUE!"},{"$f":"SUM($H$14:$H187)","v":0}]
[{"$f":"IF(Values_Entered,A187+1,\"\")","v":""},"","","",{"$error":"#VALUE!"},{"$error":"#VALUE!"},"","",{"$error":"#VALUE!"},{"$f":"SUM($H$14:$H188)","v":0}]
[{"$f":"IF(Values_Entered,A188+1,\"\")","v":""},"","","",{"$error":"#VALUE!"},{"$error":"#VALUE!"},"","",{"$error":"#VALUE!"},{"$f":"SUM($H$14:$H189)","v":0}]
[{"$f":"IF(Values_Entered,A189+1,\"\")","v":""},"","","",{"$error":"#VALUE!"},{"$error":"#VALUE!"},"","",{"$error":"#VALUE!"},{"$f":"SUM($H$14:$H190)","v":0}]
[{"$f":"IF(Values_Entered,A190+1,\"\")","v":""},"","","",{"$error":"#VALUE!"},{"$error":"#VALUE!"},"","",{"$error":"#VALUE!"},{"$f":"SUM($H$14:$H191)","v":0}]
[{"$f":"IF(Values_Entered,A191+1,\"\")","v":""},"","","",{"$error":"#VALUE!"},{"$error":"#VALUE!"},"","",{"$error":"#VALUE!"},{"$f":"SUM($H$14:$H192)","v":0}]
[{"$f":"IF(Values_Entered,A192+1,\"\")","v":""},"","","",{"$error":"#VALUE!"},{"$error":"#VALUE!"},"","",{"$error":"#VALUE!"},{"$f":"SUM($H$14:$H193)","v":0}]
[{"$f":"IF(Values_Entered,A193+1,\"\")","v":""},"","","",{"$error":"#VALUE!"},{"$error":"#VALUE!"},"","",{"$error":"#VALUE!"},{"$f":"SUM($H$14:$H194)","v":0}]
[{"$f":"IF(Values_Entered,A194+1,\"\")","v":""},"","","",{"$error":"#VALUE!"},{"$error":"#VALUE!"},"","",{"$error":"#VALUE!"},{"$f":"SUM($H$14:$H195)","v":0}]
[{"$f":"IF(Values_Entered,A195+1,\"\")","v":""},"","","",{"$error":"#VALUE!"},{"$error":"#VALUE!"},"","",{"$error":"#VALUE!"},{"$f":"SUM($H$14:$H196)","v":0}]
[{"$f":"IF(Values_Entered,A196+1,\"\")","v":""},"","","",{"$error":"#VALUE!"},{"$error":"#VALUE!"},"","",{"$error":"#VALUE!"},{"$f":"SUM($H$14:$H197)","v":0}]
[{"$f":"IF(Values_Entered,A197+1,\"\")","v":""},"","","",{"$error":"#VALUE!"},{"$error":"#VALUE!"},"","",{"$error":"#VALUE!"},{"$f":"SUM($H$14:$H198)","v":0}]
[{"$f":"IF(Values_Entered,A198+1,\"\")","v":""},"","","",{"$error":"#VALUE!"},{"$error":"#VALUE!"},"","",{"$error":"#VALUE!"},{"$f":"SUM($H$14:$H199)","v":0}]
[{"$f":"IF(Values_Entered,A199+1,\"\")","v":""},"","","",{"$error":"#VALUE!"},{"$error":"#VALUE!"},"","",{"$error":"#VALUE!"},{"$f":"SUM($H$14:$H200)","v":0}]
[{"$f":"IF(Values_Entered,A200+1,\"\")","v":""},"","","",{"$error":"#VALUE!"},{"$error":"#VALUE!"},"","",{"$error":"#VALUE!"},{"$f":"SUM($H$14:$H201)","v":0}]
[{"$f":"IF(Values_Entered,A201+1,\"\")","v":""},"","","",{"$error":"#VALUE!"},{"$error":"#VALUE!"},"","",{"$error":"#VALUE!"},{"$f":"SUM($H$14:$H202)","v":0}]
[{"$f":"IF(Values_Entered,A202+1,\"\")","v":""},"","","",{"$error":"#VALUE!"},{"$error":"#VALUE!"},"","",{"$error":"#VALUE!"},{"$f":"SUM($H$14:$H203)","v":0}]
[{"$f":"IF(Values_Entered,A203+1,\"\")","v":""},"","","",{"$error":"#VALUE!"},{"$error":"#VALUE!"},"","",{"$error":"#VALUE!"},{"$f":"SUM($H$14:$H204)","v":0}]
[{"$f":"IF(Values_Entered,A204+1,\"\")","v":""},"","","",{"$error":"#VALUE!"},{"$error":"#VALUE!"},"","",{"$error":"#VALUE!"},{"$f":"SUM($H$14:$H205)","v":0}]
[{"$f":"IF(Values_Entered,A205+1,\"\")","v":""},{"$f":"IF(Pay_Num<>\"\",DATE(YEAR(Loan_Start),MONTH(Loan_Start)+(Pay_Num)*12/Num_Pmt_Per_Year,DAY(Loan_Start)),\"\")","v":""},"","",{"$f":"IF(AND(Pay_Num<>\"\",Sched_Pay+Scheduled_Extra_Payments<Beg_Bal),Scheduled_Extra_Payments,IF(AND(Pay_Num<>\"\",Beg_Bal-Sched_Pay>0),Beg_Bal-Sched_Pay,IF(Pay_Num<>\"\",0,\"\")))","v":{"$error":"#VALUE!"}},{"$f":"IF(AND(Pay_Num<>\"\",Sched_Pay+Extra_Pay<Beg_Bal),Sched_Pay+Extra_Pay,IF(Pay_Num<>\"\",Beg_Bal,\"\"))","v":{"$error":"#VALUE!"}},"","",{"$f":"IF(AND(Pay_Num<>\"\",Sched_Pay+Extra_Pay<Beg_Bal),Beg_Bal-Princ,IF(Pay_Num<>\"\",0,\"\"))","v":{"$error":"#VALUE!"}},{"$f":"SUM($H$14:$H206)","v":0}]
[{"$f":"IF(Values_Entered,A206+1,\"\")","v":""},"",{"$f":"IF(Pay_Num<>\"\",I206,\"\")","v":""},"",{"$error":"#VALUE!"},{"$error":"#VALUE!"},{"$f":"IF(Pay_Num<>\"\",Total_Pay-Int,\"\")","v":""},{"$f":"IF(Pay_Num<>\"\",Beg_Bal*Interest_Rate/Num_Pmt_Per_Year,\"\")","v":""},{"$error":"#VALUE!"},{"$f":"SUM($H$14:$H207)","v":0}]
[{"$f":"IF(Values_Entered,A207+1,\"\")","v":""},"","",{"$f":"IF(Pay_Num<>\"\",Scheduled_Monthly_Payment,\"\")","v":""},{"$error":"#VALUE!"},{"$error":"#VALUE!"},"","",{"$error":"#VALUE!"},{"$f":"SUM($H$14:$H208)","v":0}]
[{"$f":"IF(Values_Entered,A208+1,\"\")","v":""},"","","",{"$error":"#VALUE!"},{"$error":"#VALUE!"},"","",{"$error":"#VALUE!"},{"$f":"SUM($H$14:$H209)","v":0}]
[{"$f":"IF(Values_Entered,A209+1,\"\")","v":""},"","","",{"$error":"#VALUE!"},{"$error":"#VALUE!"},"","",{"$error":"#VALUE!"},{"$f":"SUM($H$14:$H210)","v":0}]
[{"$f":"IF(Values_Entered,A210+1,\"\")","v":""},"","","",{"$error":"#VALUE!"},{"$error":"#VALUE!"},"","",{"$error":"#VALUE!"},{"$f":"SUM($H$14:$H211)","v":0}]
[{"$f":"IF(Values_Entered,A211+1,\"\")","v":""},"","","",{"$error":"#VALUE!"},{"$error":"#VALUE!"},"","",{"$error":"#VALUE!"},{"$f":"SUM($H$14:$H212)","v":0}]
[{"$f":"IF(Values_Entered,A212+1,\"\")","v":""},"","","",{"$error":"#VALUE!"},{"$error":"#VALUE!"},"","",{"$error":"#VALUE!"},{"$f":"SUM($H$14:$H213)","v":0}]
[{"$f":"IF(Values_Entered,A213+1,\"\")","v":""},"","","",{"$error":"#VALUE!"},{"$error":"#VALUE!"},"","",{"$error":"#VALUE!"},{"$f":"SUM($H$14:$H214)","v":0}]
[{"$f":"IF(Values_Entered,A214+1,\"\")","v":""},"","","",{"$error":"#VALUE!"},{"$error":"#VALUE!"},"","",{"$error":"#VALUE!"},{"$f":"SUM($H$14:$H215)","v":0}]
[{"$f":"IF(Values_Entered,A215+1,\"\")","v":""},"","","",{"$error":"#VALUE!"},{"$error":"#VALUE!"},"","",{"$error":"#VALUE!"},{"$f":"SUM($H$14:$H216)","v":0}]
[{"$f":"IF(Values_Entered,A216+1,\"\")","v":""},"","","",{"$error":"#VALUE!"},{"$error":"#VALUE!"},"","",{"$error":"#VALUE!"},{"$f":"SUM($H$14:$H217)","v":0}]
[{"$f":"IF(Values_Entered,A217+1,\"\")","v":""},"","","",{"$error":"#VALUE!"},{"$error":"#VALUE!"},"","",{"$error":"#VALUE!"},{"$f":"SUM($H$14:$H218)","v":0}]
[{"$f":"IF(Values_Entered,A218+1,\"\")","v":""},"","","",{"$error":"#VALUE!"},{"$error":"#VALUE!"},"","",{"$error":"#VALUE!"},{"$f":"SUM($H$14:$H219)","v":0}]
[{"$f":"IF(Values_Entered,A219+1,\"\")","v":""},"","","",{"$error":"#VALUE!"},{"$error":"#VALUE!"},"","",{"$error":"#VALUE!"},{"$f":"SUM($H$14:$H220)","v":0}]
[{"$f":"IF(Values_Entered,A220+1,\"\")","v":""},"","","",{"$error":"#VALUE!"},{"$error":"#VALUE!"},"","",{"$error":"#VALUE!"},{"$f":"SUM($H$14:$H221)","v":0}]
[{"$f":"IF(Values_Entered,A221+1,\"\")","v":""},"","","",{"$error":"#VALUE!"},{"$error":"#VALUE!"},"","",{"$error":"#VALUE!"},{"$f":"SUM($H$14:$H222)","v":0}]
[{"$f":"IF(Values_Entered,A222+1,\"\")","v":""},"","","",{"$error":"#VALUE!"},{"$error":"#VALUE!"},"","",{"$error":"#VALUE!"},{"$f":"SUM($H$14:$H223)","v":0}]
[{"$f":"IF(Values_Entered,A223+1,\"\")","v":""},"","","",{"$error":"#VALUE!"},{"$error":"#VALUE!"},"","",{"$error":"#VALUE!"},{"$f":"SUM($H$14:$H224)","v":0}]
[{"$f":"IF(Values_Entered,A224+1,\"\")","v":""},"","","",{"$error":"#VALUE!"},{"$error":"#VALUE!"},"","",{"$error":"#VALUE!"},{"$f":"SUM($H$14:$H225)","v":0}]
[{"$f":"IF(Values_Entered,A225+1,\"\")","v":""},"","","",{"$error":"#VALUE!"},{"$error":"#VALUE!"},"","",{"$error":"#VALUE!"},{"$f":"SUM($H$14:$H226)","v":0}]
[{"$f":"IF(Values_Entered,A226+1,\"\")","v":""},"","","",{"$error":"#VALUE!"},{"$error":"#VALUE!"},"","",{"$error":"#VALUE!"},{"$f":"SUM($H$14:$H227)","v":0}]
[{"$f":"IF(Values_Entered,A227+1,\"\")","v":""},"","","",{"$error":"#VALUE!"},{"$error":"#VALUE!"},"","",{"$error":"#VALUE!"},{"$f":"SUM($H$14:$H228)","v":0}]
[{"$f":"IF(Values_Entered,A228+1,\"\")","v":""},"","","",{"$error":"#VALUE!"},{"$error":"#VALUE!"},"","",{"$error":"#VALUE!"},{"$f":"SUM($H$14:$H229)","v":0}]
[{"$f":"IF(Values_Entered,A229+1,\"\")","v":""},"","","",{"$error":"#VALUE!"},{"$error":"#VALUE!"},"","",{"$error":"#VALUE!"},{"$f":"SUM($H$14:$H230)","v":0}]
[{"$f":"IF(Values_Entered,A230+1,\"\")","v":""},"","","",{"$error":"#VALUE!"},{"$error":"#VALUE!"},"","",{"$error":"#VALUE!"},{"$f":"SUM($H$14:$H231)","v":0}]
[{"$f":"IF(Values_Entered,A231+1,\"\")","v":""},"","","",{"$error":"#VALUE!"},{"$error":"#VALUE!"},"","",{"$error":"#VALUE!"},{"$f":"SUM($H$14:$H232)","v":0}]
[{"$f":"IF(Values_Entered,A232+1,\"\")","v":""},"","","",{"$error":"#VALUE!"},{"$error":"#VALUE!"},"","",{"$error":"#VALUE!"},{"$f":"SUM($H$14:$H233)","v":0}]
[{"$f":"IF(Values_Entered,A233+1,\"\")","v":""},"","","",{"$error":"#VALUE!"},{"$error":"#VALUE!"},"","",{"$error":"#VALUE!"},{"$f":"SUM($H$14:$H234)","v":0}]
[{"$f":"IF(Values_Entered,A234+1,\"\")","v":""},"","","",{"$error":"#VALUE!"},{"$error":"#VALUE!"},"","",{"$error":"#VALUE!"},{"$f":"SUM($H$14:$H235)","v":0}]
[{"$f":"IF(Values_Entered,A235+1,\"\")","v":""},"","","",{"$error":"#VALUE!"},{"$error":"#VALUE!"},"","",{"$error":"#VALUE!"},{"$f":"SUM($H$14:$H236)","v":0}]
[{"$f":"IF(Values_Entered,A236+1,\"\")","v":""},"","","",{"$error":"#VALUE!"},{"$error":"#VALUE!"},"","",{"$error":"#VALUE!"},{"$f":"SUM($H$14:$H237)","v":0}]
[{"$f":"IF(Values_Entered,A237+1,\"\")","v":""},"","","",{"$error":"#VALUE!"},{"$error":"#VALUE!"},"","",{"$error":"#VALUE!"},{"$f":"SUM($H$14:$H238)","v":0}]
[{"$f":"IF(Values_Entered,A238+1,\"\")","v":""},"","","",{"$error":"#VALUE!"},{"$error":"#VALUE!"},"","",{"$error":"#VALUE!"},{"$f":"SUM($H$14:$H239)","v":0}]
[{"$f":"IF(Values_Entered,A239+1,\"\")","v":""},"","","",{"$error":"#VALUE!"},{"$error":"#VALUE!"},"","",{"$error":"#VALUE!"},{"$f":"SUM($H$14:$H240)","v":0}]
[{"$f":"IF(Values_Entered,A240+1,\"\")","v":""},"","","",{"$error":"#VALUE!"},{"$error":"#VALUE!"},"","",{"$error":"#VALUE!"},{"$f":"SUM($H$14:$H241)","v":0}]
[{"$f":"IF(Values_Entered,A241+1,\"\")","v":""},"","","",{"$error":"#VALUE!"},{"$error":"#VALUE!"},"","",{"$error":"#VALUE!"},{"$f":"SUM($H$14:$H242)","v":0}]
[{"$f":"IF(Values_Entered,A242+1,\"\")","v":""},"","","",{"$error":"#VALUE!"},{"$error":"#VALUE!"},"","",{"$error":"#VALUE!"},{"$f":"SUM($H$14:$H243)","v":0}]
[{"$f":"IF(Values_Entered,A243+1,\"\")","v":""},"","","",{"$error":"#VALUE!"},{"$error":"#VALUE!"},"","",{"$error":"#VALUE!"},{"$f":"SUM($H$14:$H244)","v":0}]
[{"$f":"IF(Values_Entered,A244+1,\"\")","v":""},"","","",{"$error":"#VALUE!"},{"$error":"#VALUE!"},"","",{"$error":"#VALUE!"},{"$f":"SUM($H$14:$H245)","v":0}]
[{"$f":"IF(Values_Entered,A245+1,\"\")","v":""},"","","",{"$error":"#VALUE!"},{"$error":"#VALUE!"},"","",{"$error":"#VALUE!"},{"$f":"SUM($H$14:$H246)","v":0}]
[{"$f":"IF(Values_Entered,A246+1,\"\")","v":""},"","","",{"$error":"#VALUE!"},{"$error":"#VALUE!"},"","",{"$error":"#VALUE!"},{"$f":"SUM($H$14:$H247)","v":0}]
[{"$f":"IF(Values_Entered,A247+1,\"\")","v":""},"","","",{"$error":"#VALUE!"},{"$error":"#VALUE!"},"","",{"$error":"#VALUE!"},{"$f":"SUM($H$14:$H248)","v":0}]
[{"$f":"IF(Values_Entered,A248+1,\"\")","v":""},"","","",{"$error":"#VALUE!"},{"$error":"#VALUE!"},"","",{"$error":"#VALUE!"},{"$f":"SUM($H$14:$H249)","v":0}]
[{"$f":"IF(Values_Entered,A249+1,\"\")","v":""},"","","",{"$error":"#VALUE!"},{"$error":"#VALUE!"},"","",{"$error":"#VALUE!"},{"$f":"SUM($H$14:$H250)","v":0}]
[{"$f":"IF(Values_Entered,A250+1,\"\")","v":""},"","","",{"$error":"#VALUE!"},{"$error":"#VALUE!"},"","",{"$error":"#VALUE!"},{"$f":"SUM($H$14:$H251)","v":0}]
[{"$f":"IF(Values_Entered,A251+1,\"\")","v":""},"","","",{"$error":"#VALUE!"},{"$error":"#VALUE!"},"","",{"$error":"#VALUE!"},{"$f":"SUM($H$14:$H252)","v":0}]
[{"$f":"IF(Values_Entered,A252+1,\"\")","v":""},"","","",{"$error":"#VALUE!"},{"$error":"#VALUE!"},"","",{"$error":"#VALUE!"},{"$f":"SUM($H$14:$H253)","v":0}]
[{"$f":"IF(Values_Entered,A253+1,\"\")","v":""},"","","",{"$error":"#VALUE!"},{"$error":"#VALUE!"},"","",{"$error":"#VALUE!"},{"$f":"SUM($H$14:$H254)","v":0}]
[{"$f":"IF(Values_Entered,A254+1,\"\")","v":""},"","","",{"$error":"#VALUE!"},{"$error":"#VALUE!"},"","",{"$error":"#VALUE!"},{"$f":"SUM($H$14:$H255)","v":0}]
[{"$f":"IF(Values_Entered,A255+1,\"\")","v":""},"","","",{"$error":"#VALUE!"},{"$error":"#VALUE!"},"","",{"$error":"#VALUE!"},{"$f":"SUM($H$14:$H256)","v":0}]
[{"$f":"IF(Values_Entered,A256+1,\"\")","v":""},"","","",{"$error":"#VALUE!"},{"$error":"#VALUE!"},"","",{"$error":"#VALUE!"},{"$f":"SUM($H$14:$H257)","v":0}]
[{"$f":"IF(Values_Entered,A257+1,\"\")","v":""},"","","",{"$error":"#VALUE!"},{"$error":"#VALUE!"},"","",{"$error":"#VALUE!"},{"$f":"SUM($H$14:$H258)","v":0}]
[{"$f":"IF(Values_Entered,A258+1,\"\")","v":""},"","","",{"$error":"#VALUE!"},{"$error":"#VALUE!"},"","",{"$error":"#VALUE!"},{"$f":"SUM($H$14:$H259)","v":0}]
[{"$f":"IF(Values_Entered,A259+1,\"\")","v":""},"","","",{"$error":"#VALUE!"},{"$error":"#VALUE!"},"","",{"$error":"#VALUE!"},{"$f":"SUM($H$14:$H260)","v":0}]
[{"$f":"IF(Values_Entered,A260+1,\"\")","v":""},"","","",{"$error":"#VALUE!"},{"$error":"#VALUE!"},"","",{"$error":"#VALUE!"},{"$f":"SUM($H$14:$H261)","v":0}]
[{"$f":"IF(Values_Entered,A261+1,\"\")","v":""},"","","",{"$error":"#VALUE!"},{"$error":"#VALUE!"},"","",{"$error":"#VALUE!"},{"$f":"SUM($H$14:$H262)","v":0}]
[{"$f":"IF(Values_Entered,A262+1,\"\")","v":""},"","","",{"$error":"#VALUE!"},{"$error":"#VALUE!"},"","",{"$error":"#VALUE!"},{"$f":"SUM($H$14:$H263)","v":0}]
[{"$f":"IF(Values_Entered,A263+1,\"\")","v":""},"","","",{"$error":"#VALUE!"},{"$error":"#VALUE!"},"","",{"$error":"#VALUE!"},{"$f":"SUM($H$14:$H264)","v":0}]
[{"$f":"IF(Values_Entered,A264+1,\"\")","v":""},"","","",{"$error":"#VALUE!"},{"$error":"#VALUE!"},"","",{"$error":"#VALUE!"},{"$f":"SUM($H$14:$H265)","v":0}]
[{"$f":"IF(Values_Entered,A265+1,\"\")","v":""},"","","",{"$error":"#VALUE!"},{"$error":"#VALUE!"},"","",{"$error":"#VALUE!"},{"$f":"SUM($H$14:$H266)","v":0}]
[{"$f":"IF(Values_Entered,A266+1,\"\")","v":""},"","","",{"$error":"#VALUE!"},{"$error":"#VALUE!"},"","",{"$error":"#VALUE!"},{"$f":"SUM($H$14:$H267)","v":0}]
[{"$f":"IF(Values_Entered,A267+1,\"\")","v":""},"","","",{"$error":"#VALUE!"},{"$error":"#VALUE!"},"","",{"$error":"#VALUE!"},{"$f":"SUM($H$14:$H268)","v":0}]
[{"$f":"IF(Values_Entered,A268+1,\"\")","v":""},"","","",{"$error":"#VALUE!"},{"$error":"#VALUE!"},"","",{"$error":"#VALUE!"},{"$f":"SUM($H$14:$H269)","v":0}]
[{"$f":"IF(Values_Entered,A269+1,\"\")","v":""},{"$f":"IF(Pay_Num<>\"\",DATE(YEAR(Loan_Start),MONTH(Loan_Start)+(Pay_Num)*12/Num_Pmt_Per_Year,DAY(Loan_Start)),\"\")","v":""},"","",{"$f":"IF(AND(Pay_Num<>\"\",Sched_Pay+Scheduled_Extra_Payments<Beg_Bal),Scheduled_Extra_Payments,IF(AND(Pay_Num<>\"\",Beg_Bal-Sched_Pay>0),Beg_Bal-Sched_Pay,IF(Pay_Num<>\"\",0,\"\")))","v":{"$error":"#VALUE!"}},{"$f":"IF(AND(Pay_Num<>\"\",Sched_Pay+Extra_Pay<Beg_Bal),Sched_Pay+Extra_Pay,IF(Pay_Num<>\"\",Beg_Bal,\"\"))","v":{"$error":"#VALUE!"}},"","",{"$f":"IF(AND(Pay_Num<>\"\",Sched_Pay+Extra_Pay<Beg_Bal),Beg_Bal-Princ,IF(Pay_Num<>\"\",0,\"\"))","v":{"$error":"#VALUE!"}},{"$f":"SUM($H$14:$H270)","v":0}]
[{"$f":"IF(Values_Entered,A270+1,\"\")","v":""},"",{"$f":"IF(Pay_Num<>\"\",I270,\"\")","v":""},"",{"$error":"#VALUE!"},{"$error":"#VALUE!"},{"$f":"IF(Pay_Num<>\"\",Total_Pay-Int,\"\")","v":""},{"$f":"IF(Pay_Num<>\"\",Beg_Bal*Interest_Rate/Num_Pmt_Per_Year,\"\")","v":""},{"$error":"#VALUE!"},{"$f":"SUM($H$14:$H271)","v":0}]
[{"$f":"IF(Values_Entered,A271+1,\"\")","v":""},"","",{"$f":"IF(Pay_Num<>\"\",Scheduled_Monthly_Payment,\"\")","v":""},{"$error":"#VALUE!"},{"$error":"#VALUE!"},"","",{"$error":"#VALUE!"},{"$f":"SUM($H$14:$H272)","v":0}]
[{"$f":"IF(Values_Entered,A272+1,\"\")","v":""},"","","",{"$error":"#VALUE!"},{"$error":"#VALUE!"},"","",{"$error":"#VALUE!"},{"$f":"SUM($H$14:$H273)","v":0}]
[{"$f":"IF(Values_Entered,A273+1,\"\")","v":""},"","","",{"$error":"#VALUE!"},{"$error":"#VALUE!"},"","",{"$error":"#VALUE!"},{"$f":"SUM($H$14:$H274)","v":0}]
[{"$f":"IF(Values_Entered,A274+1,\"\")","v":""},"","","",{"$error":"#VALUE!"},{"$error":"#VALUE!"},"","",{"$error":"#VALUE!"},{"$f":"SUM($H$14:$H275)","v":0}]
[{"$f":"IF(Values_Entered,A275+1,\"\")","v":""},"","","",{"$error":"#VALUE!"},{"$error":"#VALUE!"},"","",{"$error":"#VALUE!"},{"$f":"SUM($H$14:$H276)","v":0}]
[{"$f":"IF(Values_Entered,A276+1,\"\")","v":""},"","","",{"$error":"#VALUE!"},{"$error":"#VALUE!"},"","",{"$error":"#VALUE!"},{"$f":"SUM($H$14:$H277)","v":0}]
[{"$f":"IF(Values_Entered,A277+1,\"\")","v":""},"","","",{"$error":"#VALUE!"},{"$error":"#VALUE!"},"","",{"$error":"#VALUE!"},{"$f":"SUM($H$14:$H278)","v":0}]
[{"$f":"IF(Values_Entered,A278+1,\"\")","v":""},"","","",{"$error":"#VALUE!"},{"$error":"#VALUE!"},"","",{"$error":"#VALUE!"},{"$f":"SUM($H$14:$H279)","v":0}]
[{"$f":"IF(Values_Entered,A279+1,\"\")","v":""},"","","",{"$error":"#VALUE!"},{"$error":"#VALUE!"},"","",{"$error":"#VALUE!"},{"$f":"SUM($H$14:$H280)","v":0}]
[{"$f":"IF(Values_Entered,A280+1,\"\")","v":""},"","","",{"$error":"#VALUE!"},{"$error":"#VALUE!"},"","",{"$error":"#VALUE!"},{"$f":"SUM($H$14:$H281)","v":0}]
[{"$f":"IF(Values_Entered,A281+1,\"\")","v":""},"","","",{"$error":"#VALUE!"},{"$error":"#VALUE!"},"","",{"$error":"#VALUE!"},{"$f":"SUM($H$14:$H282)","v":0}]
[{"$f":"IF(Values_Entered,A282+1,\"\")","v":""},"","","",{"$error":"#VALUE!"},{"$error":"#VALUE!"},"","",{"$error":"#VALUE!"},{"$f":"SUM($H$14:$H283)","v":0}]
[{"$f":"IF(Values_Entered,A283+1,\"\")","v":""},"","","",{"$error":"#VALUE!"},{"$error":"#VALUE!"},"","",{"$error":"#VALUE!"},{"$f":"SUM($H$14:$H284)","v":0}]
[{"$f":"IF(Values_Entered,A284+1,\"\")","v":""},"","","",{"$error":"#VALUE!"},{"$error":"#VALUE!"},"","",{"$error":"#VALUE!"},{"$f":"SUM($H$14:$H285)","v":0}]
[{"$f":"IF(Values_Entered,A285+1,\"\")","v":""},"","","",{"$error":"#VALUE!"},{"$error":"#VALUE!"},"","",{"$error":"#VALUE!"},{"$f":"SUM($H$14:$H286)","v":0}]
[{"$f":"IF(Values_Entered,A286+1,\"\")","v":""},"","","",{"$error":"#VALUE!"},{"$error":"#VALUE!"},"","",{"$error":"#VALUE!"},{"$f":"SUM($H$14:$H287)","v":0}]
[{"$f":"IF(Values_Entered,A287+1,\"\")","v":""},"","","",{"$error":"#VALUE!"},{"$error":"#VALUE!"},"","",{"$error":"#VALUE!"},{"$f":"SUM($H$14:$H288)","v":0}]
[{"$f":"IF(Values_Entered,A288+1,\"\")","v":""},"","","",{"$error":"#VALUE!"},{"$error":"#VALUE!"},"","",{"$error":"#VALUE!"},{"$f":"SUM($H$14:$H289)","v":0}]
[{"$f":"IF(Values_Entered,A289+1,\"\")","v":""},"","","",{"$error":"#VALUE!"},{"$error":"#VALUE!"},"","",{"$error":"#VALUE!"},{"$f":"SUM($H$14:$H290)","v":0}]
[{"$f":"IF(Values_Entered,A290+1,\"\")","v":""},"","","",{"$error":"#VALUE!"},{"$error":"#VALUE!"},"","",{"$error":"#VALUE!"},{"$f":"SUM($H$14:$H291)","v":0}]
[{"$f":"IF(Values_Entered,A291+1,\"\")","v":""},"","","",{"$error":"#VALUE!"},{"$error":"#VALUE!"},"","",{"$error":"#VALUE!"},{"$f":"SUM($H$14:$H292)","v":0}]
[{"$f":"IF(Values_Entered,A292+1,\"\")","v":""},"","","",{"$error":"#VALUE!"},{"$error":"#VALUE!"},"","",{"$error":"#VALUE!"},{"$f":"SUM($H$14:$H293)","v":0}]
[{"$f":"IF(Values_Entered,A293+1,\"\")","v":""},"","","",{"$error":"#VALUE!"},{"$error":"#VALUE!"},"","",{"$error":"#VALUE!"},{"$f":"SUM($H$14:$H294)","v":0}]
[{"$f":"IF(Values_Entered,A294+1,\"\")","v":""},"","","",{"$error":"#VALUE!"},{"$error":"#VALUE!"},"","",{"$error":"#VALUE!"},{"$f":"SUM($H$14:$H295)","v":0}]
[{"$f":"IF(Values_Entered,A295+1,\"\")","v":""},"","","",{"$error":"#VALUE!"},{"$error":"#VALUE!"},"","",{"$error":"#VALUE!"},{"$f":"SUM($H$14:$H296)","v":0}]
[{"$f":"IF(Values_Entered,A296+1,\"\")","v":""},"","","",{"$error":"#VALUE!"},{"$error":"#VALUE!"},"","",{"$error":"#VALUE!"},{"$f":"SUM($H$14:$H297)","v":0}]
[{"$f":"IF(Values_Entered,A297+1,\"\")","v":""},"","","",{"$error":"#VALUE!"},{"$error":"#VALUE!"},"","",{"$error":"#VALUE!"},{"$f":"SUM($H$14:$H298)","v":0}]
[{"$f":"IF(Values_Entered,A298+1,\"\")","v":""},"","","",{"$error":"#VALUE!"},{"$error":"#VALUE!"},"","",{"$error":"#VALUE!"},{"$f":"SUM($H$14:$H299)","v":0}]
[{"$f":"IF(Values_Entered,A299+1,\"\")","v":""},"","","",{"$error":"#VALUE!"},{"$error":"#VALUE!"},"","",{"$error":"#VALUE!"},{"$f":"SUM($H$14:$H300)","v":0}]
[{"$f":"IF(Values_Entered,A300+1,\"\")","v":""},"","","",{"$error":"#VALUE!"},{"$error":"#VALUE!"},"","",{"$error":"#VALUE!"},{"$f":"SUM($H$14:$H301)","v":0}]
[{"$f":"IF(Values_Entered,A301+1,\"\")","v":""},"","","",{"$error":"#VALUE!"},{"$error":"#VALUE!"},"","",{"$error":"#VALUE!"},{"$f":"SUM($H$14:$H302)","v":0}]
[{"$f":"IF(Values_Entered,A302+1,\"\")","v":""},"","","",{"$error":"#VALUE!"},{"$error":"#VALUE!"},"","",{"$error":"#VALUE!"},{"$f":"SUM($H$14:$H303)","v":0}]
[{"$f":"IF(Values_Entered,A303+1,\"\")","v":""},"","","",{"$error":"#VALUE!"},{"$error":"#VALUE!"},"","",{"$error":"#VALUE!"},{"$f":"SUM($H$14:$H304)","v":0}]
[{"$f":"IF(Values_Entered,A304+1,\"\")","v":""},"","","",{"$error":"#VALUE!"},{"$error":"#VALUE!"},"","",{"$error":"#VALUE!"},{"$f":"SUM($H$14:$H305)","v":0}]
[{"$f":"IF(Values_Entered,A305+1,\"\")","v":""},"","","",{"$error":"#VALUE!"},{"$error":"#VALUE!"},"","",{"$error":"#VALUE!"},{"$f":"SUM($H$14:$H306)","v":0}]
[{"$f":"IF(Values_Entered,A306+1,\"\")","v":""},"","","",{"$error":"#VALUE!"},{"$error":"#VALUE!"},"","",{"$error":"#VALUE!"},{"$f":"SUM($H$14:$H307)","v":0}]
[{"$f":"IF(Values_Entered,A307+1,\"\")","v":""},"","","",{"$error":"#VALUE!"},{"$error":"#VALUE!"},"","",{"$error":"#VALUE!"},{"$f":"SUM($H$14:$H308)","v":0}]
[{"$f":"IF(Values_Entered,A308+1,\"\")","v":""},"","","",{"$error":"#VALUE!"},{"$error":"#VALUE!"},"","",{"$error":"#VALUE!"},{"$f":"SUM($H$14:$H309)","v":0}]
[{"$f":"IF(Values_Entered,A309+1,\"\")","v":""},"","","",{"$error":"#VALUE!"},{"$error":"#VALUE!"},"","",{"$error":"#VALUE!"},{"$f":"SUM($H$14:$H310)","v":0}]
[{"$f":"IF(Values_Entered,A310+1,\"\")","v":""},"","","",{"$error":"#VALUE!"},{"$error":"#VALUE!"},"","",{"$error":"#VALUE!"},{"$f":"SUM($H$14:$H311)","v":0}]
[{"$f":"IF(Values_Entered,A311+1,\"\")","v":""},"","","",{"$error":"#VALUE!"},{"$error":"#VALUE!"},"","",{"$error":"#VALUE!"},{"$f":"SUM($H$14:$H312)","v":0}]
[{"$f":"IF(Values_Entered,A312+1,\"\")","v":""},"","","",{"$error":"#VALUE!"},{"$error":"#VALUE!"},"","",{"$error":"#VALUE!"},{"$f":"SUM($H$14:$H313)","v":0}]
[{"$f":"IF(Values_Entered,A313+1,\"\")","v":""},"","","",{"$error":"#VALUE!"},{"$error":"#VALUE!"},"","",{"$error":"#VALUE!"},{"$f":"SUM($H$14:$H314)","v":0}]
[{"$f":"IF(Values_Entered,A314+1,\"\")","v":""},"","","",{"$error":"#VALUE!"},{"$error":"#VALUE!"},"","",{"$error":"#VALUE!"},{"$f":"SUM($H$14:$H315)","v":0}]
[{"$f":"IF(Values_Entered,A315+1,\"\")","v":""},"","","",{"$error":"#VALUE!"},{"$error":"#VALUE!"},"","",{"$error":"#VALUE!"},{"$f":"SUM($H$14:$H316)","v":0}]
[{"$f":"IF(Values_Entered,A316+1,\"\")","v":""},"","","",{"$error":"#VALUE!"},{"$error":"#VALUE!"},"","",{"$error":"#VALUE!"},{"$f":"SUM($H$14:$H317)","v":0}]
[{"$f":"IF(Values_Entered,A317+1,\"\")","v":""},"","","",{"$error":"#VALUE!"},{"$error":"#VALUE!"},"","",{"$error":"#VALUE!"},{"$f":"SUM($H$14:$H318)","v":0}]
[{"$f":"IF(Values_Entered,A318+1,\"\")","v":""},"","","",{"$error":"#VALUE!"},{"$error":"#VALUE!"},"","",{"$error":"#VALUE!"},{"$f":"SUM($H$14:$H319)","v":0}]
[{"$f":"IF(Values_Entered,A319+1,\"\")","v":""},"","","",{"$error":"#VALUE!"},{"$error":"#VALUE!"},"","",{"$error":"#VALUE!"},{"$f":"SUM($H$14:$H320)","v":0}]
[{"$f":"IF(Values_Entered,A320+1,\"\")","v":""},"","","",{"$error":"#VALUE!"},{"$error":"#VALUE!"},"","",{"$error":"#VALUE!"},{"$f":"SUM($H$14:$H321)","v":0}]
[{"$f":"IF(Values_Entered,A321+1,\"\")","v":""},"","","",{"$error":"#VALUE!"},{"$error":"#VALUE!"},"","",{"$error":"#VALUE!"},{"$f":"SUM($H$14:$H322)","v":0}]
[{"$f":"IF(Values_Entered,A322+1,\"\")","v":""},"","","",{"$error":"#VALUE!"},{"$error":"#VALUE!"},"","",{"$error":"#VALUE!"},{"$f":"SUM($H$14:$H323)","v":0}]
[{"$f":"IF(Values_Entered,A323+1,\"\")","v":""},"","","",{"$error":"#VALUE!"},{"$error":"#VALUE!"},"","",{"$error":"#VALUE!"},{"$f":"SUM($H$14:$H324)","v":0}]
[{"$f":"IF(Values_Entered,A324+1,\"\")","v":""},"","","",{"$error":"#VALUE!"},{"$error":"#VALUE!"},"","",{"$error":"#VALUE!"},{"$f":"SUM($H$14:$H325)","v":0}]
[{"$f":"IF(Values_Entered,A325+1,\"\")","v":""},"","","",{"$error":"#VALUE!"},{"$error":"#VALUE!"},"","",{"$error":"#VALUE!"},{"$f":"SUM($H$14:$H326)","v":0}]
[{"$f":"IF(Values_Entered,A326+1,\"\")","v":""},"","","",{"$error":"#VALUE!"},{"$error":"#VALUE!"},"","",{"$error":"#VALUE!"},{"$f":"SUM($H$14:$H327)","v":0}]
[{"$f":"IF(Values_Entered,A327+1,\"\")","v":""},"","","",{"$error":"#VALUE!"},{"$error":"#VALUE!"},"","",{"$error":"#VALUE!"},{"$f":"SUM($H$14:$H328)","v":0}]
[{"$f":"IF(Values_Entered,A328+1,\"\")","v":""},"","","",{"$error":"#VALUE!"},{"$error":"#VALUE!"},"","",{"$error":"#VALUE!"},{"$f":"SUM($H$14:$H329)","v":0}]
[{"$f":"IF(Values_Entered,A329+1,\"\")","v":""},"","","",{"$error":"#VALUE!"},{"$error":"#VALUE!"},"","",{"$error":"#VALUE!"},{"$f":"SUM($H$14:$H330)","v":0}]
[{"$f":"IF(Values_Entered,A330+1,\"\")","v":""},"","","",{"$error":"#VALUE!"},{"$error":"#VALUE!"},"","",{"$error":"#VALUE!"},{"$f":"SUM($H$14:$H331)","v":0}]
[{"$f":"IF(Values_Entered,A331+1,\"\")","v":""},"","","",{"$error":"#VALUE!"},{"$error":"#VALUE!"},"","",{"$error":"#VALUE!"},{"$f":"SUM($H$14:$H332)","v":0}]
[{"$f":"IF(Values_Entered,A332+1,\"\")","v":""},"","","",{"$error":"#VALUE!"},{"$error":"#VALUE!"},"","",{"$error":"#VALUE!"},{"$f":"SUM($H$14:$H333)","v":0}]
[{"$f":"IF(Values_Entered,A333+1,\"\")","v":""},{"$f":"IF(Pay_Num<>\"\",DATE(YEAR(Loan_Start),MONTH(Loan_Start)+(Pay_Num)*12/Num_Pmt_Per_Year,DAY(Loan_Start)),\"\")","v":""},"","",{"$f":"IF(AND(Pay_Num<>\"\",Sched_Pay+Scheduled_Extra_Payments<Beg_Bal),Scheduled_Extra_Payments,IF(AND(Pay_Num<>\"\",Beg_Bal-Sched_Pay>0),Beg_Bal-Sched_Pay,IF(Pay_Num<>\"\",0,\"\")))","v":{"$error":"#VALUE!"}},{"$f":"IF(AND(Pay_Num<>\"\",Sched_Pay+Extra_Pay<Beg_Bal),Sched_Pay+Extra_Pay,IF(Pay_Num<>\"\",Beg_Bal,\"\"))","v":{"$error":"#VALUE!"}},"","",{"$f":"IF(AND(Pay_Num<>\"\",Sched_Pay+Extra_Pay<Beg_Bal),Beg_Bal-Princ,IF(Pay_Num<>\"\",0,\"\"))","v":{"$error":"#VALUE!"}},{"$f":"SUM($H$14:$H334)","v":0}]
[{"$f":"IF(Values_Entered,A334+1,\"\")","v":""},"",{"$f":"IF(Pay_Num<>\"\",I334,\"\")","v":""},"",{"$error":"#VALUE!"},{"$error":"#VALUE!"},{"$f":"IF(Pay_Num<>\"\",Total_Pay-Int,\"\")","v":""},{"$f":"IF(Pay_Num<>\"\",Beg_Bal*Interest_Rate/Num_Pmt_Per_Year,\"\")","v":""},{"$error":"#VALUE!"},{"$f":"SUM($H$14:$H335)","v":0}]
[{"$f":"IF(Values_Entered,A335+1,\"\")","v":""},"","",{"$f":"IF(Pay_Num<>\"\",Scheduled_Monthly_Payment,\"\")","v":""},{"$error":"#VALUE!"},{"$error":"#VALUE!"},"","",{"$error":"#VALUE!"},{"$f":"SUM($H$14:$H336)","v":0}]
[{"$f":"IF(Values_Entered,A336+1,\"\")","v":""},"","","",{"$error":"#VALUE!"},{"$error":"#VALUE!"},"","",{"$error":"#VALUE!"},{"$f":"SUM($H$14:$H337)","v":0}]
[{"$f":"IF(Values_Entered,A337+1,\"\")","v":""},"","","",{"$error":"#VALUE!"},{"$error":"#VALUE!"},"","",{"$error":"#VALUE!"},{"$f":"SUM($H$14:$H338)","v":0}]
[{"$f":"IF(Values_Entered,A338+1,\"\")","v":""},"","","",{"$error":"#VALUE!"},{"$error":"#VALUE!"},"","",{"$error":"#VALUE!"},{"$f":"SUM($H$14:$H339)","v":0}]
[{"$f":"IF(Values_Entered,A339+1,\"\")","v":""},"","","",{"$error":"#VALUE!"},{"$error":"#VALUE!"},"","",{"$error":"#VALUE!"},{"$f":"SUM($H$14:$H340)","v":0}]
[{"$f":"IF(Values_Entered,A340+1,\"\")","v":""},"","","",{"$error":"#VALUE!"},{"$error":"#VALUE!"},"","",{"$error":"#VALUE!"},{"$f":"SUM($H$14:$H341)","v":0}]
[{"$f":"IF(Values_Entered,A341+1,\"\")","v":""},"","","",{"$error":"#VALUE!"},{"$error":"#VALUE!"},"","",{"$error":"#VALUE!"},{"$f":"SUM($H$14:$H342)","v":0}]
[{"$f":"IF(Values_Entered,A342+1,\"\")","v":""},"","","",{"$error":"#VALUE!"},{"$error":"#VALUE!"},"","",{"$error":"#VALUE!"},{"$f":"SUM($H$14:$H343)","v":0}]
[{"$f":"IF(Values_Entered,A343+1,\"\")","v":""},"","","",{"$error":"#VALUE!"},{"$error":"#VALUE!"},"","",{"$error":"#VALUE!"},{"$f":"SUM($H$14:$H344)","v":0}]
[{"$f":"IF(Values_Entered,A344+1,\"\")","v":""},"","","",{"$error":"#VALUE!"},{"$error":"#VALUE!"},"","",{"$error":"#VALUE!"},{"$f":"SUM($H$14:$H345)","v":0}]
[{"$f":"IF(Values_Entered,A345+1,\"\")","v":""},"","","",{"$error":"#VALUE!"},{"$error":"#VALUE!"},"","",{"$error":"#VALUE!"},{"$f":"SUM($H$14:$H346)","v":0}]
[{"$f":"IF(Values_Entered,A346+1,\"\")","v":""},"","","",{"$error":"#VALUE!"},{"$error":"#VALUE!"},"","",{"$error":"#VALUE!"},{"$f":"SUM($H$14:$H347)","v":0}]
[{"$f":"IF(Values_Entered,A347+1,\"\")","v":""},"","","",{"$error":"#VALUE!"},{"$error":"#VALUE!"},"","",{"$error":"#VALUE!"},{"$f":"SUM($H$14:$H348)","v":0}]
[{"$f":"IF(Values_Entered,A348+1,\"\")","v":""},"","","",{"$error":"#VALUE!"},{"$error":"#VALUE!"},"","",{"$error":"#VALUE!"},{"$f":"SUM($H$14:$H349)","v":0}]
[{"$f":"IF(Values_Entered,A349+1,\"\")","v":""},"","","",{"$error":"#VALUE!"},{"$error":"#VALUE!"},"","",{"$error":"#VALUE!"},{"$f":"SUM($H$14:$H350)","v":0}]
[{"$f":"IF(Values_Entered,A350+1,\"\")","v":""},"","","",{"$error":"#VALUE!"},{"$error":"#VALUE!"},"","",{"$error":"#VALUE!"},{"$f":"SUM($H$14:$H351)","v":0}]
[{"$f":"IF(Values_Entered,A351+1,\"\")","v":""},"","","",{"$error":"#VALUE!"},{"$error":"#VALUE!"},"","",{"$error":"#VALUE!"},{"$f":"SUM($H$14:$H352)","v":0}]
[{"$f":"IF(Values_Entered,A352+1,\"\")","v":""},"","","",{"$error":"#VALUE!"},{"$error":"#VALUE!"},"","",{"$error":"#VALUE!"},{"$f":"SUM($H$14:$H353)","v":0}]
[{"$f":"IF(Values_Entered,A353+1,\"\")","v":""},"","","",{"$error":"#VALUE!"},{"$error":"#VALUE!"},"","",{"$error":"#VALUE!"},{"$f":"SUM($H$14:$H354)","v":0}]
[{"$f":"IF(Values_Entered,A354+1,\"\")","v":""},"","","",{"$error":"#VALUE!"},{"$error":"#VALUE!"},"","",{"$error":"#VALUE!"},{"$f":"SUM($H$14:$H355)","v":0}]
[{"$f":"IF(Values_Entered,A355+1,\"\")","v":""},"","","",{"$error":"#VALUE!"},{"$error":"#VALUE!"},"","",{"$error":"#VALUE!"},{"$f":"SUM($H$14:$H356)","v":0}]
[{"$f":"IF(Values_Entered,A356+1,\"\")","v":""},"","","",{"$error":"#VALUE!"},{"$error":"#VALUE!"},"","",{"$error":"#VALUE!"},{"$f":"SUM($H$14:$H357)","v":0}]
[{"$f":"IF(Values_Entered,A357+1,\"\")","v":""},"","","",{"$error":"#VALUE!"},{"$error":"#VALUE!"},"","",{"$error":"#VALUE!"},{"$f":"SUM($H$14:$H358)","v":0}]
[{"$f":"IF(Values_Entered,A358+1,\"\")","v":""},"","","",{"$error":"#VALUE!"},{"$error":"#VALUE!"},"","",{"$error":"#VALUE!"},{"$f":"SUM($H$14:$H359)","v":0}]
[{"$f":"IF(Values_Entered,A359+1,\"\")","v":""},"","","",{"$error":"#VALUE!"},{"$error":"#VALUE!"},"","",{"$error":"#VALUE!"},{"$f":"SUM($H$14:$H360)","v":0}]
[{"$f":"IF(Values_Entered,A360+1,\"\")","v":""},"","","",{"$error":"#VALUE!"},{"$error":"#VALUE!"},"","",{"$error":"#VALUE!"},{"$f":"SUM($H$14:$H361)","v":0}]
[{"$f":"IF(Values_Entered,A361+1,\"\")","v":""},"","","",{"$error":"#VALUE!"},{"$error":"#VALUE!"},"","",{"$error":"#VALUE!"},{"$f":"SUM($H$14:$H362)","v":0}]
[{"$f":"IF(Values_Entered,A362+1,\"\")","v":""},"","","",{"$error":"#VALUE!"},{"$error":"#VALUE!"},"","",{"$error":"#VALUE!"},{"$f":"SUM($H$14:$H363)","v":0}]
[{"$f":"IF(Values_Entered,A363+1,\"\")","v":""},"","","",{"$error":"#VALUE!"},{"$error":"#VALUE!"},"","",{"$error":"#VALUE!"},{"$f":"SUM($H$14:$H364)","v":0}]
[{"$f":"IF(Values_Entered,A364+1,\"\")","v":""},"","","",{"$error":"#VALUE!"},{"$error":"#VALUE!"},"","",{"$error":"#VALUE!"},{"$f":"SUM($H$14:$H365)","v":0}]
[{"$f":"IF(Values_Entered,A365+1,\"\")","v":""},"","","",{"$error":"#VALUE!"},{"$error":"#VALUE!"},"","",{"$error":"#VALUE!"},{"$f":"SUM($H$14:$H366)","v":0}]
[{"$f":"IF(Values_Entered,A366+1,\"\")","v":""},"","","",{"$error":"#VALUE!"},{"$error":"#VALUE!"},"","",{"$error":"#VALUE!"},{"$f":"SUM($H$14:$H367)","v":0}]
[{"$f":"IF(Values_Entered,A367+1,\"\")","v":""},"","","",{"$error":"#VALUE!"},{"$error":"#VALUE!"},"","",{"$error":"#VALUE!"},{"$f":"SUM($H$14:$H368)","v":0}]
[{"$f":"IF(Values_Entered,A368+1,\"\")","v":""},"","","",{"$error":"#VALUE!"},{"$error":"#VALUE!"},"","",{"$error":"#VALUE!"},{"$f":"SUM($H$14:$H369)","v":0}]
[{"$f":"IF(Values_Entered,A369+1,\"\")","v":""},"","","",{"$error":"#VALUE!"},{"$error":"#VALUE!"},"","",{"$error":"#VALUE!"},{"$f":"SUM($H$14:$H370)","v":0}]
[{"$f":"IF(Values_Entered,A370+1,\"\")","v":""},"","","",{"$error":"#VALUE!"},{"$error":"#VALUE!"},"","",{"$error":"#VALUE!"},{"$f":"SUM($H$14:$H371)","v":0}]
[{"$f":"IF(Values_Entered,A371+1,\"\")","v":""},"","","",{"$error":"#VALUE!"},{"$error":"#VALUE!"},"","",{"$error":"#VALUE!"},{"$f":"SUM($H$14:$H372)","v":0}]
[{"$f":"IF(Values_Entered,A372+1,\"\")","v":""},"","","",{"$error":"#VALUE!"},{"$error":"#VALUE!"},"","",{"$error":"#VALUE!"},{"$f":"SUM($H$14:$H373)","v":0}]

{"sheet":"Loan Repayment Grid","index":6,"n_rows":373,"n_cols":10,"rows_kept":373,"cut":false,"hidden":true,"merged":[[0,0,0,4],[0,5,0,9],[2,1,2,3],[2,5,2,7]]}
["Loan Repayment:",{"$nulls":4},{"$f":"Input!D60","v":"Système d'irrigation alimenté par le réseau électrique"}]
["Bank:",{"$f":"Input!E88","v":0}]
[null,"Enter Values",null,null,null,"Loan Summary"]
[null,null,"Loan Amount",{"$f":"Input!E85","v":0},null,null,"Scheduled Payment",{"$f":"IF(Values_Entered,-PMT(Interest_Rate/Num_Pmt_Per_Year,Loan_Years*Num_Pmt_Per_Year,Loan_Amount),\"0\")","v":"0"}]
[null,null,"Annual Interest Rate",{"$f":"Input!E86","v":0},null,null,"Scheduled Number of Payments",{"$f":"IF(Values_Entered,Loan_Years*Num_Pmt_Per_Year,\"\")","v":""}]
[null,null,"Loan Period in Years",{"$f":"Input!E87","v":0},null,null,"Actual Number of Payments",{"$f":"IF(Values_Entered,Number_of_Payments,\"\")","v":""}]
[null,null,"Number of Payments Per Year",1,null,null,"Total Early Payments",{"$f":"IF(Values_Entered,SUMIF(Beg_Bal,\">0\",Extra_Pay),\"\")","v":""}]
[null,null,"Start Date of Loan","2017-01-01",null,null,"Total Interest",{"$f":"IF(Values_Entered,SUMIF(Beg_Bal,\">0\",Int),\"\")","v":""}]
[null,null,"Optional Extra Payments",0]
[]
[]
["PmtNo.","Payment Date","Beginning Balance","Scheduled Payment","Extra Payment","Total Payment","Principal","Interest","Ending Balance","Cumulative Interest"]
[]
[{"$f":"IF(Values_Entered,1,\"\")","v":""},{"$f":"IF(Pay_Num<>\"\",DATE(YEAR(Loan_Start),MONTH(Loan_Start)+(Pay_Num)*12/Num_Pmt_Per_Year,DAY(Loan_Start)),\"\")","v":""},{"$f":"IF(Values_Entered,Loan_Amount,\"\")","v":""},{"$f":"IF(Pay_Num<>\"\",Scheduled_Monthly_Payment,\"\")","v":""},{"$f":"IF(AND(Pay_Num<>\"\",Sched_Pay+Scheduled_Extra_Payments<Beg_Bal),Scheduled_Extra_Payments,IF(AND(Pay_Num<>\"\",Beg_Bal-Sched_Pay>0),Beg_Bal-Sched_Pay,IF(Pay_Num<>\"\",0,\"\")))","v":{"$error":"#VALUE!"}},{"$f":"IF(AND(Pay_Num<>\"\",Sched_Pay+Extra_Pay<Beg_Bal),Sched_Pay+Extra_Pay,IF(Pay_Num<>\"\",Beg_Bal,\"\"))","v":{"$error":"#VALUE!"}},{"$f":"IF(Pay_Num<>\"\",Total_Pay-Int,\"\")","v":""},{"$f":"IF(Pay_Num<>\"\",Beg_Bal*(Interest_Rate/Num_Pmt_Per_Year),\"\")","v":""},{"$f":"IF(AND(Pay_Num<>\"\",Sched_Pay+Extra_Pay<Beg_Bal),Beg_Bal-Princ,IF(Pay_Num<>\"\",0,\"\"))","v":{"$error":"#VALUE!"}},{"$f":"SUM($H$14:$H14)","v":0}]
[{"$f":"IF(Values_Entered,A14+1,\"\")","v":""},"",{"$f":"IF(Pay_Num<>\"\",I14,\"\")","v":""},{"$f":"IF(Pay_Num<>\"\",Scheduled_Monthly_Payment,\"\")","v":""},{"$error":"#VALUE!"},{"$error":"#VALUE!"},{"$f":"IF(Pay_Num<>\"\",Total_Pay-Int,\"\")","v":""},{"$f":"IF(Pay_Num<>\"\",Beg_Bal*Interest_Rate/Num_Pmt_Per_Year,\"\")","v":""},{"$error":"#VALUE!"},{"$f":"SUM($H$14:$H15)","v":0}]
[{"$f":"IF(Values_Entered,A15+1,\"\")","v":""},"","",{"$f":"IF(Pay_Num<>\"\",Scheduled_Monthly_Payment,\"\")","v":""},{"$error":"#VALUE!"},{"$error":"#VALUE!"},"","",{"$error":"#VALUE!"},{"$f":"SUM($H$14:$H16)","v":0}]
[{"$f":"IF(Values_Entered,A16+1,\"\")","v":""},"","",{"$f":"IF(Pay_Num<>\"\",Scheduled_Monthly_Payment,\"\")","v":""},{"$error":"#VALUE!"},{"$error":"#VALUE!"},"","",{"$error":"#VALUE!"},{"$f":"SUM($H$14:$H17)","v":0}]
[{"$f":"IF(Values_Entered,A17+1,\"\")","v":""},"","","",{"$error":"#VALUE!"},{"$error":"#VALUE!"},"","",{"$error":"#VALUE!"},{"$f":"SUM($H$14:$H18)","v":0}]
[{"$f":"IF(Values_Entered,A18+1,\"\")","v":""},"","","",{"$error":"#VALUE!"},{"$error":"#VALUE!"},"","",{"$error":"#VALUE!"},{"$f":"SUM($H$14:$H19)","v":0}]
[{"$f":"IF(Values_Entered,A19+1,\"\")","v":""},"","","",{"$error":"#VALUE!"},{"$error":"#VALUE!"},"","",{"$error":"#VALUE!"},{"$f":"SUM($H$14:$H20)","v":0}]
[{"$f":"IF(Values_Entered,A20+1,\"\")","v":""},"","","",{"$error":"#VALUE!"},{"$error":"#VALUE!"},"","",{"$error":"#VALUE!"},{"$f":"SUM($H$14:$H21)","v":0}]
[{"$f":"IF(Values_Entered,A21+1,\"\")","v":""},"","","",{"$error":"#VALUE!"},{"$error":"#VALUE!"},"","",{"$error":"#VALUE!"},{"$f":"SUM($H$14:$H22)","v":0}]
[{"$f":"IF(Values_Entered,A22+1,\"\")","v":""},"","","",{"$error":"#VALUE!"},{"$error":"#VALUE!"},"","",{"$error":"#VALUE!"},{"$f":"SUM($H$14:$H23)","v":0}]
[{"$f":"IF(Values_Entered,A23+1,\"\")","v":""},"","","",{"$error":"#VALUE!"},{"$error":"#VALUE!"},"","",{"$error":"#VALUE!"},{"$f":"SUM($H$14:$H24)","v":0}]
[{"$f":"IF(Values_Entered,A24+1,\"\")","v":""},"","","",{"$error":"#VALUE!"},{"$error":"#VALUE!"},"","",{"$error":"#VALUE!"},{"$f":"SUM($H$14:$H25)","v":0}]
[{"$f":"IF(Values_Entered,A25+1,\"\")","v":""},"","","",{"$error":"#VALUE!"},{"$error":"#VALUE!"},"","",{"$error":"#VALUE!"},{"$f":"SUM($H$14:$H26)","v":0}]
[{"$f":"IF(Values_Entered,A26+1,\"\")","v":""},"","","",{"$error":"#VALUE!"},{"$error":"#VALUE!"},"","",{"$error":"#VALUE!"},{"$f":"SUM($H$14:$H27)","v":0}]
[{"$f":"IF(Values_Entered,A27+1,\"\")","v":""},"","","",{"$error":"#VALUE!"},{"$error":"#VALUE!"},"","",{"$error":"#VALUE!"},{"$f":"SUM($H$14:$H28)","v":0}]
[{"$f":"IF(Values_Entered,A28+1,\"\")","v":""},"","","",{"$error":"#VALUE!"},{"$error":"#VALUE!"},"","",{"$error":"#VALUE!"},{"$f":"SUM($H$14:$H29)","v":0}]
[{"$f":"IF(Values_Entered,A29+1,\"\")","v":""},"","","",{"$error":"#VALUE!"},{"$error":"#VALUE!"},"","",{"$error":"#VALUE!"},{"$f":"SUM($H$14:$H30)","v":0}]
[{"$f":"IF(Values_Entered,A30+1,\"\")","v":""},"","","",{"$error":"#VALUE!"},{"$error":"#VALUE!"},"","",{"$error":"#VALUE!"},{"$f":"SUM($H$14:$H31)","v":0}]
[{"$f":"IF(Values_Entered,A31+1,\"\")","v":""},"","","",{"$error":"#VALUE!"},{"$error":"#VALUE!"},"","",{"$error":"#VALUE!"},{"$f":"SUM($H$14:$H32)","v":0}]
[{"$f":"IF(Values_Entered,A32+1,\"\")","v":""},"","","",{"$error":"#VALUE!"},{"$error":"#VALUE!"},"","",{"$error":"#VALUE!"},{"$f":"SUM($H$14:$H33)","v":0}]
[{"$f":"IF(Values_Entered,A33+1,\"\")","v":""},"","","",{"$error":"#VALUE!"},{"$error":"#VALUE!"},"","",{"$error":"#VALUE!"},{"$f":"SUM($H$14:$H34)","v":0}]
[{"$f":"IF(Values_Entered,A34+1,\"\")","v":""},"","","",{"$error":"#VALUE!"},{"$error":"#VALUE!"},"","",{"$error":"#VALUE!"},{"$f":"SUM($H$14:$H35)","v":0}]
[{"$f":"IF(Values_Entered,A35+1,\"\")","v":""},"","","",{"$error":"#VALUE!"},{"$error":"#VALUE!"},"","",{"$error":"#VALUE!"},{"$f":"SUM($H$14:$H36)","v":0}]
[{"$f":"IF(Values_Entered,A36+1,\"\")","v":""},"","","",{"$error":"#VALUE!"},{"$error":"#VALUE!"},"","",{"$error":"#VALUE!"},{"$f":"SUM($H$14:$H37)","v":0}]
[{"$f":"IF(Values_Entered,A37+1,\"\")","v":""},"","","",{"$error":"#VALUE!"},{"$error":"#VALUE!"},"","",{"$error":"#VALUE!"},{"$f":"SUM($H$14:$H38)","v":0}]
[{"$f":"IF(Values_Entered,A38+1,\"\")","v":""},"","","",{"$error":"#VALUE!"},{"$error":"#VALUE!"},"","",{"$error":"#VALUE!"},{"$f":"SUM($H$14:$H39)","v":0}]
[{"$f":"IF(Values_Entered,A39+1,\"\")","v":""},"","","",{"$error":"#VALUE!"},{"$error":"#VALUE!"},"","",{"$error":"#VALUE!"},{"$f":"SUM($H$14:$H40)","v":0}]
[{"$f":"IF(Values_Entered,A40+1,\"\")","v":""},"","","",{"$error":"#VALUE!"},{"$error":"#VALUE!"},"","",{"$error":"#VALUE!"},{"$f":"SUM($H$14:$H41)","v":0}]
[{"$f":"IF(Values_Entered,A41+1,\"\")","v":""},"","","",{"$error":"#VALUE!"},{"$error":"#VALUE!"},"","",{"$error":"#VALUE!"},{"$f":"SUM($H$14:$H42)","v":0}]
[{"$f":"IF(Values_Entered,A42+1,\"\")","v":""},"","","",{"$error":"#VALUE!"},{"$error":"#VALUE!"},"","",{"$error":"#VALUE!"},{"$f":"SUM($H$14:$H43)","v":0}]
[{"$f":"IF(Values_Entered,A43+1,\"\")","v":""},"","","",{"$error":"#VALUE!"},{"$error":"#VALUE!"},"","",{"$error":"#VALUE!"},{"$f":"SUM($H$14:$H44)","v":0}]
[{"$f":"IF(Values_Entered,A44+1,\"\")","v":""},"","","",{"$error":"#VALUE!"},{"$error":"#VALUE!"},"","",{"$error":"#VALUE!"},{"$f":"SUM($H$14:$H45)","v":0}]
[{"$f":"IF(Values_Entered,A45+1,\"\")","v":""},"","","",{"$error":"#VALUE!"},{"$error":"#VALUE!"},"","",{"$error":"#VALUE!"},{"$f":"SUM($H$14:$H46)","v":0}]
[{"$f":"IF(Values_Entered,A46+1,\"\")","v":""},"","","",{"$error":"#VALUE!"},{"$error":"#VALUE!"},"","",{"$error":"#VALUE!"},{"$f":"SUM($H$14:$H47)","v":0}]
[{"$f":"IF(Values_Entered,A47+1,\"\")","v":""},"","","",{"$error":"#VALUE!"},{"$error":"#VALUE!"},"","",{"$error":"#VALUE!"},{"$f":"SUM($H$14:$H48)","v":0}]
[{"$f":"IF(Values_Entered,A48+1,\"\")","v":""},"","","",{"$error":"#VALUE!"},{"$error":"#VALUE!"},"","",{"$error":"#VALUE!"},{"$f":"SUM($H$14:$H49)","v":0}]
[{"$f":"IF(Values_Entered,A49+1,\"\")","v":""},"","","",{"$error":"#VALUE!"},{"$error":"#VALUE!"},"","",{"$error":"#VALUE!"},{"$f":"SUM($H$14:$H50)","v":0}]
[{"$f":"IF(Values_Entered,A50+1,\"\")","v":""},"","","",{"$error":"#VALUE!"},{"$error":"#VALUE!"},"","",{"$error":"#VALUE!"},{"$f":"SUM($H$14:$H51)","v":0}]
[{"$f":"IF(Values_Entered,A51+1,\"\")","v":""},"","","",{"$error":"#VALUE!"},{"$error":"#VALUE!"},"","",{"$error":"#VALUE!"},{"$f":"SUM($H$14:$H52)","v":0}]
[{"$f":"IF(Values_Entered,A52+1,\"\")","v":""},"","","",{"$error":"#VALUE!"},{"$error":"#VALUE!"},"","",{"$error":"#VALUE!"},{"$f":"SUM($H$14:$H53)","v":0}]
[{"$f":"IF(Values_Entered,A53+1,\"\")","v":""},"","","",{"$error":"#VALUE!"},{"$error":"#VALUE!"},"","",{"$error":"#VALUE!"},{"$f":"SUM($H$14:$H54)","v":0}]
[{"$f":"IF(Values_Entered,A54+1,\"\")","v":""},"","","",{"$error":"#VALUE!"},{"$error":"#VALUE!"},"","",{"$error":"#VALUE!"},{"$f":"SUM($H$14:$H55)","v":0}]
[{"$f":"IF(Values_Entered,A55+1,\"\")","v":""},"","","",{"$error":"#VALUE!"},{"$error":"#VALUE!"},"","",{"$error":"#VALUE!"},{"$f":"SUM($H$14:$H56)","v":0}]
[{"$f":"IF(Values_Entered,A56+1,\"\")","v":""},"","","",{"$error":"#VALUE!"},{"$error":"#VALUE!"},"","",{"$error":"#VALUE!"},{"$f":"SUM($H$14:$H57)","v":0}]
[{"$f":"IF(Values_Entered,A57+1,\"\")","v":""},"","","",{"$error":"#VALUE!"},{"$error":"#VALUE!"},"","",{"$error":"#VALUE!"},{"$f":"SUM($H$14:$H58)","v":0}]
[{"$f":"IF(Values_Entered,A58+1,\"\")","v":""},"","","",{"$error":"#VALUE!"},{"$error":"#VALUE!"},"","",{"$error":"#VALUE!"},{"$f":"SUM($H$14:$H59)","v":0}]
[{"$f":"IF(Values_Entered,A59+1,\"\")","v":""},"","","",{"$error":"#VALUE!"},{"$error":"#VALUE!"},"","",{"$error":"#VALUE!"},{"$f":"SUM($H$14:$H60)","v":0}]
[{"$f":"IF(Values_Entered,A60+1,\"\")","v":""},"","","",{"$error":"#VALUE!"},{"$error":"#VALUE!"},"","",{"$error":"#VALUE!"},{"$f":"SUM($H$14:$H61)","v":0}]
[{"$f":"IF(Values_Entered,A61+1,\"\")","v":""},"","","",{"$error":"#VALUE!"},{"$error":"#VALUE!"},"","",{"$error":"#VALUE!"},{"$f":"SUM($H$14:$H62)","v":0}]
[{"$f":"IF(Values_Entered,A62+1,\"\")","v":""},"","","",{"$error":"#VALUE!"},{"$error":"#VALUE!"},"","",{"$error":"#VALUE!"},{"$f":"SUM($H$14:$H63)","v":0}]
[{"$f":"IF(Values_Entered,A63+1,\"\")","v":""},"","","",{"$error":"#VALUE!"},{"$error":"#VALUE!"},"","",{"$error":"#VALUE!"},{"$f":"SUM($H$14:$H64)","v":0}]
[{"$f":"IF(Values_Entered,A64+1,\"\")","v":""},"","","",{"$error":"#VALUE!"},{"$error":"#VALUE!"},"","",{"$error":"#VALUE!"},{"$f":"SUM($H$14:$H65)","v":0}]
[{"$f":"IF(Values_Entered,A65+1,\"\")","v":""},"","","",{"$error":"#VALUE!"},{"$error":"#VALUE!"},"","",{"$error":"#VALUE!"},{"$f":"SUM($H$14:$H66)","v":0}]
[{"$f":"IF(Values_Entered,A66+1,\"\")","v":""},"","","",{"$error":"#VALUE!"},{"$error":"#VALUE!"},"","",{"$error":"#VALUE!"},{"$f":"SUM($H$14:$H67)","v":0}]
[{"$f":"IF(Values_Entered,A67+1,\"\")","v":""},"","","",{"$error":"#VALUE!"},{"$error":"#VALUE!"},"","",{"$error":"#VALUE!"},{"$f":"SUM($H$14:$H68)","v":0}]
[{"$f":"IF(Values_Entered,A68+1,\"\")","v":""},"","","",{"$error":"#VALUE!"},{"$error":"#VALUE!"},"","",{"$error":"#VALUE!"},{"$f":"SUM($H$14:$H69)","v":0}]
[{"$f":"IF(Values_Entered,A69+1,\"\")","v":""},"","","",{"$error":"#VALUE!"},{"$error":"#VALUE!"},"","",{"$error":"#VALUE!"},{"$f":"SUM($H$14:$H70)","v":0}]
[{"$f":"IF(Values_Entered,A70+1,\"\")","v":""},"","","",{"$error":"#VALUE!"},{"$error":"#VALUE!"},"","",{"$error":"#VALUE!"},{"$f":"SUM($H$14:$H71)","v":0}]
[{"$f":"IF(Values_Entered,A71+1,\"\")","v":""},"","","",{"$error":"#VALUE!"},{"$error":"#VALUE!"},"","",{"$error":"#VALUE!"},{"$f":"SUM($H$14:$H72)","v":0}]
[{"$f":"IF(Values_Entered,A72+1,\"\")","v":""},"","","",{"$error":"#VALUE!"},{"$error":"#VALUE!"},"","",{"$error":"#VALUE!"},{"$f":"SUM($H$14:$H73)","v":0}]
[{"$f":"IF(Values_Entered,A73+1,\"\")","v":""},"","","",{"$error":"#VALUE!"},{"$error":"#VALUE!"},"","",{"$error":"#VALUE!"},{"$f":"SUM($H$14:$H74)","v":0}]
[{"$f":"IF(Values_Entered,A74+1,\"\")","v":""},"","","",{"$error":"#VALUE!"},{"$error":"#VALUE!"},"","",{"$error":"#VALUE!"},{"$f":"SUM($H$14:$H75)","v":0}]
[{"$f":"IF(Values_Entered,A75+1,\"\")","v":""},"","","",{"$error":"#VALUE!"},{"$error":"#VALUE!"},"","",{"$error":"#VALUE!"},{"$f":"SUM($H$14:$H76)","v":0}]
[{"$f":"IF(Values_Entered,A76+1,\"\")","v":""},"","","",{"$error":"#VALUE!"},{"$error":"#VALUE!"},"","",{"$error":"#VALUE!"},{"$f":"SUM($H$14:$H77)","v":0}]
[{"$f":"IF(Values_Entered,A77+1,\"\")","v":""},{"$f":"IF(Pay_Num<>\"\",DATE(YEAR(Loan_Start),MONTH(Loan_Start)+(Pay_Num)*12/Num_Pmt_Per_Year,DAY(Loan_Start)),\"\")","v":""},"","",{"$f":"IF(AND(Pay_Num<>\"\",Sched_Pay+Scheduled_Extra_Payments<Beg_Bal),Scheduled_Extra_Payments,IF(AND(Pay_Num<>\"\",Beg_Bal-Sched_Pay>0),Beg_Bal-Sched_Pay,IF(Pay_Num<>\"\",0,\"\")))","v":{"$error":"#VALUE!"}},{"$f":"IF(AND(Pay_Num<>\"\",Sched_Pay+Extra_Pay<Beg_Bal),Sched_Pay+Extra_Pay,IF(Pay_Num<>\"\",Beg_Bal,\"\"))","v":{"$error":"#VALUE!"}},"","",{"$f":"IF(AND(Pay_Num<>\"\",Sched_Pay+Extra_Pay<Beg_Bal),Beg_Bal-Princ,IF(Pay_Num<>\"\",0,\"\"))","v":{"$error":"#VALUE!"}},{"$f":"SUM($H$14:$H78)","v":0}]
[{"$f":"IF(Values_Entered,A78+1,\"\")","v":""},"",{"$f":"IF(Pay_Num<>\"\",I78,\"\")","v":""},"",{"$error":"#VALUE!"},{"$error":"#VALUE!"},{"$f":"IF(Pay_Num<>\"\",Total_Pay-Int,\"\")","v":""},{"$f":"IF(Pay_Num<>\"\",Beg_Bal*Interest_Rate/Num_Pmt_Per_Year,\"\")","v":""},{"$error":"#VALUE!"},{"$f":"SUM($H$14:$H79)","v":0}]
[{"$f":"IF(Values_Entered,A79+1,\"\")","v":""},"","",{"$f":"IF(Pay_Num<>\"\",Scheduled_Monthly_Payment,\"\")","v":""},{"$error":"#VALUE!"},{"$error":"#VALUE!"},"","",{"$error":"#VALUE!"},{"$f":"SUM($H$14:$H80)","v":0}]
[{"$f":"IF(Values_Entered,A80+1,\"\")","v":""},"","","",{"$error":"#VALUE!"},{"$error":"#VALUE!"},"","",{"$error":"#VALUE!"},{"$f":"SUM($H$14:$H81)","v":0}]
[{"$f":"IF(Values_Entered,A81+1,\"\")","v":""},"","","",{"$error":"#VALUE!"},{"$error":"#VALUE!"},"","",{"$error":"#VALUE!"},{"$f":"SUM($H$14:$H82)","v":0}]
[{"$f":"IF(Values_Entered,A82+1,\"\")","v":""},"","","",{"$error":"#VALUE!"},{"$error":"#VALUE!"},"","",{"$error":"#VALUE!"},{"$f":"SUM($H$14:$H83)","v":0}]
[{"$f":"IF(Values_Entered,A83+1,\"\")","v":""},"","","",{"$error":"#VALUE!"},{"$error":"#VALUE!"},"","",{"$error":"#VALUE!"},{"$f":"SUM($H$14:$H84)","v":0}]
[{"$f":"IF(Values_Entered,A84+1,\"\")","v":""},"","","",{"$error":"#VALUE!"},{"$error":"#VALUE!"},"","",{"$error":"#VALUE!"},{"$f":"SUM($H$14:$H85)","v":0}]
[{"$f":"IF(Values_Entered,A85+1,\"\")","v":""},"","","",{"$error":"#VALUE!"},{"$error":"#VALUE!"},"","",{"$error":"#VALUE!"},{"$f":"SUM($H$14:$H86)","v":0}]
[{"$f":"IF(Values_Entered,A86+1,\"\")","v":""},"","","",{"$error":"#VALUE!"},{"$error":"#VALUE!"},"","",{"$error":"#VALUE!"},{"$f":"SUM($H$14:$H87)","v":0}]
[{"$f":"IF(Values_Entered,A87+1,\"\")","v":""},"","","",{"$error":"#VALUE!"},{"$error":"#VALUE!"},"","",{"$error":"#VALUE!"},{"$f":"SUM($H$14:$H88)","v":0}]
[{"$f":"IF(Values_Entered,A88+1,\"\")","v":""},"","","",{"$error":"#VALUE!"},{"$error":"#VALUE!"},"","",{"$error":"#VALUE!"},{"$f":"SUM($H$14:$H89)","v":0}]
[{"$f":"IF(Values_Entered,A89+1,\"\")","v":""},"","","",{"$error":"#VALUE!"},{"$error":"#VALUE!"},"","",{"$error":"#VALUE!"},{"$f":"SUM($H$14:$H90)","v":0}]
[{"$f":"IF(Values_Entered,A90+1,\"\")","v":""},"","","",{"$error":"#VALUE!"},{"$error":"#VALUE!"},"","",{"$error":"#VALUE!"},{"$f":"SUM($H$14:$H91)","v":0}]
[{"$f":"IF(Values_Entered,A91+1,\"\")","v":""},"","","",{"$error":"#VALUE!"},{"$error":"#VALUE!"},"","",{"$error":"#VALUE!"},{"$f":"SUM($H$14:$H92)","v":0}]
[{"$f":"IF(Values_Entered,A92+1,\"\")","v":""},"","","",{"$error":"#VALUE!"},{"$error":"#VALUE!"},"","",{"$error":"#VALUE!"},{"$f":"SUM($H$14:$H93)","v":0}]
[{"$f":"IF(Values_Entered,A93+1,\"\")","v":""},"","","",{"$error":"#VALUE!"},{"$error":"#VALUE!"},"","",{"$error":"#VALUE!"},{"$f":"SUM($H$14:$H94)","v":0}]
[{"$f":"IF(Values_Entered,A94+1,\"\")","v":""},"","","",{"$error":"#VALUE!"},{"$error":"#VALUE!"},"","",{"$error":"#VALUE!"},{"$f":"SUM($H$14:$H95)","v":0}]
[{"$f":"IF(Values_Entered,A95+1,\"\")","v":""},"","","",{"$error":"#VALUE!"},{"$error":"#VALUE!"},"","",{"$error":"#VALUE!"},{"$f":"SUM($H$14:$H96)","v":0}]
[{"$f":"IF(Values_Entered,A96+1,\"\")","v":""},"","","",{"$error":"#VALUE!"},{"$error":"#VALUE!"},"","",{"$error":"#VALUE!"},{"$f":"SUM($H$14:$H97)","v":0}]
[{"$f":"IF(Values_Entered,A97+1,\"\")","v":""},"","","",{"$error":"#VALUE!"},{"$error":"#VALUE!"},"","",{"$error":"#VALUE!"},{"$f":"SUM($H$14:$H98)","v":0}]
[{"$f":"IF(Values_Entered,A98+1,\"\")","v":""},"","","",{"$error":"#VALUE!"},{"$error":"#VALUE!"},"","",{"$error":"#VALUE!"},{"$f":"SUM($H$14:$H99)","v":0}]
[{"$f":"IF(Values_Entered,A99+1,\"\")","v":""},"","","",{"$error":"#VALUE!"},{"$error":"#VALUE!"},"","",{"$error":"#VALUE!"},{"$f":"SUM($H$14:$H100)","v":0}]
[{"$f":"IF(Values_Entered,A100+1,\"\")","v":""},"","","",{"$error":"#VALUE!"},{"$error":"#VALUE!"},"","",{"$error":"#VALUE!"},{"$f":"SUM($H$14:$H101)","v":0}]
[{"$f":"IF(Values_Entered,A101+1,\"\")","v":""},"","","",{"$error":"#VALUE!"},{"$error":"#VALUE!"},"","",{"$error":"#VALUE!"},{"$f":"SUM($H$14:$H102)","v":0}]
[{"$f":"IF(Values_Entered,A102+1,\"\")","v":""},"","","",{"$error":"#VALUE!"},{"$error":"#VALUE!"},"","",{"$error":"#VALUE!"},{"$f":"SUM($H$14:$H103)","v":0}]
[{"$f":"IF(Values_Entered,A103+1,\"\")","v":""},"","","",{"$error":"#VALUE!"},{"$error":"#VALUE!"},"","",{"$error":"#VALUE!"},{"$f":"SUM($H$14:$H104)","v":0}]
[{"$f":"IF(Values_Entered,A104+1,\"\")","v":""},"","","",{"$error":"#VALUE!"},{"$error":"#VALUE!"},"","",{"$error":"#VALUE!"},{"$f":"SUM($H$14:$H105)","v":0}]
[{"$f":"IF(Values_Entered,A105+1,\"\")","v":""},"","","",{"$error":"#VALUE!"},{"$error":"#VALUE!"},"","",{"$error":"#VALUE!"},{"$f":"SUM($H$14:$H106)","v":0}]
[{"$f":"IF(Values_Entered,A106+1,\"\")","v":""},"","","",{"$error":"#VALUE!"},{"$error":"#VALUE!"},"","",{"$error":"#VALUE!"},{"$f":"SUM($H$14:$H107)","v":0}]
[{"$f":"IF(Values_Entered,A107+1,\"\")","v":""},"","","",{"$error":"#VALUE!"},{"$error":"#VALUE!"},"","",{"$error":"#VALUE!"},{"$f":"SUM($H$14:$H108)","v":0}]
[{"$f":"IF(Values_Entered,A108+1,\"\")","v":""},"","","",{"$error":"#VALUE!"},{"$error":"#VALUE!"},"","",{"$error":"#VALUE!"},{"$f":"SUM($H$14:$H109)","v":0}]
[{"$f":"IF(Values_Entered,A109+1,\"\")","v":""},"","","",{"$error":"#VALUE!"},{"$error":"#VALUE!"},"","",{"$error":"#VALUE!"},{"$f":"SUM($H$14:$H110)","v":0}]
[{"$f":"IF(Values_Entered,A110+1,\"\")","v":""},"","","",{"$error":"#VALUE!"},{"$error":"#VALUE!"},"","",{"$error":"#VALUE!"},{"$f":"SUM($H$14:$H111)","v":0}]
[{"$f":"IF(Values_Entered,A111+1,\"\")","v":""},"","","",{"$error":"#VALUE!"},{"$error":"#VALUE!"},"","",{"$error":"#VALUE!"},{"$f":"SUM($H$14:$H112)","v":0}]
[{"$f":"IF(Values_Entered,A112+1,\"\")","v":""},"","","",{"$error":"#VALUE!"},{"$error":"#VALUE!"},"","",{"$error":"#VALUE!"},{"$f":"SUM($H$14:$H113)","v":0}]
[{"$f":"IF(Values_Entered,A113+1,\"\")","v":""},"","","",{"$error":"#VALUE!"},{"$error":"#VALUE!"},"","",{"$error":"#VALUE!"},{"$f":"SUM($H$14:$H114)","v":0}]
[{"$f":"IF(Values_Entered,A114+1,\"\")","v":""},"","","",{"$error":"#VALUE!"},{"$error":"#VALUE!"},"","",{"$error":"#VALUE!"},{"$f":"SUM($H$14:$H115)","v":0}]
[{"$f":"IF(Values_Entered,A115+1,\"\")","v":""},"","","",{"$error":"#VALUE!"},{"$error":"#VALUE!"},"","",{"$error":"#VALUE!"},{"$f":"SUM($H$14:$H116)","v":0}]
[{"$f":"IF(Values_Entered,A116+1,\"\")","v":""},"","","",{"$error":"#VALUE!"},{"$error":"#VALUE!"},"","",{"$error":"#VALUE!"},{"$f":"SUM($H$14:$H117)","v":0}]
[{"$f":"IF(Values_Entered,A117+1,\"\")","v":""},"","","",{"$error":"#VALUE!"},{"$error":"#VALUE!"},"","",{"$error":"#VALUE!"},{"$f":"SUM($H$14:$H118)","v":0}]
[{"$f":"IF(Values_Entered,A118+1,\"\")","v":""},"","","",{"$error":"#VALUE!"},{"$error":"#VALUE!"},"","",{"$error":"#VALUE!"},{"$f":"SUM($H$14:$H119)","v":0}]
[{"$f":"IF(Values_Entered,A119+1,\"\")","v":""},"","","",{"$error":"#VALUE!"},{"$error":"#VALUE!"},"","",{"$error":"#VALUE!"},{"$f":"SUM($H$14:$H120)","v":0}]
[{"$f":"IF(Values_Entered,A120+1,\"\")","v":""},"","","",{"$error":"#VALUE!"},{"$error":"#VALUE!"},"","",{"$error":"#VALUE!"},{"$f":"SUM($H$14:$H121)","v":0}]
[{"$f":"IF(Values_Entered,A121+1,\"\")","v":""},"","","",{"$error":"#VALUE!"},{"$error":"#VALUE!"},"","",{"$error":"#VALUE!"},{"$f":"SUM($H$14:$H122)","v":0}]
[{"$f":"IF(Values_Entered,A122+1,\"\")","v":""},"","","",{"$error":"#VALUE!"},{"$error":"#VALUE!"},"","",{"$error":"#VALUE!"},{"$f":"SUM($H$14:$H123)","v":0}]
[{"$f":"IF(Values_Entered,A123+1,\"\")","v":""},"","","",{"$error":"#VALUE!"},{"$error":"#VALUE!"},"","",{"$error":"#VALUE!"},{"$f":"SUM($H$14:$H124)","v":0}]
[{"$f":"IF(Values_Entered,A124+1,\"\")","v":""},"","","",{"$error":"#VALUE!"},{"$error":"#VALUE!"},"","",{"$error":"#VALUE!"},{"$f":"SUM($H$14:$H125)","v":0}]
[{"$f":"IF(Values_Entered,A125+1,\"\")","v":""},"","","",{"$error":"#VALUE!"},{"$error":"#VALUE!"},"","",{"$error":"#VALUE!"},{"$f":"SUM($H$14:$H126)","v":0}]
[{"$f":"IF(Values_Entered,A126+1,\"\")","v":""},"","","",{"$error":"#VALUE!"},{"$error":"#VALUE!"},"","",{"$error":"#VALUE!"},{"$f":"SUM($H$14:$H127)","v":0}]
[{"$f":"IF(Values_Entered,A127+1,\"\")","v":""},"","","",{"$error":"#VALUE!"},{"$error":"#VALUE!"},"","",{"$error":"#VALUE!"},{"$f":"SUM($H$14:$H128)","v":0}]
[{"$f":"IF(Values_Entered,A128+1,\"\")","v":""},"","","",{"$error":"#VALUE!"},{"$error":"#VALUE!"},"","",{"$error":"#VALUE!"},{"$f":"SUM($H$14:$H129)","v":0}]
[{"$f":"IF(Values_Entered,A129+1,\"\")","v":""},"","","",{"$error":"#VALUE!"},{"$error":"#VALUE!"},"","",{"$error":"#VALUE!"},{"$f":"SUM($H$14:$H130)","v":0}]
[{"$f":"IF(Values_Entered,A130+1,\"\")","v":""},"","","",{"$error":"#VALUE!"},{"$error":"#VALUE!"},"","",{"$error":"#VALUE!"},{"$f":"SUM($H$14:$H131)","v":0}]
[{"$f":"IF(Values_Entered,A131+1,\"\")","v":""},"","","",{"$error":"#VALUE!"},{"$error":"#VALUE!"},"","",{"$error":"#VALUE!"},{"$f":"SUM($H$14:$H132)","v":0}]
[{"$f":"IF(Values_Entered,A132+1,\"\")","v":""},"","","",{"$error":"#VALUE!"},{"$error":"#VALUE!"},"","",{"$error":"#VALUE!"},{"$f":"SUM($H$14:$H133)","v":0}]
[{"$f":"IF(Values_Entered,A133+1,\"\")","v":""},"","","",{"$error":"#VALUE!"},{"$error":"#VALUE!"},"","",{"$error":"#VALUE!"},{"$f":"SUM($H$14:$H134)","v":0}]
[{"$f":"IF(Values_Entered,A134+1,\"\")","v":""},"","","",{"$error":"#VALUE!"},{"$error":"#VALUE!"},"","",{"$error":"#VALUE!"},{"$f":"SUM($H$14:$H135)","v":0}]
[{"$f":"IF(Values_Entered,A135+1,\"\")","v":""},"","","",{"$error":"#VALUE!"},{"$error":"#VALUE!"},"","",{"$error":"#VALUE!"},{"$f":"SUM($H$14:$H136)","v":0}]
[{"$f":"IF(Values_Entered,A136+1,\"\")","v":""},"","","",{"$error":"#VALUE!"},{"$error":"#VALUE!"},"","",{"$error":"#VALUE!"},{"$f":"SUM($H$14:$H137)","v":0}]
[{"$f":"IF(Values_Entered,A137+1,\"\")","v":""},"","","",{"$error":"#VALUE!"},{"$error":"#VALUE!"},"","",{"$error":"#VALUE!"},{"$f":"SUM($H$14:$H138)","v":0}]
[{"$f":"IF(Values_Entered,A138+1,\"\")","v":""},"","","",{"$error":"#VALUE!"},{"$error":"#VALUE!"},"","",{"$error":"#VALUE!"},{"$f":"SUM($H$14:$H139)","v":0}]
[{"$f":"IF(Values_Entered,A139+1,\"\")","v":""},"","","",{"$error":"#VALUE!"},{"$error":"#VALUE!"},"","",{"$error":"#VALUE!"},{"$f":"SUM($H$14:$H140)","v":0}]
[{"$f":"IF(Values_Entered,A140+1,\"\")","v":""},"","","",{"$error":"#VALUE!"},{"$error":"#VALUE!"},"","",{"$error":"#VALUE!"},{"$f":"SUM($H$14:$H141)","v":0}]
[{"$f":"IF(Values_Entered,A141+1,\"\")","v":""},{"$f":"IF(Pay_Num<>\"\",DATE(YEAR(Loan_Start),MONTH(Loan_Start)+(Pay_Num)*12/Num_Pmt_Per_Year,DAY(Loan_Start)),\"\")","v":""},"","",{"$f":"IF(AND(Pay_Num<>\"\",Sched_Pay+Scheduled_Extra_Payments<Beg_Bal),Scheduled_Extra_Payments,IF(AND(Pay_Num<>\"\",Beg_Bal-Sched_Pay>0),Beg_Bal-Sched_Pay,IF(Pay_Num<>\"\",0,\"\")))","v":{"$error":"#VALUE!"}},{"$f":"IF(AND(Pay_Num<>\"\",Sched_Pay+Extra_Pay<Beg_Bal),Sched_Pay+Extra_Pay,IF(Pay_Num<>\"\",Beg_Bal,\"\"))","v":{"$error":"#VALUE!"}},"","",{"$f":"IF(AND(Pay_Num<>\"\",Sched_Pay+Extra_Pay<Beg_Bal),Beg_Bal-Princ,IF(Pay_Num<>\"\",0,\"\"))","v":{"$error":"#VALUE!"}},{"$f":"SUM($H$14:$H142)","v":0}]
[{"$f":"IF(Values_Entered,A142+1,\"\")","v":""},"",{"$f":"IF(Pay_Num<>\"\",I142,\"\")","v":""},"",{"$error":"#VALUE!"},{"$error":"#VALUE!"},{"$f":"IF(Pay_Num<>\"\",Total_Pay-Int,\"\")","v":""},{"$f":"IF(Pay_Num<>\"\",Beg_Bal*Interest_Rate/Num_Pmt_Per_Year,\"\")","v":""},{"$error":"#VALUE!"},{"$f":"SUM($H$14:$H143)","v":0}]
[{"$f":"IF(Values_Entered,A143+1,\"\")","v":""},"","",{"$f":"IF(Pay_Num<>\"\",Scheduled_Monthly_Payment,\"\")","v":""},{"$error":"#VALUE!"},{"$error":"#VALUE!"},"","",{"$error":"#VALUE!"},{"$f":"SUM($H$14:$H144)","v":0}]
[{"$f":"IF(Values_Entered,A144+1,\"\")","v":""},"","","",{"$error":"#VALUE!"},{"$error":"#VALUE!"},"","",{"$error":"#VALUE!"},{"$f":"SUM($H$14:$H145)","v":0}]
[{"$f":"IF(Values_Entered,A145+1,\"\")","v":""},"","","",{"$error":"#VALUE!"},{"$error":"#VALUE!"},"","",{"$error":"#VALUE!"},{"$f":"SUM($H$14:$H146)","v":0}]
[{"$f":"IF(Values_Entered,A146+1,\"\")","v":""},"","","",{"$error":"#VALUE!"},{"$error":"#VALUE!"},"","",{"$error":"#VALUE!"},{"$f":"SUM($H$14:$H147)","v":0}]
[{"$f":"IF(Values_Entered,A147+1,\"\")","v":""},"","","",{"$error":"#VALUE!"},{"$error":"#VALUE!"},"","",{"$error":"#VALUE!"},{"$f":"SUM($H$14:$H148)","v":0}]
[{"$f":"IF(Values_Entered,A148+1,\"\")","v":""},"","","",{"$error":"#VALUE!"},{"$error":"#VALUE!"},"","",{"$error":"#VALUE!"},{"$f":"SUM($H$14:$H149)","v":0}]
[{"$f":"IF(Values_Entered,A149+1,\"\")","v":""},"","","",{"$error":"#VALUE!"},{"$error":"#VALUE!"},"","",{"$error":"#VALUE!"},{"$f":"SUM($H$14:$H150)","v":0}]
[{"$f":"IF(Values_Entered,A150+1,\"\")","v":""},"","","",{"$error":"#VALUE!"},{"$error":"#VALUE!"},"","",{"$error":"#VALUE!"},{"$f":"SUM($H$14:$H151)","v":0}]
[{"$f":"IF(Values_Entered,A151+1,\"\")","v":""},"","","",{"$error":"#VALUE!"},{"$error":"#VALUE!"},"","",{"$error":"#VALUE!"},{"$f":"SUM($H$14:$H152)","v":0}]
[{"$f":"IF(Values_Entered,A152+1,\"\")","v":""},"","","",{"$error":"#VALUE!"},{"$error":"#VALUE!"},"","",{"$error":"#VALUE!"},{"$f":"SUM($H$14:$H153)","v":0}]
[{"$f":"IF(Values_Entered,A153+1,\"\")","v":""},"","","",{"$error":"#VALUE!"},{"$error":"#VALUE!"},"","",{"$error":"#VALUE!"},{"$f":"SUM($H$14:$H154)","v":0}]
[{"$f":"IF(Values_Entered,A154+1,\"\")","v":""},"","","",{"$error":"#VALUE!"},{"$error":"#VALUE!"},"","",{"$error":"#VALUE!"},{"$f":"SUM($H$14:$H155)","v":0}]
[{"$f":"IF(Values_Entered,A155+1,\"\")","v":""},"","","",{"$error":"#VALUE!"},{"$error":"#VALUE!"},"","",{"$error":"#VALUE!"},{"$f":"SUM($H$14:$H156)","v":0}]
[{"$f":"IF(Values_Entered,A156+1,\"\")","v":""},"","","",{"$error":"#VALUE!"},{"$error":"#VALUE!"},"","",{"$error":"#VALUE!"},{"$f":"SUM($H$14:$H157)","v":0}]
[{"$f":"IF(Values_Entered,A157+1,\"\")","v":""},"","","",{"$error":"#VALUE!"},{"$error":"#VALUE!"},"","",{"$error":"#VALUE!"},{"$f":"SUM($H$14:$H158)","v":0}]
[{"$f":"IF(Values_Entered,A158+1,\"\")","v":""},"","","",{"$error":"#VALUE!"},{"$error":"#VALUE!"},"","",{"$error":"#VALUE!"},{"$f":"SUM($H$14:$H159)","v":0}]
[{"$f":"IF(Values_Entered,A159+1,\"\")","v":""},"","","",{"$error":"#VALUE!"},{"$error":"#VALUE!"},"","",{"$error":"#VALUE!"},{"$f":"SUM($H$14:$H160)","v":0}]
[{"$f":"IF(Values_Entered,A160+1,\"\")","v":""},"","","",{"$error":"#VALUE!"},{"$error":"#VALUE!"},"","",{"$error":"#VALUE!"},{"$f":"SUM($H$14:$H161)","v":0}]
[{"$f":"IF(Values_Entered,A161+1,\"\")","v":""},"","","",{"$error":"#VALUE!"},{"$error":"#VALUE!"},"","",{"$error":"#VALUE!"},{"$f":"SUM($H$14:$H162)","v":0}]
[{"$f":"IF(Values_Entered,A162+1,\"\")","v":""},"","","",{"$error":"#VALUE!"},{"$error":"#VALUE!"},"","",{"$error":"#VALUE!"},{"$f":"SUM($H$14:$H163)","v":0}]
[{"$f":"IF(Values_Entered,A163+1,\"\")","v":""},"","","",{"$error":"#VALUE!"},{"$error":"#VALUE!"},"","",{"$error":"#VALUE!"},{"$f":"SUM($H$14:$H164)","v":0}]
[{"$f":"IF(Values_Entered,A164+1,\"\")","v":""},"","","",{"$error":"#VALUE!"},{"$error":"#VALUE!"},"","",{"$error":"#VALUE!"},{"$f":"SUM($H$14:$H165)","v":0}]
[{"$f":"IF(Values_Entered,A165+1,\"\")","v":""},"","","",{"$error":"#VALUE!"},{"$error":"#VALUE!"},"","",{"$error":"#VALUE!"},{"$f":"SUM($H$14:$H166)","v":0}]
[{"$f":"IF(Values_Entered,A166+1,\"\")","v":""},"","","",{"$error":"#VALUE!"},{"$error":"#VALUE!"},"","",{"$error":"#VALUE!"},{"$f":"SUM($H$14:$H167)","v":0}]
[{"$f":"IF(Values_Entered,A167+1,\"\")","v":""},"","","",{"$error":"#VALUE!"},{"$error":"#VALUE!"},"","",{"$error":"#VALUE!"},{"$f":"SUM($H$14:$H168)","v":0}]
[{"$f":"IF(Values_Entered,A168+1,\"\")","v":""},"","","",{"$error":"#VALUE!"},{"$error":"#VALUE!"},"","",{"$error":"#VALUE!"},{"$f":"SUM($H$14:$H169)","v":0}]
[{"$f":"IF(Values_Entered,A169+1,\"\")","v":""},"","","",{"$error":"#VALUE!"},{"$error":"#VALUE!"},"","",{"$error":"#VALUE!"},{"$f":"SUM($H$14:$H170)","v":0}]
[{"$f":"IF(Values_Entered,A170+1,\"\")","v":""},"","","",{"$error":"#VALUE!"},{"$error":"#VALUE!"},"","",{"$error":"#VALUE!"},{"$f":"SUM($H$14:$H171)","v":0}]
[{"$f":"IF(Values_Entered,A171+1,\"\")","v":""},"","","",{"$error":"#VALUE!"},{"$error":"#VALUE!"},"","",{"$error":"#VALUE!"},{"$f":"SUM($H$14:$H172)","v":0}]
[{"$f":"IF(Values_Entered,A172+1,\"\")","v":""},"","","",{"$error":"#VALUE!"},{"$error":"#VALUE!"},"","",{"$error":"#VALUE!"},{"$f":"SUM($H$14:$H173)","v":0}]
[{"$f":"IF(Values_Entered,A173+1,\"\")","v":""},"","","",{"$error":"#VALUE!"},{"$error":"#VALUE!"},"","",{"$error":"#VALUE!"},{"$f":"SUM($H$14:$H174)","v":0}]
[{"$f":"IF(Values_Entered,A174+1,\"\")","v":""},"","","",{"$error":"#VALUE!"},{"$error":"#VALUE!"},"","",{"$error":"#VALUE!"},{"$f":"SUM($H$14:$H175)","v":0}]
[{"$f":"IF(Values_Entered,A175+1,\"\")","v":""},"","","",{"$error":"#VALUE!"},{"$error":"#VALUE!"},"","",{"$error":"#VALUE!"},{"$f":"SUM($H$14:$H176)","v":0}]
[{"$f":"IF(Values_Entered,A176+1,\"\")","v":""},"","","",{"$error":"#VALUE!"},{"$error":"#VALUE!"},"","",{"$error":"#VALUE!"},{"$f":"SUM($H$14:$H177)","v":0}]
[{"$f":"IF(Values_Entered,A177+1,\"\")","v":""},"","","",{"$error":"#VALUE!"},{"$error":"#VALUE!"},"","",{"$error":"#VALUE!"},{"$f":"SUM($H$14:$H178)","v":0}]
[{"$f":"IF(Values_Entered,A178+1,\"\")","v":""},"","","",{"$error":"#VALUE!"},{"$error":"#VALUE!"},"","",{"$error":"#VALUE!"},{"$f":"SUM($H$14:$H179)","v":0}]
[{"$f":"IF(Values_Entered,A179+1,\"\")","v":""},"","","",{"$error":"#VALUE!"},{"$error":"#VALUE!"},"","",{"$error":"#VALUE!"},{"$f":"SUM($H$14:$H180)","v":0}]
[{"$f":"IF(Values_Entered,A180+1,\"\")","v":""},"","","",{"$error":"#VALUE!"},{"$error":"#VALUE!"},"","",{"$error":"#VALUE!"},{"$f":"SUM($H$14:$H181)","v":0}]
[{"$f":"IF(Values_Entered,A181+1,\"\")","v":""},"","","",{"$error":"#VALUE!"},{"$error":"#VALUE!"},"","",{"$error":"#VALUE!"},{"$f":"SUM($H$14:$H182)","v":0}]
[{"$f":"IF(Values_Entered,A182+1,\"\")","v":""},"","","",{"$error":"#VALUE!"},{"$error":"#VALUE!"},"","",{"$error":"#VALUE!"},{"$f":"SUM($H$14:$H183)","v":0}]
[{"$f":"IF(Values_Entered,A183+1,\"\")","v":""},"","","",{"$error":"#VALUE!"},{"$error":"#VALUE!"},"","",{"$error":"#VALUE!"},{"$f":"SUM($H$14:$H184)","v":0}]
[{"$f":"IF(Values_Entered,A184+1,\"\")","v":""},"","","",{"$error":"#VALUE!"},{"$error":"#VALUE!"},"","",{"$error":"#VALUE!"},{"$f":"SUM($H$14:$H185)","v":0}]
[{"$f":"IF(Values_Entered,A185+1,\"\")","v":""},"","","",{"$error":"#VALUE!"},{"$error":"#VALUE!"},"","",{"$error":"#VALUE!"},{"$f":"SUM($H$14:$H186)","v":0}]
[{"$f":"IF(Values_Entered,A186+1,\"\")","v":""},"","","",{"$error":"#VALUE!"},{"$error":"#VALUE!"},"","",{"$error":"#VALUE!"},{"$f":"SUM($H$14:$H187)","v":0}]
[{"$f":"IF(Values_Entered,A187+1,\"\")","v":""},"","","",{"$error":"#VALUE!"},{"$error":"#VALUE!"},"","",{"$error":"#VALUE!"},{"$f":"SUM($H$14:$H188)","v":0}]
[{"$f":"IF(Values_Entered,A188+1,\"\")","v":""},"","","",{"$error":"#VALUE!"},{"$error":"#VALUE!"},"","",{"$error":"#VALUE!"},{"$f":"SUM($H$14:$H189)","v":0}]
[{"$f":"IF(Values_Entered,A189+1,\"\")","v":""},"","","",{"$error":"#VALUE!"},{"$error":"#VALUE!"},"","",{"$error":"#VALUE!"},{"$f":"SUM($H$14:$H190)","v":0}]
[{"$f":"IF(Values_Entered,A190+1,\"\")","v":""},"","","",{"$error":"#VALUE!"},{"$error":"#VALUE!"},"","",{"$error":"#VALUE!"},{"$f":"SUM($H$14:$H191)","v":0}]
[{"$f":"IF(Values_Entered,A191+1,\"\")","v":""},"","","",{"$error":"#VALUE!"},{"$error":"#VALUE!"},"","",{"$error":"#VALUE!"},{"$f":"SUM($H$14:$H192)","v":0}]
[{"$f":"IF(Values_Entered,A192+1,\"\")","v":""},"","","",{"$error":"#VALUE!"},{"$error":"#VALUE!"},"","",{"$error":"#VALUE!"},{"$f":"SUM($H$14:$H193)","v":0}]
[{"$f":"IF(Values_Entered,A193+1,\"\")","v":""},"","","",{"$error":"#VALUE!"},{"$error":"#VALUE!"},"","",{"$error":"#VALUE!"},{"$f":"SUM($H$14:$H194)","v":0}]
[{"$f":"IF(Values_Entered,A194+1,\"\")","v":""},"","","",{"$error":"#VALUE!"},{"$error":"#VALUE!"},"","",{"$error":"#VALUE!"},{"$f":"SUM($H$14:$H195)","v":0}]
[{"$f":"IF(Values_Entered,A195+1,\"\")","v":""},"","","",{"$error":"#VALUE!"},{"$error":"#VALUE!"},"","",{"$error":"#VALUE!"},{"$f":"SUM($H$14:$H196)","v":0}]
[{"$f":"IF(Values_Entered,A196+1,\"\")","v":""},"","","",{"$error":"#VALUE!"},{"$error":"#VALUE!"},"","",{"$error":"#VALUE!"},{"$f":"SUM($H$14:$H197)","v":0}]
[{"$f":"IF(Values_Entered,A197+1,\"\")","v":""},"","","",{"$error":"#VALUE!"},{"$error":"#VALUE!"},"","",{"$error":"#VALUE!"},{"$f":"SUM($H$14:$H198)","v":0}]
[{"$f":"IF(Values_Entered,A198+1,\"\")","v":""},"","","",{"$error":"#VALUE!"},{"$error":"#VALUE!"},"","",{"$error":"#VALUE!"},{"$f":"SUM($H$14:$H199)","v":0}]
[{"$f":"IF(Values_Entered,A199+1,\"\")","v":""},"","","",{"$error":"#VALUE!"},{"$error":"#VALUE!"},"","",{"$error":"#VALUE!"},{"$f":"SUM($H$14:$H200)","v":0}]
[{"$f":"IF(Values_Entered,A200+1,\"\")","v":""},"","","",{"$error":"#VALUE!"},{"$error":"#VALUE!"},"","",{"$error":"#VALUE!"},{"$f":"SUM($H$14:$H201)","v":0}]
[{"$f":"IF(Values_Entered,A201+1,\"\")","v":""},"","","",{"$error":"#VALUE!"},{"$error":"#VALUE!"},"","",{"$error":"#VALUE!"},{"$f":"SUM($H$14:$H202)","v":0}]
[{"$f":"IF(Values_Entered,A202+1,\"\")","v":""},"","","",{"$error":"#VALUE!"},{"$error":"#VALUE!"},"","",{"$error":"#VALUE!"},{"$f":"SUM($H$14:$H203)","v":0}]
[{"$f":"IF(Values_Entered,A203+1,\"\")","v":""},"","","",{"$error":"#VALUE!"},{"$error":"#VALUE!"},"","",{"$error":"#VALUE!"},{"$f":"SUM($H$14:$H204)","v":0}]
[{"$f":"IF(Values_Entered,A204+1,\"\")","v":""},"","","",{"$error":"#VALUE!"},{"$error":"#VALUE!"},"","",{"$error":"#VALUE!"},{"$f":"SUM($H$14:$H205)","v":0}]
[{"$f":"IF(Values_Entered,A205+1,\"\")","v":""},{"$f":"IF(Pay_Num<>\"\",DATE(YEAR(Loan_Start),MONTH(Loan_Start)+(Pay_Num)*12/Num_Pmt_Per_Year,DAY(Loan_Start)),\"\")","v":""},"","",{"$f":"IF(AND(Pay_Num<>\"\",Sched_Pay+Scheduled_Extra_Payments<Beg_Bal),Scheduled_Extra_Payments,IF(AND(Pay_Num<>\"\",Beg_Bal-Sched_Pay>0),Beg_Bal-Sched_Pay,IF(Pay_Num<>\"\",0,\"\")))","v":{"$error":"#VALUE!"}},{"$f":"IF(AND(Pay_Num<>\"\",Sched_Pay+Extra_Pay<Beg_Bal),Sched_Pay+Extra_Pay,IF(Pay_Num<>\"\",Beg_Bal,\"\"))","v":{"$error":"#VALUE!"}},"","",{"$f":"IF(AND(Pay_Num<>\"\",Sched_Pay+Extra_Pay<Beg_Bal),Beg_Bal-Princ,IF(Pay_Num<>\"\",0,\"\"))","v":{"$error":"#VALUE!"}},{"$f":"SUM($H$14:$H206)","v":0}]
[{"$f":"IF(Values_Entered,A206+1,\"\")","v":""},"",{"$f":"IF(Pay_Num<>\"\",I206,\"\")","v":""},"",{"$error":"#VALUE!"},{"$error":"#VALUE!"},{"$f":"IF(Pay_Num<>\"\",Total_Pay-Int,\"\")","v":""},{"$f":"IF(Pay_Num<>\"\",Beg_Bal*Interest_Rate/Num_Pmt_Per_Year,\"\")","v":""},{"$error":"#VALUE!"},{"$f":"SUM($H$14:$H207)","v":0}]
[{"$f":"IF(Values_Entered,A207+1,\"\")","v":""},"","",{"$f":"IF(Pay_Num<>\"\",Scheduled_Monthly_Payment,\"\")","v":""},{"$error":"#VALUE!"},{"$error":"#VALUE!"},"","",{"$error":"#VALUE!"},{"$f":"SUM($H$14:$H208)","v":0}]
[{"$f":"IF(Values_Entered,A208+1,\"\")","v":""},"","","",{"$error":"#VALUE!"},{"$error":"#VALUE!"},"","",{"$error":"#VALUE!"},{"$f":"SUM($H$14:$H209)","v":0}]
[{"$f":"IF(Values_Entered,A209+1,\"\")","v":""},"","","",{"$error":"#VALUE!"},{"$error":"#VALUE!"},"","",{"$error":"#VALUE!"},{"$f":"SUM($H$14:$H210)","v":0}]
[{"$f":"IF(Values_Entered,A210+1,\"\")","v":""},"","","",{"$error":"#VALUE!"},{"$error":"#VALUE!"},"","",{"$error":"#VALUE!"},{"$f":"SUM($H$14:$H211)","v":0}]
[{"$f":"IF(Values_Entered,A211+1,\"\")","v":""},"","","",{"$error":"#VALUE!"},{"$error":"#VALUE!"},"","",{"$error":"#VALUE!"},{"$f":"SUM($H$14:$H212)","v":0}]
[{"$f":"IF(Values_Entered,A212+1,\"\")","v":""},"","","",{"$error":"#VALUE!"},{"$error":"#VALUE!"},"","",{"$error":"#VALUE!"},{"$f":"SUM($H$14:$H213)","v":0}]
[{"$f":"IF(Values_Entered,A213+1,\"\")","v":""},"","","",{"$error":"#VALUE!"},{"$error":"#VALUE!"},"","",{"$error":"#VALUE!"},{"$f":"SUM($H$14:$H214)","v":0}]
[{"$f":"IF(Values_Entered,A214+1,\"\")","v":""},"","","",{"$error":"#VALUE!"},{"$error":"#VALUE!"},"","",{"$error":"#VALUE!"},{"$f":"SUM($H$14:$H215)","v":0}]
[{"$f":"IF(Values_Entered,A215+1,\"\")","v":""},"","","",{"$error":"#VALUE!"},{"$error":"#VALUE!"},"","",{"$error":"#VALUE!"},{"$f":"SUM($H$14:$H216)","v":0}]
[{"$f":"IF(Values_Entered,A216+1,\"\")","v":""},"","","",{"$error":"#VALUE!"},{"$error":"#VALUE!"},"","",{"$error":"#VALUE!"},{"$f":"SUM($H$14:$H217)","v":0}]
[{"$f":"IF(Values_Entered,A217+1,\"\")","v":""},"","","",{"$error":"#VALUE!"},{"$error":"#VALUE!"},"","",{"$error":"#VALUE!"},{"$f":"SUM($H$14:$H218)","v":0}]
[{"$f":"IF(Values_Entered,A218+1,\"\")","v":""},"","","",{"$error":"#VALUE!"},{"$error":"#VALUE!"},"","",{"$error":"#VALUE!"},{"$f":"SUM($H$14:$H219)","v":0}]
[{"$f":"IF(Values_Entered,A219+1,\"\")","v":""},"","","",{"$error":"#VALUE!"},{"$error":"#VALUE!"},"","",{"$error":"#VALUE!"},{"$f":"SUM($H$14:$H220)","v":0}]
[{"$f":"IF(Values_Entered,A220+1,\"\")","v":""},"","","",{"$error":"#VALUE!"},{"$error":"#VALUE!"},"","",{"$error":"#VALUE!"},{"$f":"SUM($H$14:$H221)","v":0}]
[{"$f":"IF(Values_Entered,A221+1,\"\")","v":""},"","","",{"$error":"#VALUE!"},{"$error":"#VALUE!"},"","",{"$error":"#VALUE!"},{"$f":"SUM($H$14:$H222)","v":0}]
[{"$f":"IF(Values_Entered,A222+1,\"\")","v":""},"","","",{"$error":"#VALUE!"},{"$error":"#VALUE!"},"","",{"$error":"#VALUE!"},{"$f":"SUM($H$14:$H223)","v":0}]
[{"$f":"IF(Values_Entered,A223+1,\"\")","v":""},"","","",{"$error":"#VALUE!"},{"$error":"#VALUE!"},"","",{"$error":"#VALUE!"},{"$f":"SUM($H$14:$H224)","v":0}]
[{"$f":"IF(Values_Entered,A224+1,\"\")","v":""},"","","",{"$error":"#VALUE!"},{"$error":"#VALUE!"},"","",{"$error":"#VALUE!"},{"$f":"SUM($H$14:$H225)","v":0}]
[{"$f":"IF(Values_Entered,A225+1,\"\")","v":""},"","","",{"$error":"#VALUE!"},{"$error":"#VALUE!"},"","",{"$error":"#VALUE!"},{"$f":"SUM($H$14:$H226)","v":0}]
[{"$f":"IF(Values_Entered,A226+1,\"\")","v":""},"","","",{"$error":"#VALUE!"},{"$error":"#VALUE!"},"","",{"$error":"#VALUE!"},{"$f":"SUM($H$14:$H227)","v":0}]
[{"$f":"IF(Values_Entered,A227+1,\"\")","v":""},"","","",{"$error":"#VALUE!"},{"$error":"#VALUE!"},"","",{"$error":"#VALUE!"},{"$f":"SUM($H$14:$H228)","v":0}]
[{"$f":"IF(Values_Entered,A228+1,\"\")","v":""},"","","",{"$error":"#VALUE!"},{"$error":"#VALUE!"},"","",{"$error":"#VALUE!"},{"$f":"SUM($H$14:$H229)","v":0}]
[{"$f":"IF(Values_Entered,A229+1,\"\")","v":""},"","","",{"$error":"#VALUE!"},{"$error":"#VALUE!"},"","",{"$error":"#VALUE!"},{"$f":"SUM($H$14:$H230)","v":0}]
[{"$f":"IF(Values_Entered,A230+1,\"\")","v":""},"","","",{"$error":"#VALUE!"},{"$error":"#VALUE!"},"","",{"$error":"#VALUE!"},{"$f":"SUM($H$14:$H231)","v":0}]
[{"$f":"IF(Values_Entered,A231+1,\"\")","v":""},"","","",{"$error":"#VALUE!"},{"$error":"#VALUE!"},"","",{"$error":"#VALUE!"},{"$f":"SUM($H$14:$H232)","v":0}]
[{"$f":"IF(Values_Entered,A232+1,\"\")","v":""},"","","",{"$error":"#VALUE!"},{"$error":"#VALUE!"},"","",{"$error":"#VALUE!"},{"$f":"SUM($H$14:$H233)","v":0}]
[{"$f":"IF(Values_Entered,A233+1,\"\")","v":""},"","","",{"$error":"#VALUE!"},{"$error":"#VALUE!"},"","",{"$error":"#VALUE!"},{"$f":"SUM($H$14:$H234)","v":0}]
[{"$f":"IF(Values_Entered,A234+1,\"\")","v":""},"","","",{"$error":"#VALUE!"},{"$error":"#VALUE!"},"","",{"$error":"#VALUE!"},{"$f":"SUM($H$14:$H235)","v":0}]
[{"$f":"IF(Values_Entered,A235+1,\"\")","v":""},"","","",{"$error":"#VALUE!"},{"$error":"#VALUE!"},"","",{"$error":"#VALUE!"},{"$f":"SUM($H$14:$H236)","v":0}]
[{"$f":"IF(Values_Entered,A236+1,\"\")","v":""},"","","",{"$error":"#VALUE!"},{"$error":"#VALUE!"},"","",{"$error":"#VALUE!"},{"$f":"SUM($H$14:$H237)","v":0}]
[{"$f":"IF(Values_Entered,A237+1,\"\")","v":""},"","","",{"$error":"#VALUE!"},{"$error":"#VALUE!"},"","",{"$error":"#VALUE!"},{"$f":"SUM($H$14:$H238)","v":0}]
[{"$f":"IF(Values_Entered,A238+1,\"\")","v":""},"","","",{"$error":"#VALUE!"},{"$error":"#VALUE!"},"","",{"$error":"#VALUE!"},{"$f":"SUM($H$14:$H239)","v":0}]
[{"$f":"IF(Values_Entered,A239+1,\"\")","v":""},"","","",{"$error":"#VALUE!"},{"$error":"#VALUE!"},"","",{"$error":"#VALUE!"},{"$f":"SUM($H$14:$H240)","v":0}]
[{"$f":"IF(Values_Entered,A240+1,\"\")","v":""},"","","",{"$error":"#VALUE!"},{"$error":"#VALUE!"},"","",{"$error":"#VALUE!"},{"$f":"SUM($H$14:$H241)","v":0}]
[{"$f":"IF(Values_Entered,A241+1,\"\")","v":""},"","","",{"$error":"#VALUE!"},{"$error":"#VALUE!"},"","",{"$error":"#VALUE!"},{"$f":"SUM($H$14:$H242)","v":0}]
[{"$f":"IF(Values_Entered,A242+1,\"\")","v":""},"","","",{"$error":"#VALUE!"},{"$error":"#VALUE!"},"","",{"$error":"#VALUE!"},{"$f":"SUM($H$14:$H243)","v":0}]
[{"$f":"IF(Values_Entered,A243+1,\"\")","v":""},"","","",{"$error":"#VALUE!"},{"$error":"#VALUE!"},"","",{"$error":"#VALUE!"},{"$f":"SUM($H$14:$H244)","v":0}]
[{"$f":"IF(Values_Entered,A244+1,\"\")","v":""},"","","",{"$error":"#VALUE!"},{"$error":"#VALUE!"},"","",{"$error":"#VALUE!"},{"$f":"SUM($H$14:$H245)","v":0}]
[{"$f":"IF(Values_Entered,A245+1,\"\")","v":""},"","","",{"$error":"#VALUE!"},{"$error":"#VALUE!"},"","",{"$error":"#VALUE!"},{"$f":"SUM($H$14:$H246)","v":0}]
[{"$f":"IF(Values_Entered,A246+1,\"\")","v":""},"","","",{"$error":"#VALUE!"},{"$error":"#VALUE!"},"","",{"$error":"#VALUE!"},{"$f":"SUM($H$14:$H247)","v":0}]
[{"$f":"IF(Values_Entered,A247+1,\"\")","v":""},"","","",{"$error":"#VALUE!"},{"$error":"#VALUE!"},"","",{"$error":"#VALUE!"},{"$f":"SUM($H$14:$H248)","v":0}]
[{"$f":"IF(Values_Entered,A248+1,\"\")","v":""},"","","",{"$error":"#VALUE!"},{"$error":"#VALUE!"},"","",{"$error":"#VALUE!"},{"$f":"SUM($H$14:$H249)","v":0}]
[{"$f":"IF(Values_Entered,A249+1,\"\")","v":""},"","","",{"$error":"#VALUE!"},{"$error":"#VALUE!"},"","",{"$error":"#VALUE!"},{"$f":"SUM($H$14:$H250)","v":0}]
[{"$f":"IF(Values_Entered,A250+1,\"\")","v":""},"","","",{"$error":"#VALUE!"},{"$error":"#VALUE!"},"","",{"$error":"#VALUE!"},{"$f":"SUM($H$14:$H251)","v":0}]
[{"$f":"IF(Values_Entered,A251+1,\"\")","v":""},"","","",{"$error":"#VALUE!"},{"$error":"#VALUE!"},"","",{"$error":"#VALUE!"},{"$f":"SUM($H$14:$H252)","v":0}]
[{"$f":"IF(Values_Entered,A252+1,\"\")","v":""},"","","",{"$error":"#VALUE!"},{"$error":"#VALUE!"},"","",{"$error":"#VALUE!"},{"$f":"SUM($H$14:$H253)","v":0}]
[{"$f":"IF(Values_Entered,A253+1,\"\")","v":""},"","","",{"$error":"#VALUE!"},{"$error":"#VALUE!"},"","",{"$error":"#VALUE!"},{"$f":"SUM($H$14:$H254)","v":0}]
[{"$f":"IF(Values_Entered,A254+1,\"\")","v":""},"","","",{"$error":"#VALUE!"},{"$error":"#VALUE!"},"","",{"$error":"#VALUE!"},{"$f":"SUM($H$14:$H255)","v":0}]
[{"$f":"IF(Values_Entered,A255+1,\"\")","v":""},"","","",{"$error":"#VALUE!"},{"$error":"#VALUE!"},"","",{"$error":"#VALUE!"},{"$f":"SUM($H$14:$H256)","v":0}]
[{"$f":"IF(Values_Entered,A256+1,\"\")","v":""},"","","",{"$error":"#VALUE!"},{"$error":"#VALUE!"},"","",{"$error":"#VALUE!"},{"$f":"SUM($H$14:$H257)","v":0}]
[{"$f":"IF(Values_Entered,A257+1,\"\")","v":""},"","","",{"$error":"#VALUE!"},{"$error":"#VALUE!"},"","",{"$error":"#VALUE!"},{"$f":"SUM($H$14:$H258)","v":0}]
[{"$f":"IF(Values_Entered,A258+1,\"\")","v":""},"","","",{"$error":"#VALUE!"},{"$error":"#VALUE!"},"","",{"$error":"#VALUE!"},{"$f":"SUM($H$14:$H259)","v":0}]
[{"$f":"IF(Values_Entered,A259+1,\"\")","v":""},"","","",{"$error":"#VALUE!"},{"$error":"#VALUE!"},"","",{"$error":"#VALUE!"},{"$f":"SUM($H$14:$H260)","v":0}]
[{"$f":"IF(Values_Entered,A260+1,\"\")","v":""},"","","",{"$error":"#VALUE!"},{"$error":"#VALUE!"},"","",{"$error":"#VALUE!"},{"$f":"SUM($H$14:$H261)","v":0}]
[{"$f":"IF(Values_Entered,A261+1,\"\")","v":""},"","","",{"$error":"#VALUE!"},{"$error":"#VALUE!"},"","",{"$error":"#VALUE!"},{"$f":"SUM($H$14:$H262)","v":0}]
[{"$f":"IF(Values_Entered,A262+1,\"\")","v":""},"","","",{"$error":"#VALUE!"},{"$error":"#VALUE!"},"","",{"$error":"#VALUE!"},{"$f":"SUM($H$14:$H263)","v":0}]
[{"$f":"IF(Values_Entered,A263+1,\"\")","v":""},"","","",{"$error":"#VALUE!"},{"$error":"#VALUE!"},"","",{"$error":"#VALUE!"},{"$f":"SUM($H$14:$H264)","v":0}]
[{"$f":"IF(Values_Entered,A264+1,\"\")","v":""},"","","",{"$error":"#VALUE!"},{"$error":"#VALUE!"},"","",{"$error":"#VALUE!"},{"$f":"SUM($H$14:$H265)","v":0}]
[{"$f":"IF(Values_Entered,A265+1,\"\")","v":""},"","","",{"$error":"#VALUE!"},{"$error":"#VALUE!"},"","",{"$error":"#VALUE!"},{"$f":"SUM($H$14:$H266)","v":0}]
[{"$f":"IF(Values_Entered,A266+1,\"\")","v":""},"","","",{"$error":"#VALUE!"},{"$error":"#VALUE!"},"","",{"$error":"#VALUE!"},{"$f":"SUM($H$14:$H267)","v":0}]
[{"$f":"IF(Values_Entered,A267+1,\"\")","v":""},"","","",{"$error":"#VALUE!"},{"$error":"#VALUE!"},"","",{"$error":"#VALUE!"},{"$f":"SUM($H$14:$H268)","v":0}]
[{"$f":"IF(Values_Entered,A268+1,\"\")","v":""},"","","",{"$error":"#VALUE!"},{"$error":"#VALUE!"},"","",{"$error":"#VALUE!"},{"$f":"SUM($H$14:$H269)","v":0}]
[{"$f":"IF(Values_Entered,A269+1,\"\")","v":""},{"$f":"IF(Pay_Num<>\"\",DATE(YEAR(Loan_Start),MONTH(Loan_Start)+(Pay_Num)*12/Num_Pmt_Per_Year,DAY(Loan_Start)),\"\")","v":""},"","",{"$f":"IF(AND(Pay_Num<>\"\",Sched_Pay+Scheduled_Extra_Payments<Beg_Bal),Scheduled_Extra_Payments,IF(AND(Pay_Num<>\"\",Beg_Bal-Sched_Pay>0),Beg_Bal-Sched_Pay,IF(Pay_Num<>\"\",0,\"\")))","v":{"$error":"#VALUE!"}},{"$f":"IF(AND(Pay_Num<>\"\",Sched_Pay+Extra_Pay<Beg_Bal),Sched_Pay+Extra_Pay,IF(Pay_Num<>\"\",Beg_Bal,\"\"))","v":{"$error":"#VALUE!"}},"","",{"$f":"IF(AND(Pay_Num<>\"\",Sched_Pay+Extra_Pay<Beg_Bal),Beg_Bal-Princ,IF(Pay_Num<>\"\",0,\"\"))","v":{"$error":"#VALUE!"}},{"$f":"SUM($H$14:$H270)","v":0}]
[{"$f":"IF(Values_Entered,A270+1,\"\")","v":""},"",{"$f":"IF(Pay_Num<>\"\",I270,\"\")","v":""},"",{"$error":"#VALUE!"},{"$error":"#VALUE!"},{"$f":"IF(Pay_Num<>\"\",Total_Pay-Int,\"\")","v":""},{"$f":"IF(Pay_Num<>\"\",Beg_Bal*Interest_Rate/Num_Pmt_Per_Year,\"\")","v":""},{"$error":"#VALUE!"},{"$f":"SUM($H$14:$H271)","v":0}]
[{"$f":"IF(Values_Entered,A271+1,\"\")","v":""},"","",{"$f":"IF(Pay_Num<>\"\",Scheduled_Monthly_Payment,\"\")","v":""},{"$error":"#VALUE!"},{"$error":"#VALUE!"},"","",{"$error":"#VALUE!"},{"$f":"SUM($H$14:$H272)","v":0}]
[{"$f":"IF(Values_Entered,A272+1,\"\")","v":""},"","","",{"$error":"#VALUE!"},{"$error":"#VALUE!"},"","",{"$error":"#VALUE!"},{"$f":"SUM($H$14:$H273)","v":0}]
[{"$f":"IF(Values_Entered,A273+1,\"\")","v":""},"","","",{"$error":"#VALUE!"},{"$error":"#VALUE!"},"","",{"$error":"#VALUE!"},{"$f":"SUM($H$14:$H274)","v":0}]
[{"$f":"IF(Values_Entered,A274+1,\"\")","v":""},"","","",{"$error":"#VALUE!"},{"$error":"#VALUE!"},"","",{"$error":"#VALUE!"},{"$f":"SUM($H$14:$H275)","v":0}]
[{"$f":"IF(Values_Entered,A275+1,\"\")","v":""},"","","",{"$error":"#VALUE!"},{"$error":"#VALUE!"},"","",{"$error":"#VALUE!"},{"$f":"SUM($H$14:$H276)","v":0}]
[{"$f":"IF(Values_Entered,A276+1,\"\")","v":""},"","","",{"$error":"#VALUE!"},{"$error":"#VALUE!"},"","",{"$error":"#VALUE!"},{"$f":"SUM($H$14:$H277)","v":0}]
[{"$f":"IF(Values_Entered,A277+1,\"\")","v":""},"","","",{"$error":"#VALUE!"},{"$error":"#VALUE!"},"","",{"$error":"#VALUE!"},{"$f":"SUM($H$14:$H278)","v":0}]
[{"$f":"IF(Values_Entered,A278+1,\"\")","v":""},"","","",{"$error":"#VALUE!"},{"$error":"#VALUE!"},"","",{"$error":"#VALUE!"},{"$f":"SUM($H$14:$H279)","v":0}]
[{"$f":"IF(Values_Entered,A279+1,\"\")","v":""},"","","",{"$error":"#VALUE!"},{"$error":"#VALUE!"},"","",{"$error":"#VALUE!"},{"$f":"SUM($H$14:$H280)","v":0}]
[{"$f":"IF(Values_Entered,A280+1,\"\")","v":""},"","","",{"$error":"#VALUE!"},{"$error":"#VALUE!"},"","",{"$error":"#VALUE!"},{"$f":"SUM($H$14:$H281)","v":0}]
[{"$f":"IF(Values_Entered,A281+1,\"\")","v":""},"","","",{"$error":"#VALUE!"},{"$error":"#VALUE!"},"","",{"$error":"#VALUE!"},{"$f":"SUM($H$14:$H282)","v":0}]
[{"$f":"IF(Values_Entered,A282+1,\"\")","v":""},"","","",{"$error":"#VALUE!"},{"$error":"#VALUE!"},"","",{"$error":"#VALUE!"},{"$f":"SUM($H$14:$H283)","v":0}]
[{"$f":"IF(Values_Entered,A283+1,\"\")","v":""},"","","",{"$error":"#VALUE!"},{"$error":"#VALUE!"},"","",{"$error":"#VALUE!"},{"$f":"SUM($H$14:$H284)","v":0}]
[{"$f":"IF(Values_Entered,A284+1,\"\")","v":""},"","","",{"$error":"#VALUE!"},{"$error":"#VALUE!"},"","",{"$error":"#VALUE!"},{"$f":"SUM($H$14:$H285)","v":0}]
[{"$f":"IF(Values_Entered,A285+1,\"\")","v":""},"","","",{"$error":"#VALUE!"},{"$error":"#VALUE!"},"","",{"$error":"#VALUE!"},{"$f":"SUM($H$14:$H286)","v":0}]
[{"$f":"IF(Values_Entered,A286+1,\"\")","v":""},"","","",{"$error":"#VALUE!"},{"$error":"#VALUE!"},"","",{"$error":"#VALUE!"},{"$f":"SUM($H$14:$H287)","v":0}]
[{"$f":"IF(Values_Entered,A287+1,\"\")","v":""},"","","",{"$error":"#VALUE!"},{"$error":"#VALUE!"},"","",{"$error":"#VALUE!"},{"$f":"SUM($H$14:$H288)","v":0}]
[{"$f":"IF(Values_Entered,A288+1,\"\")","v":""},"","","",{"$error":"#VALUE!"},{"$error":"#VALUE!"},"","",{"$error":"#VALUE!"},{"$f":"SUM($H$14:$H289)","v":0}]
[{"$f":"IF(Values_Entered,A289+1,\"\")","v":""},"","","",{"$error":"#VALUE!"},{"$error":"#VALUE!"},"","",{"$error":"#VALUE!"},{"$f":"SUM($H$14:$H290)","v":0}]
[{"$f":"IF(Values_Entered,A290+1,\"\")","v":""},"","","",{"$error":"#VALUE!"},{"$error":"#VALUE!"},"","",{"$error":"#VALUE!"},{"$f":"SUM($H$14:$H291)","v":0}]
[{"$f":"IF(Values_Entered,A291+1,\"\")","v":""},"","","",{"$error":"#VALUE!"},{"$error":"#VALUE!"},"","",{"$error":"#VALUE!"},{"$f":"SUM($H$14:$H292)","v":0}]
[{"$f":"IF(Values_Entered,A292+1,\"\")","v":""},"","","",{"$error":"#VALUE!"},{"$error":"#VALUE!"},"","",{"$error":"#VALUE!"},{"$f":"SUM($H$14:$H293)","v":0}]
[{"$f":"IF(Values_Entered,A293+1,\"\")","v":""},"","","",{"$error":"#VALUE!"},{"$error":"#VALUE!"},"","",{"$error":"#VALUE!"},{"$f":"SUM($H$14:$H294)","v":0}]
[{"$f":"IF(Values_Entered,A294+1,\"\")","v":""},"","","",{"$error":"#VALUE!"},{"$error":"#VALUE!"},"","",{"$error":"#VALUE!"},{"$f":"SUM($H$14:$H295)","v":0}]
[{"$f":"IF(Values_Entered,A295+1,\"\")","v":""},"","","",{"$error":"#VALUE!"},{"$error":"#VALUE!"},"","",{"$error":"#VALUE!"},{"$f":"SUM($H$14:$H296)","v":0}]
[{"$f":"IF(Values_Entered,A296+1,\"\")","v":""},"","","",{"$error":"#VALUE!"},{"$error":"#VALUE!"},"","",{"$error":"#VALUE!"},{"$f":"SUM($H$14:$H297)","v":0}]
[{"$f":"IF(Values_Entered,A297+1,\"\")","v":""},"","","",{"$error":"#VALUE!"},{"$error":"#VALUE!"},"","",{"$error":"#VALUE!"},{"$f":"SUM($H$14:$H298)","v":0}]
[{"$f":"IF(Values_Entered,A298+1,\"\")","v":""},"","","",{"$error":"#VALUE!"},{"$error":"#VALUE!"},"","",{"$error":"#VALUE!"},{"$f":"SUM($H$14:$H299)","v":0}]
[{"$f":"IF(Values_Entered,A299+1,\"\")","v":""},"","","",{"$error":"#VALUE!"},{"$error":"#VALUE!"},"","",{"$error":"#VALUE!"},{"$f":"SUM($H$14:$H300)","v":0}]
[{"$f":"IF(Values_Entered,A300+1,\"\")","v":""},"","","",{"$error":"#VALUE!"},{"$error":"#VALUE!"},"","",{"$error":"#VALUE!"},{"$f":"SUM($H$14:$H301)","v":0}]
[{"$f":"IF(Values_Entered,A301+1,\"\")","v":""},"","","",{"$error":"#VALUE!"},{"$error":"#VALUE!"},"","",{"$error":"#VALUE!"},{"$f":"SUM($H$14:$H302)","v":0}]
[{"$f":"IF(Values_Entered,A302+1,\"\")","v":""},"","","",{"$error":"#VALUE!"},{"$error":"#VALUE!"},"","",{"$error":"#VALUE!"},{"$f":"SUM($H$14:$H303)","v":0}]
[{"$f":"IF(Values_Entered,A303+1,\"\")","v":""},"","","",{"$error":"#VALUE!"},{"$error":"#VALUE!"},"","",{"$error":"#VALUE!"},{"$f":"SUM($H$14:$H304)","v":0}]
[{"$f":"IF(Values_Entered,A304+1,\"\")","v":""},"","","",{"$error":"#VALUE!"},{"$error":"#VALUE!"},"","",{"$error":"#VALUE!"},{"$f":"SUM($H$14:$H305)","v":0}]
[{"$f":"IF(Values_Entered,A305+1,\"\")","v":""},"","","",{"$error":"#VALUE!"},{"$error":"#VALUE!"},"","",{"$error":"#VALUE!"},{"$f":"SUM($H$14:$H306)","v":0}]
[{"$f":"IF(Values_Entered,A306+1,\"\")","v":""},"","","",{"$error":"#VALUE!"},{"$error":"#VALUE!"},"","",{"$error":"#VALUE!"},{"$f":"SUM($H$14:$H307)","v":0}]
[{"$f":"IF(Values_Entered,A307+1,\"\")","v":""},"","","",{"$error":"#VALUE!"},{"$error":"#VALUE!"},"","",{"$error":"#VALUE!"},{"$f":"SUM($H$14:$H308)","v":0}]
[{"$f":"IF(Values_Entered,A308+1,\"\")","v":""},"","","",{"$error":"#VALUE!"},{"$error":"#VALUE!"},"","",{"$error":"#VALUE!"},{"$f":"SUM($H$14:$H309)","v":0}]
[{"$f":"IF(Values_Entered,A309+1,\"\")","v":""},"","","",{"$error":"#VALUE!"},{"$error":"#VALUE!"},"","",{"$error":"#VALUE!"},{"$f":"SUM($H$14:$H310)","v":0}]
[{"$f":"IF(Values_Entered,A310+1,\"\")","v":""},"","","",{"$error":"#VALUE!"},{"$error":"#VALUE!"},"","",{"$error":"#VALUE!"},{"$f":"SUM($H$14:$H311)","v":0}]
[{"$f":"IF(Values_Entered,A311+1,\"\")","v":""},"","","",{"$error":"#VALUE!"},{"$error":"#VALUE!"},"","",{"$error":"#VALUE!"},{"$f":"SUM($H$14:$H312)","v":0}]
[{"$f":"IF(Values_Entered,A312+1,\"\")","v":""},"","","",{"$error":"#VALUE!"},{"$error":"#VALUE!"},"","",{"$error":"#VALUE!"},{"$f":"SUM($H$14:$H313)","v":0}]
[{"$f":"IF(Values_Entered,A313+1,\"\")","v":""},"","","",{"$error":"#VALUE!"},{"$error":"#VALUE!"},"","",{"$error":"#VALUE!"},{"$f":"SUM($H$14:$H314)","v":0}]
[{"$f":"IF(Values_Entered,A314+1,\"\")","v":""},"","","",{"$error":"#VALUE!"},{"$error":"#VALUE!"},"","",{"$error":"#VALUE!"},{"$f":"SUM($H$14:$H315)","v":0}]
[{"$f":"IF(Values_Entered,A315+1,\"\")","v":""},"","","",{"$error":"#VALUE!"},{"$error":"#VALUE!"},"","",{"$error":"#VALUE!"},{"$f":"SUM($H$14:$H316)","v":0}]
[{"$f":"IF(Values_Entered,A316+1,\"\")","v":""},"","","",{"$error":"#VALUE!"},{"$error":"#VALUE!"},"","",{"$error":"#VALUE!"},{"$f":"SUM($H$14:$H317)","v":0}]
[{"$f":"IF(Values_Entered,A317+1,\"\")","v":""},"","","",{"$error":"#VALUE!"},{"$error":"#VALUE!"},"","",{"$error":"#VALUE!"},{"$f":"SUM($H$14:$H318)","v":0}]
[{"$f":"IF(Values_Entered,A318+1,\"\")","v":""},"","","",{"$error":"#VALUE!"},{"$error":"#VALUE!"},"","",{"$error":"#VALUE!"},{"$f":"SUM($H$14:$H319)","v":0}]
[{"$f":"IF(Values_Entered,A319+1,\"\")","v":""},"","","",{"$error":"#VALUE!"},{"$error":"#VALUE!"},"","",{"$error":"#VALUE!"},{"$f":"SUM($H$14:$H320)","v":0}]
[{"$f":"IF(Values_Entered,A320+1,\"\")","v":""},"","","",{"$error":"#VALUE!"},{"$error":"#VALUE!"},"","",{"$error":"#VALUE!"},{"$f":"SUM($H$14:$H321)","v":0}]
[{"$f":"IF(Values_Entered,A321+1,\"\")","v":""},"","","",{"$error":"#VALUE!"},{"$error":"#VALUE!"},"","",{"$error":"#VALUE!"},{"$f":"SUM($H$14:$H322)","v":0}]
[{"$f":"IF(Values_Entered,A322+1,\"\")","v":""},"","","",{"$error":"#VALUE!"},{"$error":"#VALUE!"},"","",{"$error":"#VALUE!"},{"$f":"SUM($H$14:$H323)","v":0}]
[{"$f":"IF(Values_Entered,A323+1,\"\")","v":""},"","","",{"$error":"#VALUE!"},{"$error":"#VALUE!"},"","",{"$error":"#VALUE!"},{"$f":"SUM($H$14:$H324)","v":0}]
[{"$f":"IF(Values_Entered,A324+1,\"\")","v":""},"","","",{"$error":"#VALUE!"},{"$error":"#VALUE!"},"","",{"$error":"#VALUE!"},{"$f":"SUM($H$14:$H325)","v":0}]
[{"$f":"IF(Values_Entered,A325+1,\"\")","v":""},"","","",{"$error":"#VALUE!"},{"$error":"#VALUE!"},"","",{"$error":"#VALUE!"},{"$f":"SUM($H$14:$H326)","v":0}]
[{"$f":"IF(Values_Entered,A326+1,\"\")","v":""},"","","",{"$error":"#VALUE!"},{"$error":"#VALUE!"},"","",{"$error":"#VALUE!"},{"$f":"SUM($H$14:$H327)","v":0}]
[{"$f":"IF(Values_Entered,A327+1,\"\")","v":""},"","","",{"$error":"#VALUE!"},{"$error":"#VALUE!"},"","",{"$error":"#VALUE!"},{"$f":"SUM($H$14:$H328)","v":0}]
[{"$f":"IF(Values_Entered,A328+1,\"\")","v":""},"","","",{"$error":"#VALUE!"},{"$error":"#VALUE!"},"","",{"$error":"#VALUE!"},{"$f":"SUM($H$14:$H329)","v":0}]
[{"$f":"IF(Values_Entered,A329+1,\"\")","v":""},"","","",{"$error":"#VALUE!"},{"$error":"#VALUE!"},"","",{"$error":"#VALUE!"},{"$f":"SUM($H$14:$H330)","v":0}]
[{"$f":"IF(Values_Entered,A330+1,\"\")","v":""},"","","",{"$error":"#VALUE!"},{"$error":"#VALUE!"},"","",{"$error":"#VALUE!"},{"$f":"SUM($H$14:$H331)","v":0}]
[{"$f":"IF(Values_Entered,A331+1,\"\")","v":""},"","","",{"$error":"#VALUE!"},{"$error":"#VALUE!"},"","",{"$error":"#VALUE!"},{"$f":"SUM($H$14:$H332)","v":0}]
[{"$f":"IF(Values_Entered,A332+1,\"\")","v":""},"","","",{"$error":"#VALUE!"},{"$error":"#VALUE!"},"","",{"$error":"#VALUE!"},{"$f":"SUM($H$14:$H333)","v":0}]
[{"$f":"IF(Values_Entered,A333+1,\"\")","v":""},{"$f":"IF(Pay_Num<>\"\",DATE(YEAR(Loan_Start),MONTH(Loan_Start)+(Pay_Num)*12/Num_Pmt_Per_Year,DAY(Loan_Start)),\"\")","v":""},"","",{"$f":"IF(AND(Pay_Num<>\"\",Sched_Pay+Scheduled_Extra_Payments<Beg_Bal),Scheduled_Extra_Payments,IF(AND(Pay_Num<>\"\",Beg_Bal-Sched_Pay>0),Beg_Bal-Sched_Pay,IF(Pay_Num<>\"\",0,\"\")))","v":{"$error":"#VALUE!"}},{"$f":"IF(AND(Pay_Num<>\"\",Sched_Pay+Extra_Pay<Beg_Bal),Sched_Pay+Extra_Pay,IF(Pay_Num<>\"\",Beg_Bal,\"\"))","v":{"$error":"#VALUE!"}},"","",{"$f":"IF(AND(Pay_Num<>\"\",Sched_Pay+Extra_Pay<Beg_Bal),Beg_Bal-Princ,IF(Pay_Num<>\"\",0,\"\"))","v":{"$error":"#VALUE!"}},{"$f":"SUM($H$14:$H334)","v":0}]
[{"$f":"IF(Values_Entered,A334+1,\"\")","v":""},"",{"$f":"IF(Pay_Num<>\"\",I334,\"\")","v":""},"",{"$error":"#VALUE!"},{"$error":"#VALUE!"},{"$f":"IF(Pay_Num<>\"\",Total_Pay-Int,\"\")","v":""},{"$f":"IF(Pay_Num<>\"\",Beg_Bal*Interest_Rate/Num_Pmt_Per_Year,\"\")","v":""},{"$error":"#VALUE!"},{"$f":"SUM($H$14:$H335)","v":0}]
[{"$f":"IF(Values_Entered,A335+1,\"\")","v":""},"","",{"$f":"IF(Pay_Num<>\"\",Scheduled_Monthly_Payment,\"\")","v":""},{"$error":"#VALUE!"},{"$error":"#VALUE!"},"","",{"$error":"#VALUE!"},{"$f":"SUM($H$14:$H336)","v":0}]
[{"$f":"IF(Values_Entered,A336+1,\"\")","v":""},"","","",{"$error":"#VALUE!"},{"$error":"#VALUE!"},"","",{"$error":"#VALUE!"},{"$f":"SUM($H$14:$H337)","v":0}]
[{"$f":"IF(Values_Entered,A337+1,\"\")","v":""},"","","",{"$error":"#VALUE!"},{"$error":"#VALUE!"},"","",{"$error":"#VALUE!"},{"$f":"SUM($H$14:$H338)","v":0}]
[{"$f":"IF(Values_Entered,A338+1,\"\")","v":""},"","","",{"$error":"#VALUE!"},{"$error":"#VALUE!"},"","",{"$error":"#VALUE!"},{"$f":"SUM($H$14:$H339)","v":0}]
[{"$f":"IF(Values_Entered,A339+1,\"\")","v":""},"","","",{"$error":"#VALUE!"},{"$error":"#VALUE!"},"","",{"$error":"#VALUE!"},{"$f":"SUM($H$14:$H340)","v":0}]
[{"$f":"IF(Values_Entered,A340+1,\"\")","v":""},"","","",{"$error":"#VALUE!"},{"$error":"#VALUE!"},"","",{"$error":"#VALUE!"},{"$f":"SUM($H$14:$H341)","v":0}]
[{"$f":"IF(Values_Entered,A341+1,\"\")","v":""},"","","",{"$error":"#VALUE!"},{"$error":"#VALUE!"},"","",{"$error":"#VALUE!"},{"$f":"SUM($H$14:$H342)","v":0}]
[{"$f":"IF(Values_Entered,A342+1,\"\")","v":""},"","","",{"$error":"#VALUE!"},{"$error":"#VALUE!"},"","",{"$error":"#VALUE!"},{"$f":"SUM($H$14:$H343)","v":0}]
[{"$f":"IF(Values_Entered,A343+1,\"\")","v":""},"","","",{"$error":"#VALUE!"},{"$error":"#VALUE!"},"","",{"$error":"#VALUE!"},{"$f":"SUM($H$14:$H344)","v":0}]
[{"$f":"IF(Values_Entered,A344+1,\"\")","v":""},"","","",{"$error":"#VALUE!"},{"$error":"#VALUE!"},"","",{"$error":"#VALUE!"},{"$f":"SUM($H$14:$H345)","v":0}]
[{"$f":"IF(Values_Entered,A345+1,\"\")","v":""},"","","",{"$error":"#VALUE!"},{"$error":"#VALUE!"},"","",{"$error":"#VALUE!"},{"$f":"SUM($H$14:$H346)","v":0}]
[{"$f":"IF(Values_Entered,A346+1,\"\")","v":""},"","","",{"$error":"#VALUE!"},{"$error":"#VALUE!"},"","",{"$error":"#VALUE!"},{"$f":"SUM($H$14:$H347)","v":0}]
[{"$f":"IF(Values_Entered,A347+1,\"\")","v":""},"","","",{"$error":"#VALUE!"},{"$error":"#VALUE!"},"","",{"$error":"#VALUE!"},{"$f":"SUM($H$14:$H348)","v":0}]
[{"$f":"IF(Values_Entered,A348+1,\"\")","v":""},"","","",{"$error":"#VALUE!"},{"$error":"#VALUE!"},"","",{"$error":"#VALUE!"},{"$f":"SUM($H$14:$H349)","v":0}]
[{"$f":"IF(Values_Entered,A349+1,\"\")","v":""},"","","",{"$error":"#VALUE!"},{"$error":"#VALUE!"},"","",{"$error":"#VALUE!"},{"$f":"SUM($H$14:$H350)","v":0}]
[{"$f":"IF(Values_Entered,A350+1,\"\")","v":""},"","","",{"$error":"#VALUE!"},{"$error":"#VALUE!"},"","",{"$error":"#VALUE!"},{"$f":"SUM($H$14:$H351)","v":0}]
[{"$f":"IF(Values_Entered,A351+1,\"\")","v":""},"","","",{"$error":"#VALUE!"},{"$error":"#VALUE!"},"","",{"$error":"#VALUE!"},{"$f":"SUM($H$14:$H352)","v":0}]
[{"$f":"IF(Values_Entered,A352+1,\"\")","v":""},"","","",{"$error":"#VALUE!"},{"$error":"#VALUE!"},"","",{"$error":"#VALUE!"},{"$f":"SUM($H$14:$H353)","v":0}]
[{"$f":"IF(Values_Entered,A353+1,\"\")","v":""},"","","",{"$error":"#VALUE!"},{"$error":"#VALUE!"},"","",{"$error":"#VALUE!"},{"$f":"SUM($H$14:$H354)","v":0}]
[{"$f":"IF(Values_Entered,A354+1,\"\")","v":""},"","","",{"$error":"#VALUE!"},{"$error":"#VALUE!"},"","",{"$error":"#VALUE!"},{"$f":"SUM($H$14:$H355)","v":0}]
[{"$f":"IF(Values_Entered,A355+1,\"\")","v":""},"","","",{"$error":"#VALUE!"},{"$error":"#VALUE!"},"","",{"$error":"#VALUE!"},{"$f":"SUM($H$14:$H356)","v":0}]
[{"$f":"IF(Values_Entered,A356+1,\"\")","v":""},"","","",{"$error":"#VALUE!"},{"$error":"#VALUE!"},"","",{"$error":"#VALUE!"},{"$f":"SUM($H$14:$H357)","v":0}]
[{"$f":"IF(Values_Entered,A357+1,\"\")","v":""},"","","",{"$error":"#VALUE!"},{"$error":"#VALUE!"},"","",{"$error":"#VALUE!"},{"$f":"SUM($H$14:$H358)","v":0}]
[{"$f":"IF(Values_Entered,A358+1,\"\")","v":""},"","","",{"$error":"#VALUE!"},{"$error":"#VALUE!"},"","",{"$error":"#VALUE!"},{"$f":"SUM($H$14:$H359)","v":0}]
[{"$f":"IF(Values_Entered,A359+1,\"\")","v":""},"","","",{"$error":"#VALUE!"},{"$error":"#VALUE!"},"","",{"$error":"#VALUE!"},{"$f":"SUM($H$14:$H360)","v":0}]
[{"$f":"IF(Values_Entered,A360+1,\"\")","v":""},"","","",{"$error":"#VALUE!"},{"$error":"#VALUE!"},"","",{"$error":"#VALUE!"},{"$f":"SUM($H$14:$H361)","v":0}]
[{"$f":"IF(Values_Entered,A361+1,\"\")","v":""},"","","",{"$error":"#VALUE!"},{"$error":"#VALUE!"},"","",{"$error":"#VALUE!"},{"$f":"SUM($H$14:$H362)","v":0}]
[{"$f":"IF(Values_Entered,A362+1,\"\")","v":""},"","","",{"$error":"#VALUE!"},{"$error":"#VALUE!"},"","",{"$error":"#VALUE!"},{"$f":"SUM($H$14:$H363)","v":0}]
[{"$f":"IF(Values_Entered,A363+1,\"\")","v":""},"","","",{"$error":"#VALUE!"},{"$error":"#VALUE!"},"","",{"$error":"#VALUE!"},{"$f":"SUM($H$14:$H364)","v":0}]
[{"$f":"IF(Values_Entered,A364+1,\"\")","v":""},"","","",{"$error":"#VALUE!"},{"$error":"#VALUE!"},"","",{"$error":"#VALUE!"},{"$f":"SUM($H$14:$H365)","v":0}]
[{"$f":"IF(Values_Entered,A365+1,\"\")","v":""},"","","",{"$error":"#VALUE!"},{"$error":"#VALUE!"},"","",{"$error":"#VALUE!"},{"$f":"SUM($H$14:$H366)","v":0}]
[{"$f":"IF(Values_Entered,A366+1,\"\")","v":""},"","","",{"$error":"#VALUE!"},{"$error":"#VALUE!"},"","",{"$error":"#VALUE!"},{"$f":"SUM($H$14:$H367)","v":0}]
[{"$f":"IF(Values_Entered,A367+1,\"\")","v":""},"","","",{"$error":"#VALUE!"},{"$error":"#VALUE!"},"","",{"$error":"#VALUE!"},{"$f":"SUM($H$14:$H368)","v":0}]
[{"$f":"IF(Values_Entered,A368+1,\"\")","v":""},"","","",{"$error":"#VALUE!"},{"$error":"#VALUE!"},"","",{"$error":"#VALUE!"},{"$f":"SUM($H$14:$H369)","v":0}]
[{"$f":"IF(Values_Entered,A369+1,\"\")","v":""},"","","",{"$error":"#VALUE!"},{"$error":"#VALUE!"},"","",{"$error":"#VALUE!"},{"$f":"SUM($H$14:$H370)","v":0}]
[{"$f":"IF(Values_Entered,A370+1,\"\")","v":""},"","","",{"$error":"#VALUE!"},{"$error":"#VALUE!"},"","",{"$error":"#VALUE!"},{"$f":"SUM($H$14:$H371)","v":0}]
[{"$f":"IF(Values_Entered,A371+1,\"\")","v":""},"","","",{"$error":"#VALUE!"},{"$error":"#VALUE!"},"","",{"$error":"#VALUE!"},{"$f":"SUM($H$14:$H372)","v":0}]
[{"$f":"IF(Values_Entered,A372+1,\"\")","v":""},"","","",{"$error":"#VALUE!"},{"$error":"#VALUE!"},"","",{"$error":"#VALUE!"},{"$f":"SUM($H$14:$H373)","v":0}]

{"sheet":"Loan Repayment Diesel","index":7,"n_rows":373,"n_cols":10,"rows_kept":373,"cut":false,"hidden":true,"merged":[[0,0,0,4],[0,5,0,9],[2,1,2,3],[2,5,2,7]]}
["Loan Repayment:",{"$nulls":4},{"$f":"Input!D60","v":"Système d'irrigation alimenté par le réseau électrique"}]
["Bank:",{"$f":"Input!E119","v":0}]
[null,"Enter Values",null,null,null,"Loan Summary"]
[null,null,"Loan Amount",{"$f":"Input!E116","v":0},null,null,"Scheduled Payment",{"$f":"IF(Values_Entered,-PMT(Interest_Rate/Num_Pmt_Per_Year,Loan_Years*Num_Pmt_Per_Year,Loan_Amount),\"0\")","v":"0"}]
[null,null,"Annual Interest Rate",{"$f":"Input!E117","v":0},null,null,"Scheduled Number of Payments",{"$f":"IF(Values_Entered,Loan_Years*Num_Pmt_Per_Year,\"\")","v":""}]
[null,null,"Loan Period in Years",{"$f":"Input!E118","v":0},null,null,"Actual Number of Payments",{"$f":"IF(Values_Entered,Number_of_Payments,\"\")","v":""}]
[null,null,"Number of Payments Per Year",1,null,null,"Total Early Payments",{"$f":"IF(Values_Entered,SUMIF(Beg_Bal,\">0\",Extra_Pay),\"\")","v":""}]
[null,null,"Start Date of Loan","2017-01-01",null,null,"Total Interest",{"$f":"IF(Values_Entered,SUMIF(Beg_Bal,\">0\",Int),\"\")","v":""}]
[null,null,"Optional Extra Payments",0]
[]
[]
["PmtNo.","Payment Date","Beginning Balance","Scheduled Payment","Extra Payment","Total Payment","Principal","Interest","Ending Balance","Cumulative Interest"]
[]
[{"$f":"IF(Values_Entered,1,\"\")","v":""},{"$f":"IF(Pay_Num<>\"\",DATE(YEAR(Loan_Start),MONTH(Loan_Start)+(Pay_Num)*12/Num_Pmt_Per_Year,DAY(Loan_Start)),\"\")","v":""},{"$f":"IF(Values_Entered,Loan_Amount,\"\")","v":""},{"$f":"IF(Pay_Num<>\"\",Scheduled_Monthly_Payment,\"\")","v":""},{"$f":"IF(AND(Pay_Num<>\"\",Sched_Pay+Scheduled_Extra_Payments<Beg_Bal),Scheduled_Extra_Payments,IF(AND(Pay_Num<>\"\",Beg_Bal-Sched_Pay>0),Beg_Bal-Sched_Pay,IF(Pay_Num<>\"\",0,\"\")))","v":{"$error":"#VALUE!"}},{"$f":"IF(AND(Pay_Num<>\"\",Sched_Pay+Extra_Pay<Beg_Bal),Sched_Pay+Extra_Pay,IF(Pay_Num<>\"\",Beg_Bal,\"\"))","v":{"$error":"#VALUE!"}},{"$f":"IF(Pay_Num<>\"\",Total_Pay-Int,\"\")","v":""},{"$f":"IF(Pay_Num<>\"\",Beg_Bal*(Interest_Rate/Num_Pmt_Per_Year),\"\")","v":""},{"$f":"IF(AND(Pay_Num<>\"\",Sched_Pay+Extra_Pay<Beg_Bal),Beg_Bal-Princ,IF(Pay_Num<>\"\",0,\"\"))","v":{"$error":"#VALUE!"}},{"$f":"SUM($H$14:$H14)","v":0}]
[{"$f":"IF(Values_Entered,A14+1,\"\")","v":""},"",{"$f":"IF(Pay_Num<>\"\",I14,\"\")","v":""},{"$f":"IF(Pay_Num<>\"\",Scheduled_Monthly_Payment,\"\")","v":""},{"$error":"#VALUE!"},{"$error":"#VALUE!"},{"$f":"IF(Pay_Num<>\"\",Total_Pay-Int,\"\")","v":""},{"$f":"IF(Pay_Num<>\"\",Beg_Bal*Interest_Rate/Num_Pmt_Per_Year,\"\")","v":""},{"$error":"#VALUE!"},{"$f":"SUM($H$14:$H15)","v":0}]
[{"$f":"IF(Values_Entered,A15+1,\"\")","v":""},"","",{"$f":"IF(Pay_Num<>\"\",Scheduled_Monthly_Payment,\"\")","v":""},{"$error":"#VALUE!"},{"$error":"#VALUE!"},"","",{"$error":"#VALUE!"},{"$f":"SUM($H$14:$H16)","v":0}]
[{"$f":"IF(Values_Entered,A16+1,\"\")","v":""},"","",{"$f":"IF(Pay_Num<>\"\",Scheduled_Monthly_Payment,\"\")","v":""},{"$error":"#VALUE!"},{"$error":"#VALUE!"},"","",{"$error":"#VALUE!"},{"$f":"SUM($H$14:$H17)","v":0}]
[{"$f":"IF(Values_Entered,A17+1,\"\")","v":""},"","","",{"$error":"#VALUE!"},{"$error":"#VALUE!"},"","",{"$error":"#VALUE!"},{"$f":"SUM($H$14:$H18)","v":0}]
[{"$f":"IF(Values_Entered,A18+1,\"\")","v":""},"","","",{"$error":"#VALUE!"},{"$error":"#VALUE!"},"","",{"$error":"#VALUE!"},{"$f":"SUM($H$14:$H19)","v":0}]
[{"$f":"IF(Values_Entered,A19+1,\"\")","v":""},"","","",{"$error":"#VALUE!"},{"$error":"#VALUE!"},"","",{"$error":"#VALUE!"},{"$f":"SUM($H$14:$H20)","v":0}]
[{"$f":"IF(Values_Entered,A20+1,\"\")","v":""},"","","",{"$error":"#VALUE!"},{"$error":"#VALUE!"},"","",{"$error":"#VALUE!"},{"$f":"SUM($H$14:$H21)","v":0}]
[{"$f":"IF(Values_Entered,A21+1,\"\")","v":""},"","","",{"$error":"#VALUE!"},{"$error":"#VALUE!"},"","",{"$error":"#VALUE!"},{"$f":"SUM($H$14:$H22)","v":0}]
[{"$f":"IF(Values_Entered,A22+1,\"\")","v":""},"","","",{"$error":"#VALUE!"},{"$error":"#VALUE!"},"","",{"$error":"#VALUE!"},{"$f":"SUM($H$14:$H23)","v":0}]
[{"$f":"IF(Values_Entered,A23+1,\"\")","v":""},"","","",{"$error":"#VALUE!"},{"$error":"#VALUE!"},"","",{"$error":"#VALUE!"},{"$f":"SUM($H$14:$H24)","v":0}]
[{"$f":"IF(Values_Entered,A24+1,\"\")","v":""},"","","",{"$error":"#VALUE!"},{"$error":"#VALUE!"},"","",{"$error":"#VALUE!"},{"$f":"SUM($H$14:$H25)","v":0}]
[{"$f":"IF(Values_Entered,A25+1,\"\")","v":""},"","","",{"$error":"#VALUE!"},{"$error":"#VALUE!"},"","",{"$error":"#VALUE!"},{"$f":"SUM($H$14:$H26)","v":0}]
[{"$f":"IF(Values_Entered,A26+1,\"\")","v":""},"","","",{"$error":"#VALUE!"},{"$error":"#VALUE!"},"","",{"$error":"#VALUE!"},{"$f":"SUM($H$14:$H27)","v":0}]
[{"$f":"IF(Values_Entered,A27+1,\"\")","v":""},"","","",{"$error":"#VALUE!"},{"$error":"#VALUE!"},"","",{"$error":"#VALUE!"},{"$f":"SUM($H$14:$H28)","v":0}]
[{"$f":"IF(Values_Entered,A28+1,\"\")","v":""},"","","",{"$error":"#VALUE!"},{"$error":"#VALUE!"},"","",{"$error":"#VALUE!"},{"$f":"SUM($H$14:$H29)","v":0}]
[{"$f":"IF(Values_Entered,A29+1,\"\")","v":""},"","","",{"$error":"#VALUE!"},{"$error":"#VALUE!"},"","",{"$error":"#VALUE!"},{"$f":"SUM($H$14:$H30)","v":0}]
[{"$f":"IF(Values_Entered,A30+1,\"\")","v":""},"","","",{"$error":"#VALUE!"},{"$error":"#VALUE!"},"","",{"$error":"#VALUE!"},{"$f":"SUM($H$14:$H31)","v":0}]
[{"$f":"IF(Values_Entered,A31+1,\"\")","v":""},"","","",{"$error":"#VALUE!"},{"$error":"#VALUE!"},"","",{"$error":"#VALUE!"},{"$f":"SUM($H$14:$H32)","v":0}]
[{"$f":"IF(Values_Entered,A32+1,\"\")","v":""},"","","",{"$error":"#VALUE!"},{"$error":"#VALUE!"},"","",{"$error":"#VALUE!"},{"$f":"SUM($H$14:$H33)","v":0}]
[{"$f":"IF(Values_Entered,A33+1,\"\")","v":""},"","","",{"$error":"#VALUE!"},{"$error":"#VALUE!"},"","",{"$error":"#VALUE!"},{"$f":"SUM($H$14:$H34)","v":0}]
[{"$f":"IF(Values_Entered,A34+1,\"\")","v":""},"","","",{"$error":"#VALUE!"},{"$error":"#VALUE!"},"","",{"$error":"#VALUE!"},{"$f":"SUM($H$14:$H35)","v":0}]
[{"$f":"IF(Values_Entered,A35+1,\"\")","v":""},"","","",{"$error":"#VALUE!"},{"$error":"#VALUE!"},"","",{"$error":"#VALUE!"},{"$f":"SUM($H$14:$H36)","v":0}]
[{"$f":"IF(Values_Entered,A36+1,\"\")","v":""},"","","",{"$error":"#VALUE!"},{"$error":"#VALUE!"},"","",{"$error":"#VALUE!"},{"$f":"SUM($H$14:$H37)","v":0}]
[{"$f":"IF(Values_Entered,A37+1,\"\")","v":""},"","","",{"$error":"#VALUE!"},{"$error":"#VALUE!"},"","",{"$error":"#VALUE!"},{"$f":"SUM($H$14:$H38)","v":0}]
[{"$f":"IF(Values_Entered,A38+1,\"\")","v":""},"","","",{"$error":"#VALUE!"},{"$error":"#VALUE!"},"","",{"$error":"#VALUE!"},{"$f":"SUM($H$14:$H39)","v":0}]
[{"$f":"IF(Values_Entered,A39+1,\"\")","v":""},"","","",{"$error":"#VALUE!"},{"$error":"#VALUE!"},"","",{"$error":"#VALUE!"},{"$f":"SUM($H$14:$H40)","v":0}]
[{"$f":"IF(Values_Entered,A40+1,\"\")","v":""},"","","",{"$error":"#VALUE!"},{"$error":"#VALUE!"},"","",{"$error":"#VALUE!"},{"$f":"SUM($H$14:$H41)","v":0}]
[{"$f":"IF(Values_Entered,A41+1,\"\")","v":""},"","","",{"$error":"#VALUE!"},{"$error":"#VALUE!"},"","",{"$error":"#VALUE!"},{"$f":"SUM($H$14:$H42)","v":0}]
[{"$f":"IF(Values_Entered,A42+1,\"\")","v":""},"","","",{"$error":"#VALUE!"},{"$error":"#VALUE!"},"","",{"$error":"#VALUE!"},{"$f":"SUM($H$14:$H43)","v":0}]
[{"$f":"IF(Values_Entered,A43+1,\"\")","v":""},"","","",{"$error":"#VALUE!"},{"$error":"#VALUE!"},"","",{"$error":"#VALUE!"},{"$f":"SUM($H$14:$H44)","v":0}]
[{"$f":"IF(Values_Entered,A44+1,\"\")","v":""},"","","",{"$error":"#VALUE!"},{"$error":"#VALUE!"},"","",{"$error":"#VALUE!"},{"$f":"SUM($H$14:$H45)","v":0}]
[{"$f":"IF(Values_Entered,A45+1,\"\")","v":""},"","","",{"$error":"#VALUE!"},{"$error":"#VALUE!"},"","",{"$error":"#VALUE!"},{"$f":"SUM($H$14:$H46)","v":0}]
[{"$f":"IF(Values_Entered,A46+1,\"\")","v":""},"","","",{"$error":"#VALUE!"},{"$error":"#VALUE!"},"","",{"$error":"#VALUE!"},{"$f":"SUM($H$14:$H47)","v":0}]
[{"$f":"IF(Values_Entered,A47+1,\"\")","v":""},"","","",{"$error":"#VALUE!"},{"$error":"#VALUE!"},"","",{"$error":"#VALUE!"},{"$f":"SUM($H$14:$H48)","v":0}]
[{"$f":"IF(Values_Entered,A48+1,\"\")","v":""},"","","",{"$error":"#VALUE!"},{"$error":"#VALUE!"},"","",{"$error":"#VALUE!"},{"$f":"SUM($H$14:$H49)","v":0}]
[{"$f":"IF(Values_Entered,A49+1,\"\")","v":""},"","","",{"$error":"#VALUE!"},{"$error":"#VALUE!"},"","",{"$error":"#VALUE!"},{"$f":"SUM($H$14:$H50)","v":0}]
[{"$f":"IF(Values_Entered,A50+1,\"\")","v":""},"","","",{"$error":"#VALUE!"},{"$error":"#VALUE!"},"","",{"$error":"#VALUE!"},{"$f":"SUM($H$14:$H51)","v":0}]
[{"$f":"IF(Values_Entered,A51+1,\"\")","v":""},"","","",{"$error":"#VALUE!"},{"$error":"#VALUE!"},"","",{"$error":"#VALUE!"},{"$f":"SUM($H$14:$H52)","v":0}]
[{"$f":"IF(Values_Entered,A52+1,\"\")","v":""},"","","",{"$error":"#VALUE!"},{"$error":"#VALUE!"},"","",{"$error":"#VALUE!"},{"$f":"SUM($H$14:$H53)","v":0}]
[{"$f":"IF(Values_Entered,A53+1,\"\")","v":""},"","","",{"$error":"#VALUE!"},{"$error":"#VALUE!"},"","",{"$error":"#VALUE!"},{"$f":"SUM($H$14:$H54)","v":0}]
[{"$f":"IF(Values_Entered,A54+1,\"\")","v":""},"","","",{"$error":"#VALUE!"},{"$error":"#VALUE!"},"","",{"$error":"#VALUE!"},{"$f":"SUM($H$14:$H55)","v":0}]
[{"$f":"IF(Values_Entered,A55+1,\"\")","v":""},"","","",{"$error":"#VALUE!"},{"$error":"#VALUE!"},"","",{"$error":"#VALUE!"},{"$f":"SUM($H$14:$H56)","v":0}]
[{"$f":"IF(Values_Entered,A56+1,\"\")","v":""},"","","",{"$error":"#VALUE!"},{"$error":"#VALUE!"},"","",{"$error":"#VALUE!"},{"$f":"SUM($H$14:$H57)","v":0}]
[{"$f":"IF(Values_Entered,A57+1,\"\")","v":""},"","","",{"$error":"#VALUE!"},{"$error":"#VALUE!"},"","",{"$error":"#VALUE!"},{"$f":"SUM($H$14:$H58)","v":0}]
[{"$f":"IF(Values_Entered,A58+1,\"\")","v":""},"","","",{"$error":"#VALUE!"},{"$error":"#VALUE!"},"","",{"$error":"#VALUE!"},{"$f":"SUM($H$14:$H59)","v":0}]
[{"$f":"IF(Values_Entered,A59+1,\"\")","v":""},"","","",{"$error":"#VALUE!"},{"$error":"#VALUE!"},"","",{"$error":"#VALUE!"},{"$f":"SUM($H$14:$H60)","v":0}]
[{"$f":"IF(Values_Entered,A60+1,\"\")","v":""},"","","",{"$error":"#VALUE!"},{"$error":"#VALUE!"},"","",{"$error":"#VALUE!"},{"$f":"SUM($H$14:$H61)","v":0}]
[{"$f":"IF(Values_Entered,A61+1,\"\")","v":""},"","","",{"$error":"#VALUE!"},{"$error":"#VALUE!"},"","",{"$error":"#VALUE!"},{"$f":"SUM($H$14:$H62)","v":0}]
[{"$f":"IF(Values_Entered,A62+1,\"\")","v":""},"","","",{"$error":"#VALUE!"},{"$error":"#VALUE!"},"","",{"$error":"#VALUE!"},{"$f":"SUM($H$14:$H63)","v":0}]
[{"$f":"IF(Values_Entered,A63+1,\"\")","v":""},"","","",{"$error":"#VALUE!"},{"$error":"#VALUE!"},"","",{"$error":"#VALUE!"},{"$f":"SUM($H$14:$H64)","v":0}]
[{"$f":"IF(Values_Entered,A64+1,\"\")","v":""},"","","",{"$error":"#VALUE!"},{"$error":"#VALUE!"},"","",{"$error":"#VALUE!"},{"$f":"SUM($H$14:$H65)","v":0}]
[{"$f":"IF(Values_Entered,A65+1,\"\")","v":""},"","","",{"$error":"#VALUE!"},{"$error":"#VALUE!"},"","",{"$error":"#VALUE!"},{"$f":"SUM($H$14:$H66)","v":0}]
[{"$f":"IF(Values_Entered,A66+1,\"\")","v":""},"","","",{"$error":"#VALUE!"},{"$error":"#VALUE!"},"","",{"$error":"#VALUE!"},{"$f":"SUM($H$14:$H67)","v":0}]
[{"$f":"IF(Values_Entered,A67+1,\"\")","v":""},"","","",{"$error":"#VALUE!"},{"$error":"#VALUE!"},"","",{"$error":"#VALUE!"},{"$f":"SUM($H$14:$H68)","v":0}]
[{"$f":"IF(Values_Entered,A68+1,\"\")","v":""},"","","",{"$error":"#VALUE!"},{"$error":"#VALUE!"},"","",{"$error":"#VALUE!"},{"$f":"SUM($H$14:$H69)","v":0}]
[{"$f":"IF(Values_Entered,A69+1,\"\")","v":""},"","","",{"$error":"#VALUE!"},{"$error":"#VALUE!"},"","",{"$error":"#VALUE!"},{"$f":"SUM($H$14:$H70)","v":0}]
[{"$f":"IF(Values_Entered,A70+1,\"\")","v":""},"","","",{"$error":"#VALUE!"},{"$error":"#VALUE!"},"","",{"$error":"#VALUE!"},{"$f":"SUM($H$14:$H71)","v":0}]
[{"$f":"IF(Values_Entered,A71+1,\"\")","v":""},"","","",{"$error":"#VALUE!"},{"$error":"#VALUE!"},"","",{"$error":"#VALUE!"},{"$f":"SUM($H$14:$H72)","v":0}]
[{"$f":"IF(Values_Entered,A72+1,\"\")","v":""},"","","",{"$error":"#VALUE!"},{"$error":"#VALUE!"},"","",{"$error":"#VALUE!"},{"$f":"SUM($H$14:$H73)","v":0}]
[{"$f":"IF(Values_Entered,A73+1,\"\")","v":""},"","","",{"$error":"#VALUE!"},{"$error":"#VALUE!"},"","",{"$error":"#VALUE!"},{"$f":"SUM($H$14:$H74)","v":0}]
[{"$f":"IF(Values_Entered,A74+1,\"\")","v":""},"","","",{"$error":"#VALUE!"},{"$error":"#VALUE!"},"","",{"$error":"#VALUE!"},{"$f":"SUM($H$14:$H75)","v":0}]
[{"$f":"IF(Values_Entered,A75+1,\"\")","v":""},"","","",{"$error":"#VALUE!"},{"$error":"#VALUE!"},"","",{"$error":"#VALUE!"},{"$f":"SUM($H$14:$H76)","v":0}]
[{"$f":"IF(Values_Entered,A76+1,\"\")","v":""},"","","",{"$error":"#VALUE!"},{"$error":"#VALUE!"},"","",{"$error":"#VALUE!"},{"$f":"SUM($H$14:$H77)","v":0}]
[{"$f":"IF(Values_Entered,A77+1,\"\")","v":""},{"$f":"IF(Pay_Num<>\"\",DATE(YEAR(Loan_Start),MONTH(Loan_Start)+(Pay_Num)*12/Num_Pmt_Per_Year,DAY(Loan_Start)),\"\")","v":""},"","",{"$f":"IF(AND(Pay_Num<>\"\",Sched_Pay+Scheduled_Extra_Payments<Beg_Bal),Scheduled_Extra_Payments,IF(AND(Pay_Num<>\"\",Beg_Bal-Sched_Pay>0),Beg_Bal-Sched_Pay,IF(Pay_Num<>\"\",0,\"\")))","v":{"$error":"#VALUE!"}},{"$f":"IF(AND(Pay_Num<>\"\",Sched_Pay+Extra_Pay<Beg_Bal),Sched_Pay+Extra_Pay,IF(Pay_Num<>\"\",Beg_Bal,\"\"))","v":{"$error":"#VALUE!"}},"","",{"$f":"IF(AND(Pay_Num<>\"\",Sched_Pay+Extra_Pay<Beg_Bal),Beg_Bal-Princ,IF(Pay_Num<>\"\",0,\"\"))","v":{"$error":"#VALUE!"}},{"$f":"SUM($H$14:$H78)","v":0}]
[{"$f":"IF(Values_Entered,A78+1,\"\")","v":""},"",{"$f":"IF(Pay_Num<>\"\",I78,\"\")","v":""},"",{"$error":"#VALUE!"},{"$error":"#VALUE!"},{"$f":"IF(Pay_Num<>\"\",Total_Pay-Int,\"\")","v":""},{"$f":"IF(Pay_Num<>\"\",Beg_Bal*Interest_Rate/Num_Pmt_Per_Year,\"\")","v":""},{"$error":"#VALUE!"},{"$f":"SUM($H$14:$H79)","v":0}]
[{"$f":"IF(Values_Entered,A79+1,\"\")","v":""},"","",{"$f":"IF(Pay_Num<>\"\",Scheduled_Monthly_Payment,\"\")","v":""},{"$error":"#VALUE!"},{"$error":"#VALUE!"},"","",{"$error":"#VALUE!"},{"$f":"SUM($H$14:$H80)","v":0}]
[{"$f":"IF(Values_Entered,A80+1,\"\")","v":""},"","","",{"$error":"#VALUE!"},{"$error":"#VALUE!"},"","",{"$error":"#VALUE!"},{"$f":"SUM($H$14:$H81)","v":0}]
[{"$f":"IF(Values_Entered,A81+1,\"\")","v":""},"","","",{"$error":"#VALUE!"},{"$error":"#VALUE!"},"","",{"$error":"#VALUE!"},{"$f":"SUM($H$14:$H82)","v":0}]
[{"$f":"IF(Values_Entered,A82+1,\"\")","v":""},"","","",{"$error":"#VALUE!"},{"$error":"#VALUE!"},"","",{"$error":"#VALUE!"},{"$f":"SUM($H$14:$H83)","v":0}]
[{"$f":"IF(Values_Entered,A83+1,\"\")","v":""},"","","",{"$error":"#VALUE!"},{"$error":"#VALUE!"},"","",{"$error":"#VALUE!"},{"$f":"SUM($H$14:$H84)","v":0}]
[{"$f":"IF(Values_Entered,A84+1,\"\")","v":""},"","","",{"$error":"#VALUE!"},{"$error":"#VALUE!"},"","",{"$error":"#VALUE!"},{"$f":"SUM($H$14:$H85)","v":0}]
[{"$f":"IF(Values_Entered,A85+1,\"\")","v":""},"","","",{"$error":"#VALUE!"},{"$error":"#VALUE!"},"","",{"$error":"#VALUE!"},{"$f":"SUM($H$14:$H86)","v":0}]
[{"$f":"IF(Values_Entered,A86+1,\"\")","v":""},"","","",{"$error":"#VALUE!"},{"$error":"#VALUE!"},"","",{"$error":"#VALUE!"},{"$f":"SUM($H$14:$H87)","v":0}]
[{"$f":"IF(Values_Entered,A87+1,\"\")","v":""},"","","",{"$error":"#VALUE!"},{"$error":"#VALUE!"},"","",{"$error":"#VALUE!"},{"$f":"SUM($H$14:$H88)","v":0}]
[{"$f":"IF(Values_Entered,A88+1,\"\")","v":""},"","","",{"$error":"#VALUE!"},{"$error":"#VALUE!"},"","",{"$error":"#VALUE!"},{"$f":"SUM($H$14:$H89)","v":0}]
[{"$f":"IF(Values_Entered,A89+1,\"\")","v":""},"","","",{"$error":"#VALUE!"},{"$error":"#VALUE!"},"","",{"$error":"#VALUE!"},{"$f":"SUM($H$14:$H90)","v":0}]
[{"$f":"IF(Values_Entered,A90+1,\"\")","v":""},"","","",{"$error":"#VALUE!"},{"$error":"#VALUE!"},"","",{"$error":"#VALUE!"},{"$f":"SUM($H$14:$H91)","v":0}]
[{"$f":"IF(Values_Entered,A91+1,\"\")","v":""},"","","",{"$error":"#VALUE!"},{"$error":"#VALUE!"},"","",{"$error":"#VALUE!"},{"$f":"SUM($H$14:$H92)","v":0}]
[{"$f":"IF(Values_Entered,A92+1,\"\")","v":""},"","","",{"$error":"#VALUE!"},{"$error":"#VALUE!"},"","",{"$error":"#VALUE!"},{"$f":"SUM($H$14:$H93)","v":0}]
[{"$f":"IF(Values_Entered,A93+1,\"\")","v":""},"","","",{"$error":"#VALUE!"},{"$error":"#VALUE!"},"","",{"$error":"#VALUE!"},{"$f":"SUM($H$14:$H94)","v":0}]
[{"$f":"IF(Values_Entered,A94+1,\"\")","v":""},"","","",{"$error":"#VALUE!"},{"$error":"#VALUE!"},"","",{"$error":"#VALUE!"},{"$f":"SUM($H$14:$H95)","v":0}]
[{"$f":"IF(Values_Entered,A95+1,\"\")","v":""},"","","",{"$error":"#VALUE!"},{"$error":"#VALUE!"},"","",{"$error":"#VALUE!"},{"$f":"SUM($H$14:$H96)","v":0}]
[{"$f":"IF(Values_Entered,A96+1,\"\")","v":""},"","","",{"$error":"#VALUE!"},{"$error":"#VALUE!"},"","",{"$error":"#VALUE!"},{"$f":"SUM($H$14:$H97)","v":0}]
[{"$f":"IF(Values_Entered,A97+1,\"\")","v":""},"","","",{"$error":"#VALUE!"},{"$error":"#VALUE!"},"","",{"$error":"#VALUE!"},{"$f":"SUM($H$14:$H98)","v":0}]
[{"$f":"IF(Values_Entered,A98+1,\"\")","v":""},"","","",{"$error":"#VALUE!"},{"$error":"#VALUE!"},"","",{"$error":"#VALUE!"},{"$f":"SUM($H$14:$H99)","v":0}]
[{"$f":"IF(Values_Entered,A99+1,\"\")","v":""},"","","",{"$error":"#VALUE!"},{"$error":"#VALUE!"},"","",{"$error":"#VALUE!"},{"$f":"SUM($H$14:$H100)","v":0}]
[{"$f":"IF(Values_Entered,A100+1,\"\")","v":""},"","","",{"$error":"#VALUE!"},{"$error":"#VALUE!"},"","",{"$error":"#VALUE!"},{"$f":"SUM($H$14:$H101)","v":0}]
[{"$f":"IF(Values_Entered,A101+1,\"\")","v":""},"","","",{"$error":"#VALUE!"},{"$error":"#VALUE!"},"","",{"$error":"#VALUE!"},{"$f":"SUM($H$14:$H102)","v":0}]
[{"$f":"IF(Values_Entered,A102+1,\"\")","v":""},"","","",{"$error":"#VALUE!"},{"$error":"#VALUE!"},"","",{"$error":"#VALUE!"},{"$f":"SUM($H$14:$H103)","v":0}]
[{"$f":"IF(Values_Entered,A103+1,\"\")","v":""},"","","",{"$error":"#VALUE!"},{"$error":"#VALUE!"},"","",{"$error":"#VALUE!"},{"$f":"SUM($H$14:$H104)","v":0}]
[{"$f":"IF(Values_Entered,A104+1,\"\")","v":""},"","","",{"$error":"#VALUE!"},{"$error":"#VALUE!"},"","",{"$error":"#VALUE!"},{"$f":"SUM($H$14:$H105)","v":0}]
[{"$f":"IF(Values_Entered,A105+1,\"\")","v":""},"","","",{"$error":"#VALUE!"},{"$error":"#VALUE!"},"","",{"$error":"#VALUE!"},{"$f":"SUM($H$14:$H106)","v":0}]
[{"$f":"IF(Values_Entered,A106+1,\"\")","v":""},"","","",{"$error":"#VALUE!"},{"$error":"#VALUE!"},"","",{"$error":"#VALUE!"},{"$f":"SUM($H$14:$H107)","v":0}]
[{"$f":"IF(Values_Entered,A107+1,\"\")","v":""},"","","",{"$error":"#VALUE!"},{"$error":"#VALUE!"},"","",{"$error":"#VALUE!"},{"$f":"SUM($H$14:$H108)","v":0}]
[{"$f":"IF(Values_Entered,A108+1,\"\")","v":""},"","","",{"$error":"#VALUE!"},{"$error":"#VALUE!"},"","",{"$error":"#VALUE!"},{"$f":"SUM($H$14:$H109)","v":0}]
[{"$f":"IF(Values_Entered,A109+1,\"\")","v":""},"","","",{"$error":"#VALUE!"},{"$error":"#VALUE!"},"","",{"$error":"#VALUE!"},{"$f":"SUM($H$14:$H110)","v":0}]
[{"$f":"IF(Values_Entered,A110+1,\"\")","v":""},"","","",{"$error":"#VALUE!"},{"$error":"#VALUE!"},"","",{"$error":"#VALUE!"},{"$f":"SUM($H$14:$H111)","v":0}]
[{"$f":"IF(Values_Entered,A111+1,\"\")","v":""},"","","",{"$error":"#VALUE!"},{"$error":"#VALUE!"},"","",{"$error":"#VALUE!"},{"$f":"SUM($H$14:$H112)","v":0}]
[{"$f":"IF(Values_Entered,A112+1,\"\")","v":""},"","","",{"$error":"#VALUE!"},{"$error":"#VALUE!"},"","",{"$error":"#VALUE!"},{"$f":"SUM($H$14:$H113)","v":0}]
[{"$f":"IF(Values_Entered,A113+1,\"\")","v":""},"","","",{"$error":"#VALUE!"},{"$error":"#VALUE!"},"","",{"$error":"#VALUE!"},{"$f":"SUM($H$14:$H114)","v":0}]
[{"$f":"IF(Values_Entered,A114+1,\"\")","v":""},"","","",{"$error":"#VALUE!"},{"$error":"#VALUE!"},"","",{"$error":"#VALUE!"},{"$f":"SUM($H$14:$H115)","v":0}]
[{"$f":"IF(Values_Entered,A115+1,\"\")","v":""},"","","",{"$error":"#VALUE!"},{"$error":"#VALUE!"},"","",{"$error":"#VALUE!"},{"$f":"SUM($H$14:$H116)","v":0}]
[{"$f":"IF(Values_Entered,A116+1,\"\")","v":""},"","","",{"$error":"#VALUE!"},{"$error":"#VALUE!"},"","",{"$error":"#VALUE!"},{"$f":"SUM($H$14:$H117)","v":0}]
[{"$f":"IF(Values_Entered,A117+1,\"\")","v":""},"","","",{"$error":"#VALUE!"},{"$error":"#VALUE!"},"","",{"$error":"#VALUE!"},{"$f":"SUM($H$14:$H118)","v":0}]
[{"$f":"IF(Values_Entered,A118+1,\"\")","v":""},"","","",{"$error":"#VALUE!"},{"$error":"#VALUE!"},"","",{"$error":"#VALUE!"},{"$f":"SUM($H$14:$H119)","v":0}]
[{"$f":"IF(Values_Entered,A119+1,\"\")","v":""},"","","",{"$error":"#VALUE!"},{"$error":"#VALUE!"},"","",{"$error":"#VALUE!"},{"$f":"SUM($H$14:$H120)","v":0}]
[{"$f":"IF(Values_Entered,A120+1,\"\")","v":""},"","","",{"$error":"#VALUE!"},{"$error":"#VALUE!"},"","",{"$error":"#VALUE!"},{"$f":"SUM($H$14:$H121)","v":0}]
[{"$f":"IF(Values_Entered,A121+1,\"\")","v":""},"","","",{"$error":"#VALUE!"},{"$error":"#VALUE!"},"","",{"$error":"#VALUE!"},{"$f":"SUM($H$14:$H122)","v":0}]
[{"$f":"IF(Values_Entered,A122+1,\"\")","v":""},"","","",{"$error":"#VALUE!"},{"$error":"#VALUE!"},"","",{"$error":"#VALUE!"},{"$f":"SUM($H$14:$H123)","v":0}]
[{"$f":"IF(Values_Entered,A123+1,\"\")","v":""},"","","",{"$error":"#VALUE!"},{"$error":"#VALUE!"},"","",{"$error":"#VALUE!"},{"$f":"SUM($H$14:$H124)","v":0}]
[{"$f":"IF(Values_Entered,A124+1,\"\")","v":""},"","","",{"$error":"#VALUE!"},{"$error":"#VALUE!"},"","",{"$error":"#VALUE!"},{"$f":"SUM($H$14:$H125)","v":0}]
[{"$f":"IF(Values_Entered,A125+1,\"\")","v":""},"","","",{"$error":"#VALUE!"},{"$error":"#VALUE!"},"","",{"$error":"#VALUE!"},{"$f":"SUM($H$14:$H126)","v":0}]
[{"$f":"IF(Values_Entered,A126+1,\"\")","v":""},"","","",{"$error":"#VALUE!"},{"$error":"#VALUE!"},"","",{"$error":"#VALUE!"},{"$f":"SUM($H$14:$H127)","v":0}]
[{"$f":"IF(Values_Entered,A127+1,\"\")","v":""},"","","",{"$error":"#VALUE!"},{"$error":"#VALUE!"},"","",{"$error":"#VALUE!"},{"$f":"SUM($H$14:$H128)","v":0}]
[{"$f":"IF(Values_Entered,A128+1,\"\")","v":""},"","","",{"$error":"#VALUE!"},{"$error":"#VALUE!"},"","",{"$error":"#VALUE!"},{"$f":"SUM($H$14:$H129)","v":0}]
[{"$f":"IF(Values_Entered,A129+1,\"\")","v":""},"","","",{"$error":"#VALUE!"},{"$error":"#VALUE!"},"","",{"$error":"#VALUE!"},{"$f":"SUM($H$14:$H130)","v":0}]
[{"$f":"IF(Values_Entered,A130+1,\"\")","v":""},"","","",{"$error":"#VALUE!"},{"$error":"#VALUE!"},"","",{"$error":"#VALUE!"},{"$f":"SUM($H$14:$H131)","v":0}]
[{"$f":"IF(Values_Entered,A131+1,\"\")","v":""},"","","",{"$error":"#VALUE!"},{"$error":"#VALUE!"},"","",{"$error":"#VALUE!"},{"$f":"SUM($H$14:$H132)","v":0}]
[{"$f":"IF(Values_Entered,A132+1,\"\")","v":""},"","","",{"$error":"#VALUE!"},{"$error":"#VALUE!"},"","",{"$error":"#VALUE!"},{"$f":"SUM($H$14:$H133)","v":0}]
[{"$f":"IF(Values_Entered,A133+1,\"\")","v":""},"","","",{"$error":"#VALUE!"},{"$error":"#VALUE!"},"","",{"$error":"#VALUE!"},{"$f":"SUM($H$14:$H134)","v":0}]
[{"$f":"IF(Values_Entered,A134+1,\"\")","v":""},"","","",{"$error":"#VALUE!"},{"$error":"#VALUE!"},"","",{"$error":"#VALUE!"},{"$f":"SUM($H$14:$H135)","v":0}]
[{"$f":"IF(Values_Entered,A135+1,\"\")","v":""},"","","",{"$error":"#VALUE!"},{"$error":"#VALUE!"},"","",{"$error":"#VALUE!"},{"$f":"SUM($H$14:$H136)","v":0}]
[{"$f":"IF(Values_Entered,A136+1,\"\")","v":""},"","","",{"$error":"#VALUE!"},{"$error":"#VALUE!"},"","",{"$error":"#VALUE!"},{"$f":"SUM($H$14:$H137)","v":0}]
[{"$f":"IF(Values_Entered,A137+1,\"\")","v":""},"","","",{"$error":"#VALUE!"},{"$error":"#VALUE!"},"","",{"$error":"#VALUE!"},{"$f":"SUM($H$14:$H138)","v":0}]
[{"$f":"IF(Values_Entered,A138+1,\"\")","v":""},"","","",{"$error":"#VALUE!"},{"$error":"#VALUE!"},"","",{"$error":"#VALUE!"},{"$f":"SUM($H$14:$H139)","v":0}]
[{"$f":"IF(Values_Entered,A139+1,\"\")","v":""},"","","",{"$error":"#VALUE!"},{"$error":"#VALUE!"},"","",{"$error":"#VALUE!"},{"$f":"SUM($H$14:$H140)","v":0}]
[{"$f":"IF(Values_Entered,A140+1,\"\")","v":""},"","","",{"$error":"#VALUE!"},{"$error":"#VALUE!"},"","",{"$error":"#VALUE!"},{"$f":"SUM($H$14:$H141)","v":0}]
[{"$f":"IF(Values_Entered,A141+1,\"\")","v":""},{"$f":"IF(Pay_Num<>\"\",DATE(YEAR(Loan_Start),MONTH(Loan_Start)+(Pay_Num)*12/Num_Pmt_Per_Year,DAY(Loan_Start)),\"\")","v":""},"","",{"$f":"IF(AND(Pay_Num<>\"\",Sched_Pay+Scheduled_Extra_Payments<Beg_Bal),Scheduled_Extra_Payments,IF(AND(Pay_Num<>\"\",Beg_Bal-Sched_Pay>0),Beg_Bal-Sched_Pay,IF(Pay_Num<>\"\",0,\"\")))","v":{"$error":"#VALUE!"}},{"$f":"IF(AND(Pay_Num<>\"\",Sched_Pay+Extra_Pay<Beg_Bal),Sched_Pay+Extra_Pay,IF(Pay_Num<>\"\",Beg_Bal,\"\"))","v":{"$error":"#VALUE!"}},"","",{"$f":"IF(AND(Pay_Num<>\"\",Sched_Pay+Extra_Pay<Beg_Bal),Beg_Bal-Princ,IF(Pay_Num<>\"\",0,\"\"))","v":{"$error":"#VALUE!"}},{"$f":"SUM($H$14:$H142)","v":0}]
[{"$f":"IF(Values_Entered,A142+1,\"\")","v":""},"",{"$f":"IF(Pay_Num<>\"\",I142,\"\")","v":""},"",{"$error":"#VALUE!"},{"$error":"#VALUE!"},{"$f":"IF(Pay_Num<>\"\",Total_Pay-Int,\"\")","v":""},{"$f":"IF(Pay_Num<>\"\",Beg_Bal*Interest_Rate/Num_Pmt_Per_Year,\"\")","v":""},{"$error":"#VALUE!"},{"$f":"SUM($H$14:$H143)","v":0}]
[{"$f":"IF(Values_Entered,A143+1,\"\")","v":""},"","",{"$f":"IF(Pay_Num<>\"\",Scheduled_Monthly_Payment,\"\")","v":""},{"$error":"#VALUE!"},{"$error":"#VALUE!"},"","",{"$error":"#VALUE!"},{"$f":"SUM($H$14:$H144)","v":0}]
[{"$f":"IF(Values_Entered,A144+1,\"\")","v":""},"","","",{"$error":"#VALUE!"},{"$error":"#VALUE!"},"","",{"$error":"#VALUE!"},{"$f":"SUM($H$14:$H145)","v":0}]
[{"$f":"IF(Values_Entered,A145+1,\"\")","v":""},"","","",{"$error":"#VALUE!"},{"$error":"#VALUE!"},"","",{"$error":"#VALUE!"},{"$f":"SUM($H$14:$H146)","v":0}]
[{"$f":"IF(Values_Entered,A146+1,\"\")","v":""},"","","",{"$error":"#VALUE!"},{"$error":"#VALUE!"},"","",{"$error":"#VALUE!"},{"$f":"SUM($H$14:$H147)","v":0}]
[{"$f":"IF(Values_Entered,A147+1,\"\")","v":""},"","","",{"$error":"#VALUE!"},{"$error":"#VALUE!"},"","",{"$error":"#VALUE!"},{"$f":"SUM($H$14:$H148)","v":0}]
[{"$f":"IF(Values_Entered,A148+1,\"\")","v":""},"","","",{"$error":"#VALUE!"},{"$error":"#VALUE!"},"","",{"$error":"#VALUE!"},{"$f":"SUM($H$14:$H149)","v":0}]
[{"$f":"IF(Values_Entered,A149+1,\"\")","v":""},"","","",{"$error":"#VALUE!"},{"$error":"#VALUE!"},"","",{"$error":"#VALUE!"},{"$f":"SUM($H$14:$H150)","v":0}]
[{"$f":"IF(Values_Entered,A150+1,\"\")","v":""},"","","",{"$error":"#VALUE!"},{"$error":"#VALUE!"},"","",{"$error":"#VALUE!"},{"$f":"SUM($H$14:$H151)","v":0}]
[{"$f":"IF(Values_Entered,A151+1,\"\")","v":""},"","","",{"$error":"#VALUE!"},{"$error":"#VALUE!"},"","",{"$error":"#VALUE!"},{"$f":"SUM($H$14:$H152)","v":0}]
[{"$f":"IF(Values_Entered,A152+1,\"\")","v":""},"","","",{"$error":"#VALUE!"},{"$error":"#VALUE!"},"","",{"$error":"#VALUE!"},{"$f":"SUM($H$14:$H153)","v":0}]
[{"$f":"IF(Values_Entered,A153+1,\"\")","v":""},"","","",{"$error":"#VALUE!"},{"$error":"#VALUE!"},"","",{"$error":"#VALUE!"},{"$f":"SUM($H$14:$H154)","v":0}]
[{"$f":"IF(Values_Entered,A154+1,\"\")","v":""},"","","",{"$error":"#VALUE!"},{"$error":"#VALUE!"},"","",{"$error":"#VALUE!"},{"$f":"SUM($H$14:$H155)","v":0}]
[{"$f":"IF(Values_Entered,A155+1,\"\")","v":""},"","","",{"$error":"#VALUE!"},{"$error":"#VALUE!"},"","",{"$error":"#VALUE!"},{"$f":"SUM($H$14:$H156)","v":0}]
[{"$f":"IF(Values_Entered,A156+1,\"\")","v":""},"","","",{"$error":"#VALUE!"},{"$error":"#VALUE!"},"","",{"$error":"#VALUE!"},{"$f":"SUM($H$14:$H157)","v":0}]
[{"$f":"IF(Values_Entered,A157+1,\"\")","v":""},"","","",{"$error":"#VALUE!"},{"$error":"#VALUE!"},"","",{"$error":"#VALUE!"},{"$f":"SUM($H$14:$H158)","v":0}]
[{"$f":"IF(Values_Entered,A158+1,\"\")","v":""},"","","",{"$error":"#VALUE!"},{"$error":"#VALUE!"},"","",{"$error":"#VALUE!"},{"$f":"SUM($H$14:$H159)","v":0}]
[{"$f":"IF(Values_Entered,A159+1,\"\")","v":""},"","","",{"$error":"#VALUE!"},{"$error":"#VALUE!"},"","",{"$error":"#VALUE!"},{"$f":"SUM($H$14:$H160)","v":0}]
[{"$f":"IF(Values_Entered,A160+1,\"\")","v":""},"","","",{"$error":"#VALUE!"},{"$error":"#VALUE!"},"","",{"$error":"#VALUE!"},{"$f":"SUM($H$14:$H161)","v":0}]
[{"$f":"IF(Values_Entered,A161+1,\"\")","v":""},"","","",{"$error":"#VALUE!"},{"$error":"#VALUE!"},"","",{"$error":"#VALUE!"},{"$f":"SUM($H$14:$H162)","v":0}]
[{"$f":"IF(Values_Entered,A162+1,\"\")","v":""},"","","",{"$error":"#VALUE!"},{"$error":"#VALUE!"},"","",{"$error":"#VALUE!"},{"$f":"SUM($H$14:$H163)","v":0}]
[{"$f":"IF(Values_Entered,A163+1,\"\")","v":""},"","","",{"$error":"#VALUE!"},{"$error":"#VALUE!"},"","",{"$error":"#VALUE!"},{"$f":"SUM($H$14:$H164)","v":0}]
[{"$f":"IF(Values_Entered,A164+1,\"\")","v":""},"","","",{"$error":"#VALUE!"},{"$error":"#VALUE!"},"","",{"$error":"#VALUE!"},{"$f":"SUM($H$14:$H165)","v":0}]
[{"$f":"IF(Values_Entered,A165+1,\"\")","v":""},"","","",{"$error":"#VALUE!"},{"$error":"#VALUE!"},"","",{"$error":"#VALUE!"},{"$f":"SUM($H$14:$H166)","v":0}]
[{"$f":"IF(Values_Entered,A166+1,\"\")","v":""},"","","",{"$error":"#VALUE!"},{"$error":"#VALUE!"},"","",{"$error":"#VALUE!"},{"$f":"SUM($H$14:$H167)","v":0}]
[{"$f":"IF(Values_Entered,A167+1,\"\")","v":""},"","","",{"$error":"#VALUE!"},{"$error":"#VALUE!"},"","",{"$error":"#VALUE!"},{"$f":"SUM($H$14:$H168)","v":0}]
[{"$f":"IF(Values_Entered,A168+1,\"\")","v":""},"","","",{"$error":"#VALUE!"},{"$error":"#VALUE!"},"","",{"$error":"#VALUE!"},{"$f":"SUM($H$14:$H169)","v":0}]
[{"$f":"IF(Values_Entered,A169+1,\"\")","v":""},"","","",{"$error":"#VALUE!"},{"$error":"#VALUE!"},"","",{"$error":"#VALUE!"},{"$f":"SUM($H$14:$H170)","v":0}]
[{"$f":"IF(Values_Entered,A170+1,\"\")","v":""},"","","",{"$error":"#VALUE!"},{"$error":"#VALUE!"},"","",{"$error":"#VALUE!"},{"$f":"SUM($H$14:$H171)","v":0}]
[{"$f":"IF(Values_Entered,A171+1,\"\")","v":""},"","","",{"$error":"#VALUE!"},{"$error":"#VALUE!"},"","",{"$error":"#VALUE!"},{"$f":"SUM($H$14:$H172)","v":0}]
[{"$f":"IF(Values_Entered,A172+1,\"\")","v":""},"","","",{"$error":"#VALUE!"},{"$error":"#VALUE!"},"","",{"$error":"#VALUE!"},{"$f":"SUM($H$14:$H173)","v":0}]
[{"$f":"IF(Values_Entered,A173+1,\"\")","v":""},"","","",{"$error":"#VALUE!"},{"$error":"#VALUE!"},"","",{"$error":"#VALUE!"},{"$f":"SUM($H$14:$H174)","v":0}]
[{"$f":"IF(Values_Entered,A174+1,\"\")","v":""},"","","",{"$error":"#VALUE!"},{"$error":"#VALUE!"},"","",{"$error":"#VALUE!"},{"$f":"SUM($H$14:$H175)","v":0}]
[{"$f":"IF(Values_Entered,A175+1,\"\")","v":""},"","","",{"$error":"#VALUE!"},{"$error":"#VALUE!"},"","",{"$error":"#VALUE!"},{"$f":"SUM($H$14:$H176)","v":0}]
[{"$f":"IF(Values_Entered,A176+1,\"\")","v":""},"","","",{"$error":"#VALUE!"},{"$error":"#VALUE!"},"","",{"$error":"#VALUE!"},{"$f":"SUM($H$14:$H177)","v":0}]
[{"$f":"IF(Values_Entered,A177+1,\"\")","v":""},"","","",{"$error":"#VALUE!"},{"$error":"#VALUE!"},"","",{"$error":"#VALUE!"},{"$f":"SUM($H$14:$H178)","v":0}]
[{"$f":"IF(Values_Entered,A178+1,\"\")","v":""},"","","",{"$error":"#VALUE!"},{"$error":"#VALUE!"},"","",{"$error":"#VALUE!"},{"$f":"SUM($H$14:$H179)","v":0}]
[{"$f":"IF(Values_Entered,A179+1,\"\")","v":""},"","","",{"$error":"#VALUE!"},{"$error":"#VALUE!"},"","",{"$error":"#VALUE!"},{"$f":"SUM($H$14:$H180)","v":0}]
[{"$f":"IF(Values_Entered,A180+1,\"\")","v":""},"","","",{"$error":"#VALUE!"},{"$error":"#VALUE!"},"","",{"$error":"#VALUE!"},{"$f":"SUM($H$14:$H181)","v":0}]
[{"$f":"IF(Values_Entered,A181+1,\"\")","v":""},"","","",{"$error":"#VALUE!"},{"$error":"#VALUE!"},"","",{"$error":"#VALUE!"},{"$f":"SUM($H$14:$H182)","v":0}]
[{"$f":"IF(Values_Entered,A182+1,\"\")","v":""},"","","",{"$error":"#VALUE!"},{"$error":"#VALUE!"},"","",{"$error":"#VALUE!"},{"$f":"SUM($H$14:$H183)","v":0}]
[{"$f":"IF(Values_Entered,A183+1,\"\")","v":""},"","","",{"$error":"#VALUE!"},{"$error":"#VALUE!"},"","",{"$error":"#VALUE!"},{"$f":"SUM($H$14:$H184)","v":0}]
[{"$f":"IF(Values_Entered,A184+1,\"\")","v":""},"","","",{"$error":"#VALUE!"},{"$error":"#VALUE!"},"","",{"$error":"#VALUE!"},{"$f":"SUM($H$14:$H185)","v":0}]
[{"$f":"IF(Values_Entered,A185+1,\"\")","v":""},"","","",{"$error":"#VALUE!"},{"$error":"#VALUE!"},"","",{"$error":"#VALUE!"},{"$f":"SUM($H$14:$H186)","v":0}]
[{"$f":"IF(Values_Entered,A186+1,\"\")","v":""},"","","",{"$error":"#VALUE!"},{"$error":"#VALUE!"},"","",{"$error":"#VALUE!"},{"$f":"SUM($H$14:$H187)","v":0}]
[{"$f":"IF(Values_Entered,A187+1,\"\")","v":""},"","","",{"$error":"#VALUE!"},{"$error":"#VALUE!"},"","",{"$error":"#VALUE!"},{"$f":"SUM($H$14:$H188)","v":0}]
[{"$f":"IF(Values_Entered,A188+1,\"\")","v":""},"","","",{"$error":"#VALUE!"},{"$error":"#VALUE!"},"","",{"$error":"#VALUE!"},{"$f":"SUM($H$14:$H189)","v":0}]
[{"$f":"IF(Values_Entered,A189+1,\"\")","v":""},"","","",{"$error":"#VALUE!"},{"$error":"#VALUE!"},"","",{"$error":"#VALUE!"},{"$f":"SUM($H$14:$H190)","v":0}]
[{"$f":"IF(Values_Entered,A190+1,\"\")","v":""},"","","",{"$error":"#VALUE!"},{"$error":"#VALUE!"},"","",{"$error":"#VALUE!"},{"$f":"SUM($H$14:$H191)","v":0}]
[{"$f":"IF(Values_Entered,A191+1,\"\")","v":""},"","","",{"$error":"#VALUE!"},{"$error":"#VALUE!"},"","",{"$error":"#VALUE!"},{"$f":"SUM($H$14:$H192)","v":0}]
[{"$f":"IF(Values_Entered,A192+1,\"\")","v":""},"","","",{"$error":"#VALUE!"},{"$error":"#VALUE!"},"","",{"$error":"#VALUE!"},{"$f":"SUM($H$14:$H193)","v":0}]
[{"$f":"IF(Values_Entered,A193+1,\"\")","v":""},"","","",{"$error":"#VALUE!"},{"$error":"#VALUE!"},"","",{"$error":"#VALUE!"},{"$f":"SUM($H$14:$H194)","v":0}]
[{"$f":"IF(Values_Entered,A194+1,\"\")","v":""},"","","",{"$error":"#VALUE!"},{"$error":"#VALUE!"},"","",{"$error":"#VALUE!"},{"$f":"SUM($H$14:$H195)","v":0}]
[{"$f":"IF(Values_Entered,A195+1,\"\")","v":""},"","","",{"$error":"#VALUE!"},{"$error":"#VALUE!"},"","",{"$error":"#VALUE!"},{"$f":"SUM($H$14:$H196)","v":0}]
[{"$f":"IF(Values_Entered,A196+1,\"\")","v":""},"","","",{"$error":"#VALUE!"},{"$error":"#VALUE!"},"","",{"$error":"#VALUE!"},{"$f":"SUM($H$14:$H197)","v":0}]
[{"$f":"IF(Values_Entered,A197+1,\"\")","v":""},"","","",{"$error":"#VALUE!"},{"$error":"#VALUE!"},"","",{"$error":"#VALUE!"},{"$f":"SUM($H$14:$H198)","v":0}]
[{"$f":"IF(Values_Entered,A198+1,\"\")","v":""},"","","",{"$error":"#VALUE!"},{"$error":"#VALUE!"},"","",{"$error":"#VALUE!"},{"$f":"SUM($H$14:$H199)","v":0}]
[{"$f":"IF(Values_Entered,A199+1,\"\")","v":""},"","","",{"$error":"#VALUE!"},{"$error":"#VALUE!"},"","",{"$error":"#VALUE!"},{"$f":"SUM($H$14:$H200)","v":0}]
[{"$f":"IF(Values_Entered,A200+1,\"\")","v":""},"","","",{"$error":"#VALUE!"},{"$error":"#VALUE!"},"","",{"$error":"#VALUE!"},{"$f":"SUM($H$14:$H201)","v":0}]
[{"$f":"IF(Values_Entered,A201+1,\"\")","v":""},"","","",{"$error":"#VALUE!"},{"$error":"#VALUE!"},"","",{"$error":"#VALUE!"},{"$f":"SUM($H$14:$H202)","v":0}]
[{"$f":"IF(Values_Entered,A202+1,\"\")","v":""},"","","",{"$error":"#VALUE!"},{"$error":"#VALUE!"},"","",{"$error":"#VALUE!"},{"$f":"SUM($H$14:$H203)","v":0}]
[{"$f":"IF(Values_Entered,A203+1,\"\")","v":""},"","","",{"$error":"#VALUE!"},{"$error":"#VALUE!"},"","",{"$error":"#VALUE!"},{"$f":"SUM($H$14:$H204)","v":0}]
[{"$f":"IF(Values_Entered,A204+1,\"\")","v":""},"","","",{"$error":"#VALUE!"},{"$error":"#VALUE!"},"","",{"$error":"#VALUE!"},{"$f":"SUM($H$14:$H205)","v":0}]
[{"$f":"IF(Values_Entered,A205+1,\"\")","v":""},{"$f":"IF(Pay_Num<>\"\",DATE(YEAR(Loan_Start),MONTH(Loan_Start)+(Pay_Num)*12/Num_Pmt_Per_Year,DAY(Loan_Start)),\"\")","v":""},"","",{"$f":"IF(AND(Pay_Num<>\"\",Sched_Pay+Scheduled_Extra_Payments<Beg_Bal),Scheduled_Extra_Payments,IF(AND(Pay_Num<>\"\",Beg_Bal-Sched_Pay>0),Beg_Bal-Sched_Pay,IF(Pay_Num<>\"\",0,\"\")))","v":{"$error":"#VALUE!"}},{"$f":"IF(AND(Pay_Num<>\"\",Sched_Pay+Extra_Pay<Beg_Bal),Sched_Pay+Extra_Pay,IF(Pay_Num<>\"\",Beg_Bal,\"\"))","v":{"$error":"#VALUE!"}},"","",{"$f":"IF(AND(Pay_Num<>\"\",Sched_Pay+Extra_Pay<Beg_Bal),Beg_Bal-Princ,IF(Pay_Num<>\"\",0,\"\"))","v":{"$error":"#VALUE!"}},{"$f":"SUM($H$14:$H206)","v":0}]
[{"$f":"IF(Values_Entered,A206+1,\"\")","v":""},"",{"$f":"IF(Pay_Num<>\"\",I206,\"\")","v":""},"",{"$error":"#VALUE!"},{"$error":"#VALUE!"},{"$f":"IF(Pay_Num<>\"\",Total_Pay-Int,\"\")","v":""},{"$f":"IF(Pay_Num<>\"\",Beg_Bal*Interest_Rate/Num_Pmt_Per_Year,\"\")","v":""},{"$error":"#VALUE!"},{"$f":"SUM($H$14:$H207)","v":0}]
[{"$f":"IF(Values_Entered,A207+1,\"\")","v":""},"","",{"$f":"IF(Pay_Num<>\"\",Scheduled_Monthly_Payment,\"\")","v":""},{"$error":"#VALUE!"},{"$error":"#VALUE!"},"","",{"$error":"#VALUE!"},{"$f":"SUM($H$14:$H208)","v":0}]
[{"$f":"IF(Values_Entered,A208+1,\"\")","v":""},"","","",{"$error":"#VALUE!"},{"$error":"#VALUE!"},"","",{"$error":"#VALUE!"},{"$f":"SUM($H$14:$H209)","v":0}]
[{"$f":"IF(Values_Entered,A209+1,\"\")","v":""},"","","",{"$error":"#VALUE!"},{"$error":"#VALUE!"},"","",{"$error":"#VALUE!"},{"$f":"SUM($H$14:$H210)","v":0}]
[{"$f":"IF(Values_Entered,A210+1,\"\")","v":""},"","","",{"$error":"#VALUE!"},{"$error":"#VALUE!"},"","",{"$error":"#VALUE!"},{"$f":"SUM($H$14:$H211)","v":0}]
[{"$f":"IF(Values_Entered,A211+1,\"\")","v":""},"","","",{"$error":"#VALUE!"},{"$error":"#VALUE!"},"","",{"$error":"#VALUE!"},{"$f":"SUM($H$14:$H212)","v":0}]
[{"$f":"IF(Values_Entered,A212+1,\"\")","v":""},"","","",{"$error":"#VALUE!"},{"$error":"#VALUE!"},"","",{"$error":"#VALUE!"},{"$f":"SUM($H$14:$H213)","v":0}]
[{"$f":"IF(Values_Entered,A213+1,\"\")","v":""},"","","",{"$error":"#VALUE!"},{"$error":"#VALUE!"},"","",{"$error":"#VALUE!"},{"$f":"SUM($H$14:$H214)","v":0}]
[{"$f":"IF(Values_Entered,A214+1,\"\")","v":""},"","","",{"$error":"#VALUE!"},{"$error":"#VALUE!"},"","",{"$error":"#VALUE!"},{"$f":"SUM($H$14:$H215)","v":0}]
[{"$f":"IF(Values_Entered,A215+1,\"\")","v":""},"","","",{"$error":"#VALUE!"},{"$error":"#VALUE!"},"","",{"$error":"#VALUE!"},{"$f":"SUM($H$14:$H216)","v":0}]
[{"$f":"IF(Values_Entered,A216+1,\"\")","v":""},"","","",{"$error":"#VALUE!"},{"$error":"#VALUE!"},"","",{"$error":"#VALUE!"},{"$f":"SUM($H$14:$H217)","v":0}]
[{"$f":"IF(Values_Entered,A217+1,\"\")","v":""},"","","",{"$error":"#VALUE!"},{"$error":"#VALUE!"},"","",{"$error":"#VALUE!"},{"$f":"SUM($H$14:$H218)","v":0}]
[{"$f":"IF(Values_Entered,A218+1,\"\")","v":""},"","","",{"$error":"#VALUE!"},{"$error":"#VALUE!"},"","",{"$error":"#VALUE!"},{"$f":"SUM($H$14:$H219)","v":0}]
[{"$f":"IF(Values_Entered,A219+1,\"\")","v":""},"","","",{"$error":"#VALUE!"},{"$error":"#VALUE!"},"","",{"$error":"#VALUE!"},{"$f":"SUM($H$14:$H220)","v":0}]
[{"$f":"IF(Values_Entered,A220+1,\"\")","v":""},"","","",{"$error":"#VALUE!"},{"$error":"#VALUE!"},"","",{"$error":"#VALUE!"},{"$f":"SUM($H$14:$H221)","v":0}]
[{"$f":"IF(Values_Entered,A221+1,\"\")","v":""},"","","",{"$error":"#VALUE!"},{"$error":"#VALUE!"},"","",{"$error":"#VALUE!"},{"$f":"SUM($H$14:$H222)","v":0}]
[{"$f":"IF(Values_Entered,A222+1,\"\")","v":""},"","","",{"$error":"#VALUE!"},{"$error":"#VALUE!"},"","",{"$error":"#VALUE!"},{"$f":"SUM($H$14:$H223)","v":0}]
[{"$f":"IF(Values_Entered,A223+1,\"\")","v":""},"","","",{"$error":"#VALUE!"},{"$error":"#VALUE!"},"","",{"$error":"#VALUE!"},{"$f":"SUM($H$14:$H224)","v":0}]
[{"$f":"IF(Values_Entered,A224+1,\"\")","v":""},"","","",{"$error":"#VALUE!"},{"$error":"#VALUE!"},"","",{"$error":"#VALUE!"},{"$f":"SUM($H$14:$H225)","v":0}]
[{"$f":"IF(Values_Entered,A225+1,\"\")","v":""},"","","",{"$error":"#VALUE!"},{"$error":"#VALUE!"},"","",{"$error":"#VALUE!"},{"$f":"SUM($H$14:$H226)","v":0}]
[{"$f":"IF(Values_Entered,A226+1,\"\")","v":""},"","","",{"$error":"#VALUE!"},{"$error":"#VALUE!"},"","",{"$error":"#VALUE!"},{"$f":"SUM($H$14:$H227)","v":0}]
[{"$f":"IF(Values_Entered,A227+1,\"\")","v":""},"","","",{"$error":"#VALUE!"},{"$error":"#VALUE!"},"","",{"$error":"#VALUE!"},{"$f":"SUM($H$14:$H228)","v":0}]
[{"$f":"IF(Values_Entered,A228+1,\"\")","v":""},"","","",{"$error":"#VALUE!"},{"$error":"#VALUE!"},"","",{"$error":"#VALUE!"},{"$f":"SUM($H$14:$H229)","v":0}]
[{"$f":"IF(Values_Entered,A229+1,\"\")","v":""},"","","",{"$error":"#VALUE!"},{"$error":"#VALUE!"},"","",{"$error":"#VALUE!"},{"$f":"SUM($H$14:$H230)","v":0}]
[{"$f":"IF(Values_Entered,A230+1,\"\")","v":""},"","","",{"$error":"#VALUE!"},{"$error":"#VALUE!"},"","",{"$error":"#VALUE!"},{"$f":"SUM($H$14:$H231)","v":0}]
[{"$f":"IF(Values_Entered,A231+1,\"\")","v":""},"","","",{"$error":"#VALUE!"},{"$error":"#VALUE!"},"","",{"$error":"#VALUE!"},{"$f":"SUM($H$14:$H232)","v":0}]
[{"$f":"IF(Values_Entered,A232+1,\"\")","v":""},"","","",{"$error":"#VALUE!"},{"$error":"#VALUE!"},"","",{"$error":"#VALUE!"},{"$f":"SUM($H$14:$H233)","v":0}]
[{"$f":"IF(Values_Entered,A233+1,\"\")","v":""},"","","",{"$error":"#VALUE!"},{"$error":"#VALUE!"},"","",{"$error":"#VALUE!"},{"$f":"SUM($H$14:$H234)","v":0}]
[{"$f":"IF(Values_Entered,A234+1,\"\")","v":""},"","","",{"$error":"#VALUE!"},{"$error":"#VALUE!"},"","",{"$error":"#VALUE!"},{"$f":"SUM($H$14:$H235)","v":0}]
[{"$f":"IF(Values_Entered,A235+1,\"\")","v":""},"","","",{"$error":"#VALUE!"},{"$error":"#VALUE!"},"","",{"$error":"#VALUE!"},{"$f":"SUM($H$14:$H236)","v":0}]
[{"$f":"IF(Values_Entered,A236+1,\"\")","v":""},"","","",{"$error":"#VALUE!"},{"$error":"#VALUE!"},"","",{"$error":"#VALUE!"},{"$f":"SUM($H$14:$H237)","v":0}]
[{"$f":"IF(Values_Entered,A237+1,\"\")","v":""},"","","",{"$error":"#VALUE!"},{"$error":"#VALUE!"},"","",{"$error":"#VALUE!"},{"$f":"SUM($H$14:$H238)","v":0}]
[{"$f":"IF(Values_Entered,A238+1,\"\")","v":""},"","","",{"$error":"#VALUE!"},{"$error":"#VALUE!"},"","",{"$error":"#VALUE!"},{"$f":"SUM($H$14:$H239)","v":0}]
[{"$f":"IF(Values_Entered,A239+1,\"\")","v":""},"","","",{"$error":"#VALUE!"},{"$error":"#VALUE!"},"","",{"$error":"#VALUE!"},{"$f":"SUM($H$14:$H240)","v":0}]
[{"$f":"IF(Values_Entered,A240+1,\"\")","v":""},"","","",{"$error":"#VALUE!"},{"$error":"#VALUE!"},"","",{"$error":"#VALUE!"},{"$f":"SUM($H$14:$H241)","v":0}]
[{"$f":"IF(Values_Entered,A241+1,\"\")","v":""},"","","",{"$error":"#VALUE!"},{"$error":"#VALUE!"},"","",{"$error":"#VALUE!"},{"$f":"SUM($H$14:$H242)","v":0}]
[{"$f":"IF(Values_Entered,A242+1,\"\")","v":""},"","","",{"$error":"#VALUE!"},{"$error":"#VALUE!"},"","",{"$error":"#VALUE!"},{"$f":"SUM($H$14:$H243)","v":0}]
[{"$f":"IF(Values_Entered,A243+1,\"\")","v":""},"","","",{"$error":"#VALUE!"},{"$error":"#VALUE!"},"","",{"$error":"#VALUE!"},{"$f":"SUM($H$14:$H244)","v":0}]
[{"$f":"IF(Values_Entered,A244+1,\"\")","v":""},"","","",{"$error":"#VALUE!"},{"$error":"#VALUE!"},"","",{"$error":"#VALUE!"},{"$f":"SUM($H$14:$H245)","v":0}]
[{"$f":"IF(Values_Entered,A245+1,\"\")","v":""},"","","",{"$error":"#VALUE!"},{"$error":"#VALUE!"},"","",{"$error":"#VALUE!"},{"$f":"SUM($H$14:$H246)","v":0}]
[{"$f":"IF(Values_Entered,A246+1,\"\")","v":""},"","","",{"$error":"#VALUE!"},{"$error":"#VALUE!"},"","",{"$error":"#VALUE!"},{"$f":"SUM($H$14:$H247)","v":0}]
[{"$f":"IF(Values_Entered,A247+1,\"\")","v":""},"","","",{"$error":"#VALUE!"},{"$error":"#VALUE!"},"","",{"$error":"#VALUE!"},{"$f":"SUM($H$14:$H248)","v":0}]
[{"$f":"IF(Values_Entered,A248+1,\"\")","v":""},"","","",{"$error":"#VALUE!"},{"$error":"#VALUE!"},"","",{"$error":"#VALUE!"},{"$f":"SUM($H$14:$H249)","v":0}]
[{"$f":"IF(Values_Entered,A249+1,\"\")","v":""},"","","",{"$error":"#VALUE!"},{"$error":"#VALUE!"},"","",{"$error":"#VALUE!"},{"$f":"SUM($H$14:$H250)","v":0}]
[{"$f":"IF(Values_Entered,A250+1,\"\")","v":""},"","","",{"$error":"#VALUE!"},{"$error":"#VALUE!"},"","",{"$error":"#VALUE!"},{"$f":"SUM($H$14:$H251)","v":0}]
[{"$f":"IF(Values_Entered,A251+1,\"\")","v":""},"","","",{"$error":"#VALUE!"},{"$error":"#VALUE!"},"","",{"$error":"#VALUE!"},{"$f":"SUM($H$14:$H252)","v":0}]
[{"$f":"IF(Values_Entered,A252+1,\"\")","v":""},"","","",{"$error":"#VALUE!"},{"$error":"#VALUE!"},"","",{"$error":"#VALUE!"},{"$f":"SUM($H$14:$H253)","v":0}]
[{"$f":"IF(Values_Entered,A253+1,\"\")","v":""},"","","",{"$error":"#VALUE!"},{"$error":"#VALUE!"},"","",{"$error":"#VALUE!"},{"$f":"SUM($H$14:$H254)","v":0}]
[{"$f":"IF(Values_Entered,A254+1,\"\")","v":""},"","","",{"$error":"#VALUE!"},{"$error":"#VALUE!"},"","",{"$error":"#VALUE!"},{"$f":"SUM($H$14:$H255)","v":0}]
[{"$f":"IF(Values_Entered,A255+1,\"\")","v":""},"","","",{"$error":"#VALUE!"},{"$error":"#VALUE!"},"","",{"$error":"#VALUE!"},{"$f":"SUM($H$14:$H256)","v":0}]
[{"$f":"IF(Values_Entered,A256+1,\"\")","v":""},"","","",{"$error":"#VALUE!"},{"$error":"#VALUE!"},"","",{"$error":"#VALUE!"},{"$f":"SUM($H$14:$H257)","v":0}]
[{"$f":"IF(Values_Entered,A257+1,\"\")","v":""},"","","",{"$error":"#VALUE!"},{"$error":"#VALUE!"},"","",{"$error":"#VALUE!"},{"$f":"SUM($H$14:$H258)","v":0}]
[{"$f":"IF(Values_Entered,A258+1,\"\")","v":""},"","","",{"$error":"#VALUE!"},{"$error":"#VALUE!"},"","",{"$error":"#VALUE!"},{"$f":"SUM($H$14:$H259)","v":0}]
[{"$f":"IF(Values_Entered,A259+1,\"\")","v":""},"","","",{"$error":"#VALUE!"},{"$error":"#VALUE!"},"","",{"$error":"#VALUE!"},{"$f":"SUM($H$14:$H260)","v":0}]
[{"$f":"IF(Values_Entered,A260+1,\"\")","v":""},"","","",{"$error":"#VALUE!"},{"$error":"#VALUE!"},"","",{"$error":"#VALUE!"},{"$f":"SUM($H$14:$H261)","v":0}]
[{"$f":"IF(Values_Entered,A261+1,\"\")","v":""},"","","",{"$error":"#VALUE!"},{"$error":"#VALUE!"},"","",{"$error":"#VALUE!"},{"$f":"SUM($H$14:$H262)","v":0}]
[{"$f":"IF(Values_Entered,A262+1,\"\")","v":""},"","","",{"$error":"#VALUE!"},{"$error":"#VALUE!"},"","",{"$error":"#VALUE!"},{"$f":"SUM($H$14:$H263)","v":0}]
[{"$f":"IF(Values_Entered,A263+1,\"\")","v":""},"","","",{"$error":"#VALUE!"},{"$error":"#VALUE!"},"","",{"$error":"#VALUE!"},{"$f":"SUM($H$14:$H264)","v":0}]
[{"$f":"IF(Values_Entered,A264+1,\"\")","v":""},"","","",{"$error":"#VALUE!"},{"$error":"#VALUE!"},"","",{"$error":"#VALUE!"},{"$f":"SUM($H$14:$H265)","v":0}]
[{"$f":"IF(Values_Entered,A265+1,\"\")","v":""},"","","",{"$error":"#VALUE!"},{"$error":"#VALUE!"},"","",{"$error":"#VALUE!"},{"$f":"SUM($H$14:$H266)","v":0}]
[{"$f":"IF(Values_Entered,A266+1,\"\")","v":""},"","","",{"$error":"#VALUE!"},{"$error":"#VALUE!"},"","",{"$error":"#VALUE!"},{"$f":"SUM($H$14:$H267)","v":0}]
[{"$f":"IF(Values_Entered,A267+1,\"\")","v":""},"","","",{"$error":"#VALUE!"},{"$error":"#VALUE!"},"","",{"$error":"#VALUE!"},{"$f":"SUM($H$14:$H268)","v":0}]
[{"$f":"IF(Values_Entered,A268+1,\"\")","v":""},"","","",{"$error":"#VALUE!"},{"$error":"#VALUE!"},"","",{"$error":"#VALUE!"},{"$f":"SUM($H$14:$H269)","v":0}]
[{"$f":"IF(Values_Entered,A269+1,\"\")","v":""},{"$f":"IF(Pay_Num<>\"\",DATE(YEAR(Loan_Start),MONTH(Loan_Start)+(Pay_Num)*12/Num_Pmt_Per_Year,DAY(Loan_Start)),\"\")","v":""},"","",{"$f":"IF(AND(Pay_Num<>\"\",Sched_Pay+Scheduled_Extra_Payments<Beg_Bal),Scheduled_Extra_Payments,IF(AND(Pay_Num<>\"\",Beg_Bal-Sched_Pay>0),Beg_Bal-Sched_Pay,IF(Pay_Num<>\"\",0,\"\")))","v":{"$error":"#VALUE!"}},{"$f":"IF(AND(Pay_Num<>\"\",Sched_Pay+Extra_Pay<Beg_Bal),Sched_Pay+Extra_Pay,IF(Pay_Num<>\"\",Beg_Bal,\"\"))","v":{"$error":"#VALUE!"}},"","",{"$f":"IF(AND(Pay_Num<>\"\",Sched_Pay+Extra_Pay<Beg_Bal),Beg_Bal-Princ,IF(Pay_Num<>\"\",0,\"\"))","v":{"$error":"#VALUE!"}},{"$f":"SUM($H$14:$H270)","v":0}]
[{"$f":"IF(Values_Entered,A270+1,\"\")","v":""},"",{"$f":"IF(Pay_Num<>\"\",I270,\"\")","v":""},"",{"$error":"#VALUE!"},{"$error":"#VALUE!"},{"$f":"IF(Pay_Num<>\"\",Total_Pay-Int,\"\")","v":""},{"$f":"IF(Pay_Num<>\"\",Beg_Bal*Interest_Rate/Num_Pmt_Per_Year,\"\")","v":""},{"$error":"#VALUE!"},{"$f":"SUM($H$14:$H271)","v":0}]
[{"$f":"IF(Values_Entered,A271+1,\"\")","v":""},"","",{"$f":"IF(Pay_Num<>\"\",Scheduled_Monthly_Payment,\"\")","v":""},{"$error":"#VALUE!"},{"$error":"#VALUE!"},"","",{"$error":"#VALUE!"},{"$f":"SUM($H$14:$H272)","v":0}]
[{"$f":"IF(Values_Entered,A272+1,\"\")","v":""},"","","",{"$error":"#VALUE!"},{"$error":"#VALUE!"},"","",{"$error":"#VALUE!"},{"$f":"SUM($H$14:$H273)","v":0}]
[{"$f":"IF(Values_Entered,A273+1,\"\")","v":""},"","","",{"$error":"#VALUE!"},{"$error":"#VALUE!"},"","",{"$error":"#VALUE!"},{"$f":"SUM($H$14:$H274)","v":0}]
[{"$f":"IF(Values_Entered,A274+1,\"\")","v":""},"","","",{"$error":"#VALUE!"},{"$error":"#VALUE!"},"","",{"$error":"#VALUE!"},{"$f":"SUM($H$14:$H275)","v":0}]
[{"$f":"IF(Values_Entered,A275+1,\"\")","v":""},"","","",{"$error":"#VALUE!"},{"$error":"#VALUE!"},"","",{"$error":"#VALUE!"},{"$f":"SUM($H$14:$H276)","v":0}]
[{"$f":"IF(Values_Entered,A276+1,\"\")","v":""},"","","",{"$error":"#VALUE!"},{"$error":"#VALUE!"},"","",{"$error":"#VALUE!"},{"$f":"SUM($H$14:$H277)","v":0}]
[{"$f":"IF(Values_Entered,A277+1,\"\")","v":""},"","","",{"$error":"#VALUE!"},{"$error":"#VALUE!"},"","",{"$error":"#VALUE!"},{"$f":"SUM($H$14:$H278)","v":0}]
[{"$f":"IF(Values_Entered,A278+1,\"\")","v":""},"","","",{"$error":"#VALUE!"},{"$error":"#VALUE!"},"","",{"$error":"#VALUE!"},{"$f":"SUM($H$14:$H279)","v":0}]
[{"$f":"IF(Values_Entered,A279+1,\"\")","v":""},"","","",{"$error":"#VALUE!"},{"$error":"#VALUE!"},"","",{"$error":"#VALUE!"},{"$f":"SUM($H$14:$H280)","v":0}]
[{"$f":"IF(Values_Entered,A280+1,\"\")","v":""},"","","",{"$error":"#VALUE!"},{"$error":"#VALUE!"},"","",{"$error":"#VALUE!"},{"$f":"SUM($H$14:$H281)","v":0}]
[{"$f":"IF(Values_Entered,A281+1,\"\")","v":""},"","","",{"$error":"#VALUE!"},{"$error":"#VALUE!"},"","",{"$error":"#VALUE!"},{"$f":"SUM($H$14:$H282)","v":0}]
[{"$f":"IF(Values_Entered,A282+1,\"\")","v":""},"","","",{"$error":"#VALUE!"},{"$error":"#VALUE!"},"","",{"$error":"#VALUE!"},{"$f":"SUM($H$14:$H283)","v":0}]
[{"$f":"IF(Values_Entered,A283+1,\"\")","v":""},"","","",{"$error":"#VALUE!"},{"$error":"#VALUE!"},"","",{"$error":"#VALUE!"},{"$f":"SUM($H$14:$H284)","v":0}]
[{"$f":"IF(Values_Entered,A284+1,\"\")","v":""},"","","",{"$error":"#VALUE!"},{"$error":"#VALUE!"},"","",{"$error":"#VALUE!"},{"$f":"SUM($H$14:$H285)","v":0}]
[{"$f":"IF(Values_Entered,A285+1,\"\")","v":""},"","","",{"$error":"#VALUE!"},{"$error":"#VALUE!"},"","",{"$error":"#VALUE!"},{"$f":"SUM($H$14:$H286)","v":0}]
[{"$f":"IF(Values_Entered,A286+1,\"\")","v":""},"","","",{"$error":"#VALUE!"},{"$error":"#VALUE!"},"","",{"$error":"#VALUE!"},{"$f":"SUM($H$14:$H287)","v":0}]
[{"$f":"IF(Values_Entered,A287+1,\"\")","v":""},"","","",{"$error":"#VALUE!"},{"$error":"#VALUE!"},"","",{"$error":"#VALUE!"},{"$f":"SUM($H$14:$H288)","v":0}]
[{"$f":"IF(Values_Entered,A288+1,\"\")","v":""},"","","",{"$error":"#VALUE!"},{"$error":"#VALUE!"},"","",{"$error":"#VALUE!"},{"$f":"SUM($H$14:$H289)","v":0}]
[{"$f":"IF(Values_Entered,A289+1,\"\")","v":""},"","","",{"$error":"#VALUE!"},{"$error":"#VALUE!"},"","",{"$error":"#VALUE!"},{"$f":"SUM($H$14:$H290)","v":0}]
[{"$f":"IF(Values_Entered,A290+1,\"\")","v":""},"","","",{"$error":"#VALUE!"},{"$error":"#VALUE!"},"","",{"$error":"#VALUE!"},{"$f":"SUM($H$14:$H291)","v":0}]
[{"$f":"IF(Values_Entered,A291+1,\"\")","v":""},"","","",{"$error":"#VALUE!"},{"$error":"#VALUE!"},"","",{"$error":"#VALUE!"},{"$f":"SUM($H$14:$H292)","v":0}]
[{"$f":"IF(Values_Entered,A292+1,\"\")","v":""},"","","",{"$error":"#VALUE!"},{"$error":"#VALUE!"},"","",{"$error":"#VALUE!"},{"$f":"SUM($H$14:$H293)","v":0}]
[{"$f":"IF(Values_Entered,A293+1,\"\")","v":""},"","","",{"$error":"#VALUE!"},{"$error":"#VALUE!"},"","",{"$error":"#VALUE!"},{"$f":"SUM($H$14:$H294)","v":0}]
[{"$f":"IF(Values_Entered,A294+1,\"\")","v":""},"","","",{"$error":"#VALUE!"},{"$error":"#VALUE!"},"","",{"$error":"#VALUE!"},{"$f":"SUM($H$14:$H295)","v":0}]
[{"$f":"IF(Values_Entered,A295+1,\"\")","v":""},"","","",{"$error":"#VALUE!"},{"$error":"#VALUE!"},"","",{"$error":"#VALUE!"},{"$f":"SUM($H$14:$H296)","v":0}]
[{"$f":"IF(Values_Entered,A296+1,\"\")","v":""},"","","",{"$error":"#VALUE!"},{"$error":"#VALUE!"},"","",{"$error":"#VALUE!"},{"$f":"SUM($H$14:$H297)","v":0}]
[{"$f":"IF(Values_Entered,A297+1,\"\")","v":""},"","","",{"$error":"#VALUE!"},{"$error":"#VALUE!"},"","",{"$error":"#VALUE!"},{"$f":"SUM($H$14:$H298)","v":0}]
[{"$f":"IF(Values_Entered,A298+1,\"\")","v":""},"","","",{"$error":"#VALUE!"},{"$error":"#VALUE!"},"","",{"$error":"#VALUE!"},{"$f":"SUM($H$14:$H299)","v":0}]
[{"$f":"IF(Values_Entered,A299+1,\"\")","v":""},"","","",{"$error":"#VALUE!"},{"$error":"#VALUE!"},"","",{"$error":"#VALUE!"},{"$f":"SUM($H$14:$H300)","v":0}]
[{"$f":"IF(Values_Entered,A300+1,\"\")","v":""},"","","",{"$error":"#VALUE!"},{"$error":"#VALUE!"},"","",{"$error":"#VALUE!"},{"$f":"SUM($H$14:$H301)","v":0}]
[{"$f":"IF(Values_Entered,A301+1,\"\")","v":""},"","","",{"$error":"#VALUE!"},{"$error":"#VALUE!"},"","",{"$error":"#VALUE!"},{"$f":"SUM($H$14:$H302)","v":0}]
[{"$f":"IF(Values_Entered,A302+1,\"\")","v":""},"","","",{"$error":"#VALUE!"},{"$error":"#VALUE!"},"","",{"$error":"#VALUE!"},{"$f":"SUM($H$14:$H303)","v":0}]
[{"$f":"IF(Values_Entered,A303+1,\"\")","v":""},"","","",{"$error":"#VALUE!"},{"$error":"#VALUE!"},"","",{"$error":"#VALUE!"},{"$f":"SUM($H$14:$H304)","v":0}]
[{"$f":"IF(Values_Entered,A304+1,\"\")","v":""},"","","",{"$error":"#VALUE!"},{"$error":"#VALUE!"},"","",{"$error":"#VALUE!"},{"$f":"SUM($H$14:$H305)","v":0}]
[{"$f":"IF(Values_Entered,A305+1,\"\")","v":""},"","","",{"$error":"#VALUE!"},{"$error":"#VALUE!"},"","",{"$error":"#VALUE!"},{"$f":"SUM($H$14:$H306)","v":0}]
[{"$f":"IF(Values_Entered,A306+1,\"\")","v":""},"","","",{"$error":"#VALUE!"},{"$error":"#VALUE!"},"","",{"$error":"#VALUE!"},{"$f":"SUM($H$14:$H307)","v":0}]
[{"$f":"IF(Values_Entered,A307+1,\"\")","v":""},"","","",{"$error":"#VALUE!"},{"$error":"#VALUE!"},"","",{"$error":"#VALUE!"},{"$f":"SUM($H$14:$H308)","v":0}]
[{"$f":"IF(Values_Entered,A308+1,\"\")","v":""},"","","",{"$error":"#VALUE!"},{"$error":"#VALUE!"},"","",{"$error":"#VALUE!"},{"$f":"SUM($H$14:$H309)","v":0}]
[{"$f":"IF(Values_Entered,A309+1,\"\")","v":""},"","","",{"$error":"#VALUE!"},{"$error":"#VALUE!"},"","",{"$error":"#VALUE!"},{"$f":"SUM($H$14:$H310)","v":0}]
[{"$f":"IF(Values_Entered,A310+1,\"\")","v":""},"","","",{"$error":"#VALUE!"},{"$error":"#VALUE!"},"","",{"$error":"#VALUE!"},{"$f":"SUM($H$14:$H311)","v":0}]
[{"$f":"IF(Values_Entered,A311+1,\"\")","v":""},"","","",{"$error":"#VALUE!"},{"$error":"#VALUE!"},"","",{"$error":"#VALUE!"},{"$f":"SUM($H$14:$H312)","v":0}]
[{"$f":"IF(Values_Entered,A312+1,\"\")","v":""},"","","",{"$error":"#VALUE!"},{"$error":"#VALUE!"},"","",{"$error":"#VALUE!"},{"$f":"SUM($H$14:$H313)","v":0}]
[{"$f":"IF(Values_Entered,A313+1,\"\")","v":""},"","","",{"$error":"#VALUE!"},{"$error":"#VALUE!"},"","",{"$error":"#VALUE!"},{"$f":"SUM($H$14:$H314)","v":0}]
[{"$f":"IF(Values_Entered,A314+1,\"\")","v":""},"","","",{"$error":"#VALUE!"},{"$error":"#VALUE!"},"","",{"$error":"#VALUE!"},{"$f":"SUM($H$14:$H315)","v":0}]
[{"$f":"IF(Values_Entered,A315+1,\"\")","v":""},"","","",{"$error":"#VALUE!"},{"$error":"#VALUE!"},"","",{"$error":"#VALUE!"},{"$f":"SUM($H$14:$H316)","v":0}]
[{"$f":"IF(Values_Entered,A316+1,\"\")","v":""},"","","",{"$error":"#VALUE!"},{"$error":"#VALUE!"},"","",{"$error":"#VALUE!"},{"$f":"SUM($H$14:$H317)","v":0}]
[{"$f":"IF(Values_Entered,A317+1,\"\")","v":""},"","","",{"$error":"#VALUE!"},{"$error":"#VALUE!"},"","",{"$error":"#VALUE!"},{"$f":"SUM($H$14:$H318)","v":0}]
[{"$f":"IF(Values_Entered,A318+1,\"\")","v":""},"","","",{"$error":"#VALUE!"},{"$error":"#VALUE!"},"","",{"$error":"#VALUE!"},{"$f":"SUM($H$14:$H319)","v":0}]
[{"$f":"IF(Values_Entered,A319+1,\"\")","v":""},"","","",{"$error":"#VALUE!"},{"$error":"#VALUE!"},"","",{"$error":"#VALUE!"},{"$f":"SUM($H$14:$H320)","v":0}]
[{"$f":"IF(Values_Entered,A320+1,\"\")","v":""},"","","",{"$error":"#VALUE!"},{"$error":"#VALUE!"},"","",{"$error":"#VALUE!"},{"$f":"SUM($H$14:$H321)","v":0}]
[{"$f":"IF(Values_Entered,A321+1,\"\")","v":""},"","","",{"$error":"#VALUE!"},{"$error":"#VALUE!"},"","",{"$error":"#VALUE!"},{"$f":"SUM($H$14:$H322)","v":0}]
[{"$f":"IF(Values_Entered,A322+1,\"\")","v":""},"","","",{"$error":"#VALUE!"},{"$error":"#VALUE!"},"","",{"$error":"#VALUE!"},{"$f":"SUM($H$14:$H323)","v":0}]
[{"$f":"IF(Values_Entered,A323+1,\"\")","v":""},"","","",{"$error":"#VALUE!"},{"$error":"#VALUE!"},"","",{"$error":"#VALUE!"},{"$f":"SUM($H$14:$H324)","v":0}]
[{"$f":"IF(Values_Entered,A324+1,\"\")","v":""},"","","",{"$error":"#VALUE!"},{"$error":"#VALUE!"},"","",{"$error":"#VALUE!"},{"$f":"SUM($H$14:$H325)","v":0}]
[{"$f":"IF(Values_Entered,A325+1,\"\")","v":""},"","","",{"$error":"#VALUE!"},{"$error":"#VALUE!"},"","",{"$error":"#VALUE!"},{"$f":"SUM($H$14:$H326)","v":0}]
[{"$f":"IF(Values_Entered,A326+1,\"\")","v":""},"","","",{"$error":"#VALUE!"},{"$error":"#VALUE!"},"","",{"$error":"#VALUE!"},{"$f":"SUM($H$14:$H327)","v":0}]
[{"$f":"IF(Values_Entered,A327+1,\"\")","v":""},"","","",{"$error":"#VALUE!"},{"$error":"#VALUE!"},"","",{"$error":"#VALUE!"},{"$f":"SUM($H$14:$H328)","v":0}]
[{"$f":"IF(Values_Entered,A328+1,\"\")","v":""},"","","",{"$error":"#VALUE!"},{"$error":"#VALUE!"},"","",{"$error":"#VALUE!"},{"$f":"SUM($H$14:$H329)","v":0}]
[{"$f":"IF(Values_Entered,A329+1,\"\")","v":""},"","","",{"$error":"#VALUE!"},{"$error":"#VALUE!"},"","",{"$error":"#VALUE!"},{"$f":"SUM($H$14:$H330)","v":0}]
[{"$f":"IF(Values_Entered,A330+1,\"\")","v":""},"","","",{"$error":"#VALUE!"},{"$error":"#VALUE!"},"","",{"$error":"#VALUE!"},{"$f":"SUM($H$14:$H331)","v":0}]
[{"$f":"IF(Values_Entered,A331+1,\"\")","v":""},"","","",{"$error":"#VALUE!"},{"$error":"#VALUE!"},"","",{"$error":"#VALUE!"},{"$f":"SUM($H$14:$H332)","v":0}]
[{"$f":"IF(Values_Entered,A332+1,\"\")","v":""},"","","",{"$error":"#VALUE!"},{"$error":"#VALUE!"},"","",{"$error":"#VALUE!"},{"$f":"SUM($H$14:$H333)","v":0}]
[{"$f":"IF(Values_Entered,A333+1,\"\")","v":""},{"$f":"IF(Pay_Num<>\"\",DATE(YEAR(Loan_Start),MONTH(Loan_Start)+(Pay_Num)*12/Num_Pmt_Per_Year,DAY(Loan_Start)),\"\")","v":""},"","",{"$f":"IF(AND(Pay_Num<>\"\",Sched_Pay+Scheduled_Extra_Payments<Beg_Bal),Scheduled_Extra_Payments,IF(AND(Pay_Num<>\"\",Beg_Bal-Sched_Pay>0),Beg_Bal-Sched_Pay,IF(Pay_Num<>\"\",0,\"\")))","v":{"$error":"#VALUE!"}},{"$f":"IF(AND(Pay_Num<>\"\",Sched_Pay+Extra_Pay<Beg_Bal),Sched_Pay+Extra_Pay,IF(Pay_Num<>\"\",Beg_Bal,\"\"))","v":{"$error":"#VALUE!"}},"","",{"$f":"IF(AND(Pay_Num<>\"\",Sched_Pay+Extra_Pay<Beg_Bal),Beg_Bal-Princ,IF(Pay_Num<>\"\",0,\"\"))","v":{"$error":"#VALUE!"}},{"$f":"SUM($H$14:$H334)","v":0}]
[{"$f":"IF(Values_Entered,A334+1,\"\")","v":""},"",{"$f":"IF(Pay_Num<>\"\",I334,\"\")","v":""},"",{"$error":"#VALUE!"},{"$error":"#VALUE!"},{"$f":"IF(Pay_Num<>\"\",Total_Pay-Int,\"\")","v":""},{"$f":"IF(Pay_Num<>\"\",Beg_Bal*Interest_Rate/Num_Pmt_Per_Year,\"\")","v":""},{"$error":"#VALUE!"},{"$f":"SUM($H$14:$H335)","v":0}]
[{"$f":"IF(Values_Entered,A335+1,\"\")","v":""},"","",{"$f":"IF(Pay_Num<>\"\",Scheduled_Monthly_Payment,\"\")","v":""},{"$error":"#VALUE!"},{"$error":"#VALUE!"},"","",{"$error":"#VALUE!"},{"$f":"SUM($H$14:$H336)","v":0}]
[{"$f":"IF(Values_Entered,A336+1,\"\")","v":""},"","","",{"$error":"#VALUE!"},{"$error":"#VALUE!"},"","",{"$error":"#VALUE!"},{"$f":"SUM($H$14:$H337)","v":0}]
[{"$f":"IF(Values_Entered,A337+1,\"\")","v":""},"","","",{"$error":"#VALUE!"},{"$error":"#VALUE!"},"","",{"$error":"#VALUE!"},{"$f":"SUM($H$14:$H338)","v":0}]
[{"$f":"IF(Values_Entered,A338+1,\"\")","v":""},"","","",{"$error":"#VALUE!"},{"$error":"#VALUE!"},"","",{"$error":"#VALUE!"},{"$f":"SUM($H$14:$H339)","v":0}]
[{"$f":"IF(Values_Entered,A339+1,\"\")","v":""},"","","",{"$error":"#VALUE!"},{"$error":"#VALUE!"},"","",{"$error":"#VALUE!"},{"$f":"SUM($H$14:$H340)","v":0}]
[{"$f":"IF(Values_Entered,A340+1,\"\")","v":""},"","","",{"$error":"#VALUE!"},{"$error":"#VALUE!"},"","",{"$error":"#VALUE!"},{"$f":"SUM($H$14:$H341)","v":0}]
[{"$f":"IF(Values_Entered,A341+1,\"\")","v":""},"","","",{"$error":"#VALUE!"},{"$error":"#VALUE!"},"","",{"$error":"#VALUE!"},{"$f":"SUM($H$14:$H342)","v":0}]
[{"$f":"IF(Values_Entered,A342+1,\"\")","v":""},"","","",{"$error":"#VALUE!"},{"$error":"#VALUE!"},"","",{"$error":"#VALUE!"},{"$f":"SUM($H$14:$H343)","v":0}]
[{"$f":"IF(Values_Entered,A343+1,\"\")","v":""},"","","",{"$error":"#VALUE!"},{"$error":"#VALUE!"},"","",{"$error":"#VALUE!"},{"$f":"SUM($H$14:$H344)","v":0}]
[{"$f":"IF(Values_Entered,A344+1,\"\")","v":""},"","","",{"$error":"#VALUE!"},{"$error":"#VALUE!"},"","",{"$error":"#VALUE!"},{"$f":"SUM($H$14:$H345)","v":0}]
[{"$f":"IF(Values_Entered,A345+1,\"\")","v":""},"","","",{"$error":"#VALUE!"},{"$error":"#VALUE!"},"","",{"$error":"#VALUE!"},{"$f":"SUM($H$14:$H346)","v":0}]
[{"$f":"IF(Values_Entered,A346+1,\"\")","v":""},"","","",{"$error":"#VALUE!"},{"$error":"#VALUE!"},"","",{"$error":"#VALUE!"},{"$f":"SUM($H$14:$H347)","v":0}]
[{"$f":"IF(Values_Entered,A347+1,\"\")","v":""},"","","",{"$error":"#VALUE!"},{"$error":"#VALUE!"},"","",{"$error":"#VALUE!"},{"$f":"SUM($H$14:$H348)","v":0}]
[{"$f":"IF(Values_Entered,A348+1,\"\")","v":""},"","","",{"$error":"#VALUE!"},{"$error":"#VALUE!"},"","",{"$error":"#VALUE!"},{"$f":"SUM($H$14:$H349)","v":0}]
[{"$f":"IF(Values_Entered,A349+1,\"\")","v":""},"","","",{"$error":"#VALUE!"},{"$error":"#VALUE!"},"","",{"$error":"#VALUE!"},{"$f":"SUM($H$14:$H350)","v":0}]
[{"$f":"IF(Values_Entered,A350+1,\"\")","v":""},"","","",{"$error":"#VALUE!"},{"$error":"#VALUE!"},"","",{"$error":"#VALUE!"},{"$f":"SUM($H$14:$H351)","v":0}]
[{"$f":"IF(Values_Entered,A351+1,\"\")","v":""},"","","",{"$error":"#VALUE!"},{"$error":"#VALUE!"},"","",{"$error":"#VALUE!"},{"$f":"SUM($H$14:$H352)","v":0}]
[{"$f":"IF(Values_Entered,A352+1,\"\")","v":""},"","","",{"$error":"#VALUE!"},{"$error":"#VALUE!"},"","",{"$error":"#VALUE!"},{"$f":"SUM($H$14:$H353)","v":0}]
[{"$f":"IF(Values_Entered,A353+1,\"\")","v":""},"","","",{"$error":"#VALUE!"},{"$error":"#VALUE!"},"","",{"$error":"#VALUE!"},{"$f":"SUM($H$14:$H354)","v":0}]
[{"$f":"IF(Values_Entered,A354+1,\"\")","v":""},"","","",{"$error":"#VALUE!"},{"$error":"#VALUE!"},"","",{"$error":"#VALUE!"},{"$f":"SUM($H$14:$H355)","v":0}]
[{"$f":"IF(Values_Entered,A355+1,\"\")","v":""},"","","",{"$error":"#VALUE!"},{"$error":"#VALUE!"},"","",{"$error":"#VALUE!"},{"$f":"SUM($H$14:$H356)","v":0}]
[{"$f":"IF(Values_Entered,A356+1,\"\")","v":""},"","","",{"$error":"#VALUE!"},{"$error":"#VALUE!"},"","",{"$error":"#VALUE!"},{"$f":"SUM($H$14:$H357)","v":0}]
[{"$f":"IF(Values_Entered,A357+1,\"\")","v":""},"","","",{"$error":"#VALUE!"},{"$error":"#VALUE!"},"","",{"$error":"#VALUE!"},{"$f":"SUM($H$14:$H358)","v":0}]
[{"$f":"IF(Values_Entered,A358+1,\"\")","v":""},"","","",{"$error":"#VALUE!"},{"$error":"#VALUE!"},"","",{"$error":"#VALUE!"},{"$f":"SUM($H$14:$H359)","v":0}]
[{"$f":"IF(Values_Entered,A359+1,\"\")","v":""},"","","",{"$error":"#VALUE!"},{"$error":"#VALUE!"},"","",{"$error":"#VALUE!"},{"$f":"SUM($H$14:$H360)","v":0}]
[{"$f":"IF(Values_Entered,A360+1,\"\")","v":""},"","","",{"$error":"#VALUE!"},{"$error":"#VALUE!"},"","",{"$error":"#VALUE!"},{"$f":"SUM($H$14:$H361)","v":0}]
[{"$f":"IF(Values_Entered,A361+1,\"\")","v":""},"","","",{"$error":"#VALUE!"},{"$error":"#VALUE!"},"","",{"$error":"#VALUE!"},{"$f":"SUM($H$14:$H362)","v":0}]
[{"$f":"IF(Values_Entered,A362+1,\"\")","v":""},"","","",{"$error":"#VALUE!"},{"$error":"#VALUE!"},"","",{"$error":"#VALUE!"},{"$f":"SUM($H$14:$H363)","v":0}]
[{"$f":"IF(Values_Entered,A363+1,\"\")","v":""},"","","",{"$error":"#VALUE!"},{"$error":"#VALUE!"},"","",{"$error":"#VALUE!"},{"$f":"SUM($H$14:$H364)","v":0}]
[{"$f":"IF(Values_Entered,A364+1,\"\")","v":""},"","","",{"$error":"#VALUE!"},{"$error":"#VALUE!"},"","",{"$error":"#VALUE!"},{"$f":"SUM($H$14:$H365)","v":0}]
[{"$f":"IF(Values_Entered,A365+1,\"\")","v":""},"","","",{"$error":"#VALUE!"},{"$error":"#VALUE!"},"","",{"$error":"#VALUE!"},{"$f":"SUM($H$14:$H366)","v":0}]
[{"$f":"IF(Values_Entered,A366+1,\"\")","v":""},"","","",{"$error":"#VALUE!"},{"$error":"#VALUE!"},"","",{"$error":"#VALUE!"},{"$f":"SUM($H$14:$H367)","v":0}]
[{"$f":"IF(Values_Entered,A367+1,\"\")","v":""},"","","",{"$error":"#VALUE!"},{"$error":"#VALUE!"},"","",{"$error":"#VALUE!"},{"$f":"SUM($H$14:$H368)","v":0}]
[{"$f":"IF(Values_Entered,A368+1,\"\")","v":""},"","","",{"$error":"#VALUE!"},{"$error":"#VALUE!"},"","",{"$error":"#VALUE!"},{"$f":"SUM($H$14:$H369)","v":0}]
[{"$f":"IF(Values_Entered,A369+1,\"\")","v":""},"","","",{"$error":"#VALUE!"},{"$error":"#VALUE!"},"","",{"$error":"#VALUE!"},{"$f":"SUM($H$14:$H370)","v":0}]
[{"$f":"IF(Values_Entered,A370+1,\"\")","v":""},"","","",{"$error":"#VALUE!"},{"$error":"#VALUE!"},"","",{"$error":"#VALUE!"},{"$f":"SUM($H$14:$H371)","v":0}]
[{"$f":"IF(Values_Entered,A371+1,\"\")","v":""},"","","",{"$error":"#VALUE!"},{"$error":"#VALUE!"},"","",{"$error":"#VALUE!"},{"$f":"SUM($H$14:$H372)","v":0}]
[{"$f":"IF(Values_Entered,A372+1,\"\")","v":""},"","","",{"$error":"#VALUE!"},{"$error":"#VALUE!"},"","",{"$error":"#VALUE!"},{"$f":"SUM($H$14:$H373)","v":0}]